{"id":483,"date":"2021-02-08T12:37:55","date_gmt":"2021-02-08T11:37:55","guid":{"rendered":"https:\/\/agora.xtec.cat\/ceip-elsagrer\/?page_id=483"},"modified":"2025-06-25T10:48:04","modified_gmt":"2025-06-25T08:48:04","slug":"projecte-linguistic","status":"publish","type":"page","link":"https:\/\/agora.xtec.cat\/ceip-elsagrer\/documents-escola\/projecte-linguistic\/","title":{"rendered":"Projecte ling\u00fc\u00edstic"},"content":{"rendered":"<p>El projecte ling\u00fc\u00edstic \u00e9s un element molt important del Projecte educatiu de l\u2019escola. Regula i gestiona el tractament de les lleng\u00fces presents al centre en el marc del nou context multiling\u00fce de la nostra societat i que cada any es fa m\u00e9s present a El Sagrer, at\u00e8s l\u2019increment d\u2019alumnes provinents d\u2019altres pa\u00efsos i d\u2019altres cultures.<\/p>\n<p>El projecte ling\u00fc\u00edstic defineix el catal\u00e0 com a llengua vehicular, el tractament de les lleng\u00fces curriculars i els aspectes d\u2019organitzaci\u00f3 i de gesti\u00f3 que tinguin repercussions ling\u00fc\u00edstiques.<\/p>\n<p>Un primer objectiu irrenunciable en el curr\u00edculum dels alumnes \u00e9s que acabin la prim\u00e0ria amb el domini de la compet\u00e8ncia oral i escrita del catal\u00e0 i del castell\u00e0. Pretenem tamb\u00e9 que la introducci\u00f3 progressiva de l\u2019angl\u00e8s permeti posar les bases per familiaritzar-se en aquesta tercera llengua que necessitaran cada cop m\u00e9s per anar pel m\u00f3n i per accedir a estudis superiors. Actualment introdu\u00efm la llengua anglesa al darrer curs del cicle d&#8217;educaci\u00f3 infantil. El projecte ling\u00fc\u00edstic es desenvolupa al llarg de tota l\u2019escolaritat.<\/p>\n<p>\u00c9s un projecte obert per tal de permetre la incorporaci\u00f3 gradual de les innovacions que cada curs es reflecteixin en el Pla anual del centre. \u00c9s un projecte consensuat amb la comunitat educativa, vinculant per a tots els seus membres.<\/p>\n<p><a href=\"https:\/\/agora.xtec.cat\/ceip-elsagrer\/wp-content\/uploads\/usu2270\/2023\/04\/Projecte-linguistic-2019-2020-El-Sagrer.pdf\">Projecte ling\u00fc\u00edstic <\/a><\/p>\n","protected":false},"excerpt":{"rendered":"<p>El projecte ling\u00fc\u00edstic \u00e9s un element molt important del Projecte educatiu de l\u2019escola. Regula i gestiona el tractament de les lleng\u00fces presents al centre en el marc del nou context multiling\u00fce de la nostra societat i que cada any es fa m\u00e9s present a El Sagrer, at\u00e8s l\u2019increment d\u2019alumnes provinents d\u2019altres pa\u00efsos i d\u2019altres cultures. [&hellip;]<\/p>\n","protected":false},"author":1,"featured_media":0,"parent":8036,"menu_order":0,"comment_status":"closed","ping_status":"closed","template":"","meta":{"_bbp_topic_count":0,"_bbp_reply_count":0,"_bbp_total_topic_count":0,"_bbp_total_reply_count":0,"_bbp_voice_count":0,"_bbp_anonymous_reply_count":0,"_bbp_topic_count_hidden":0,"_bbp_reply_count_hidden":0,"_bbp_forum_subforum_count":0,"site-sidebar-layout":"default","site-content-layout":"","ast-site-content-layout":"default","site-content-style":"default","site-sidebar-style":"default","ast-global-header-display":"","ast-banner-title-visibility":"","ast-main-header-display":"","ast-hfb-above-header-display":"","ast-hfb-below-header-display":"","ast-hfb-mobile-header-display":"","site-post-title":"","ast-breadcrumbs-content":"","ast-featured-img":"","footer-sml-layout":"","theme-transparent-header-meta":"","adv-header-id-meta":"","stick-header-meta":"","header-above-stick-meta":"","header-main-stick-meta":"","header-below-stick-meta":"","astra-migrate-meta-layouts":"set","ast-page-background-enabled":"default","ast-page-background-meta":{"desktop":{"background-color":"var(--ast-global-color-4)","background-image":"","background-repeat":"repeat","background-position":"center center","background-size":"auto","background-attachment":"scroll","background-type":"","background-media":"","overlay-type":"","overlay-color":"","overlay-opacity":"","overlay-gradient":""},"tablet":{"background-color":"","background-image":"","background-repeat":"repeat","background-position":"center center","background-size":"auto","background-attachment":"scroll","background-type":"","background-media":"","overlay-type":"","overlay-color":"","overlay-opacity":"","overlay-gradient":""},"mobile":{"background-color":"","background-image":"","background-repeat":"repeat","background-position":"center center","background-size":"auto","background-attachment":"scroll","background-type":"","background-media":"","overlay-type":"","overlay-color":"","overlay-opacity":"","overlay-gradient":""}},"ast-content-background-meta":{"desktop":{"background-color":"var(--ast-global-color-5)","background-image":"","background-repeat":"repeat","background-position":"center center","background-size":"auto","background-attachment":"scroll","background-type":"","background-media":"","overlay-type":"","overlay-color":"","overlay-opacity":"","overlay-gradient":""},"tablet":{"background-color":"var(--ast-global-color-5)","background-image":"","background-repeat":"repeat","background-position":"center center","background-size":"auto","background-attachment":"scroll","background-type":"","background-media":"","overlay-type":"","overlay-color":"","overlay-opacity":"","overlay-gradient":""},"mobile":{"background-color":"var(--ast-global-color-5)","background-image":"","background-repeat":"repeat","background-position":"center center","background-size":"auto","background-attachment":"scroll","background-type":"","background-media":"","overlay-type":"","overlay-color":"","overlay-opacity":"","overlay-gradient":""}},"footnotes":""},"class_list":["post-483","page","type-page","status-publish","hentry"],"post_mailing_queue_ids":[],"_links":{"self":[{"href":"https:\/\/agora.xtec.cat\/ceip-elsagrer\/wp-json\/wp\/v2\/pages\/483","targetHints":{"allow":["GET"]}}],"collection":[{"href":"https:\/\/agora.xtec.cat\/ceip-elsagrer\/wp-json\/wp\/v2\/pages"}],"about":[{"href":"https:\/\/agora.xtec.cat\/ceip-elsagrer\/wp-json\/wp\/v2\/types\/page"}],"author":[{"embeddable":true,"href":"https:\/\/agora.xtec.cat\/ceip-elsagrer\/wp-json\/wp\/v2\/users\/1"}],"replies":[{"embeddable":true,"href":"https:\/\/agora.xtec.cat\/ceip-elsagrer\/wp-json\/wp\/v2\/comments?post=483"}],"version-history":[{"count":4,"href":"https:\/\/agora.xtec.cat\/ceip-elsagrer\/wp-json\/wp\/v2\/pages\/483\/revisions"}],"predecessor-version":[{"id":8043,"href":"https:\/\/agora.xtec.cat\/ceip-elsagrer\/wp-json\/wp\/v2\/pages\/483\/revisions\/8043"}],"up":[{"embeddable":true,"href":"https:\/\/agora.xtec.cat\/ceip-elsagrer\/wp-json\/wp\/v2\/pages\/8036"}],"wp:attachment":[{"href":"https:\/\/agora.xtec.cat\/ceip-elsagrer\/wp-json\/wp\/v2\/media?parent=483"}],"curies":[{"name":"wp","href":"https:\/\/api.w.org\/{rel}","templated":true}]}}