{"id":482,"date":"2021-02-08T12:37:55","date_gmt":"2021-02-08T11:37:55","guid":{"rendered":"https:\/\/agora.xtec.cat\/ceip-elsagrer\/?page_id=482"},"modified":"2025-12-01T13:32:12","modified_gmt":"2025-12-01T12:32:12","slug":"nofc","status":"publish","type":"page","link":"https:\/\/agora.xtec.cat\/ceip-elsagrer\/documents-escola\/nofc\/","title":{"rendered":"NOFC (en proc\u00e9s d&#8217;actualitzaci\u00f3)"},"content":{"rendered":"<h2>NORMES D&#8217;ORGANITZACI\u00d3 I FUNCIONAMENT<\/h2>\n<p>Les normes d\u2019organitzaci\u00f3 i funcionament de l\u2019escola apleguen el conjunt d\u2019acords i decisions d\u2019organitzaci\u00f3 i funcionament que s\u2019han adoptat per fer possible, en el dia a dia, el treball educatiu i de gesti\u00f3 que permet assolir els objectius proposats en el projecte educatiu.<\/p>\n<p>Aquests objectius s\u00f3n:<\/p>\n<p>&#8211; Garantir el desenvolupament de l\u2019educaci\u00f3 i de la conviv\u00e8ncia entre tots els estaments de l\u2019escola.<\/p>\n<p>&#8211; Ajudar l\u2019alumne a adquirir unes actituds que li permetin realitzar-se com a persona i ser un membre actiu i cr\u00edtic de la societat. Tamb\u00e9 despertar i promoure el sentit de llibertat responsable que li permeti prendre decisions.<\/p>\n<p>Orientar i acompanyar els alumnes per tal que trobin la seva realitzaci\u00f3 personal.<\/p>\n<p>&#8211; Aconseguir que l\u2019alumne sigui conscients i protagonista del seu propi aprenentatge.<\/p>\n<p>&#8211; Fomentar el pensament cr\u00edtic i creatiu.<\/p>\n<p>&#8211; Dotar-se de formes organitzatives on els alumnes, els mestres i els monitors puguin interactuar entre ells.<\/p>\n<p>&#8211; Establir i fomentar la participaci\u00f3 de les fam\u00edlies en les activitats de l\u2019escola i en els seus \u00f2rgans col\u00b7legiats.<\/p>\n<p>&#8211; Fomentar la pres\u00e8ncia de l\u2019escola en la vida social i cultural del barri, de la ciutat i del pa\u00eds<\/p>\n<p>&#8211; Dotar l\u2019alumne de recursos que li permeti aprendre a aprendre.<\/p>\n<p><a href=\"https:\/\/agora.xtec.cat\/ceip-elsagrer\/wp-content\/uploads\/usu2270\/2021\/05\/NOFC-2020.pdf\">NOFC 2020<\/a><\/p>\n","protected":false},"excerpt":{"rendered":"<p>NORMES D&#8217;ORGANITZACI\u00d3 I FUNCIONAMENT Les normes d\u2019organitzaci\u00f3 i funcionament de l\u2019escola apleguen el conjunt d\u2019acords i decisions d\u2019organitzaci\u00f3 i funcionament que s\u2019han adoptat per fer possible, en el dia a dia, el treball educatiu i de gesti\u00f3 que permet assolir els objectius proposats en el projecte educatiu. Aquests objectius s\u00f3n: &#8211; Garantir el desenvolupament de [&hellip;]<\/p>\n","protected":false},"author":1,"featured_media":0,"parent":8036,"menu_order":0,"comment_status":"closed","ping_status":"closed","template":"","meta":{"_bbp_topic_count":0,"_bbp_reply_count":0,"_bbp_total_topic_count":0,"_bbp_total_reply_count":0,"_bbp_voice_count":0,"_bbp_anonymous_reply_count":0,"_bbp_topic_count_hidden":0,"_bbp_reply_count_hidden":0,"_bbp_forum_subforum_count":0,"site-sidebar-layout":"default","site-content-layout":"","ast-site-content-layout":"default","site-content-style":"default","site-sidebar-style":"default","ast-global-header-display":"","ast-banner-title-visibility":"","ast-main-header-display":"","ast-hfb-above-header-display":"","ast-hfb-below-header-display":"","ast-hfb-mobile-header-display":"","site-post-title":"","ast-breadcrumbs-content":"","ast-featured-img":"","footer-sml-layout":"","theme-transparent-header-meta":"","adv-header-id-meta":"","stick-header-meta":"","header-above-stick-meta":"","header-main-stick-meta":"","header-below-stick-meta":"","astra-migrate-meta-layouts":"set","ast-page-background-enabled":"default","ast-page-background-meta":{"desktop":{"background-color":"var(--ast-global-color-4)","background-image":"","background-repeat":"repeat","background-position":"center center","background-size":"auto","background-attachment":"scroll","background-type":"","background-media":"","overlay-type":"","overlay-color":"","overlay-opacity":"","overlay-gradient":""},"tablet":{"background-color":"","background-image":"","background-repeat":"repeat","background-position":"center center","background-size":"auto","background-attachment":"scroll","background-type":"","background-media":"","overlay-type":"","overlay-color":"","overlay-opacity":"","overlay-gradient":""},"mobile":{"background-color":"","background-image":"","background-repeat":"repeat","background-position":"center center","background-size":"auto","background-attachment":"scroll","background-type":"","background-media":"","overlay-type":"","overlay-color":"","overlay-opacity":"","overlay-gradient":""}},"ast-content-background-meta":{"desktop":{"background-color":"var(--ast-global-color-5)","background-image":"","background-repeat":"repeat","background-position":"center center","background-size":"auto","background-attachment":"scroll","background-type":"","background-media":"","overlay-type":"","overlay-color":"","overlay-opacity":"","overlay-gradient":""},"tablet":{"background-color":"var(--ast-global-color-5)","background-image":"","background-repeat":"repeat","background-position":"center center","background-size":"auto","background-attachment":"scroll","background-type":"","background-media":"","overlay-type":"","overlay-color":"","overlay-opacity":"","overlay-gradient":""},"mobile":{"background-color":"var(--ast-global-color-5)","background-image":"","background-repeat":"repeat","background-position":"center center","background-size":"auto","background-attachment":"scroll","background-type":"","background-media":"","overlay-type":"","overlay-color":"","overlay-opacity":"","overlay-gradient":""}},"footnotes":""},"class_list":["post-482","page","type-page","status-publish","hentry"],"post_mailing_queue_ids":[],"_links":{"self":[{"href":"https:\/\/agora.xtec.cat\/ceip-elsagrer\/wp-json\/wp\/v2\/pages\/482","targetHints":{"allow":["GET"]}}],"collection":[{"href":"https:\/\/agora.xtec.cat\/ceip-elsagrer\/wp-json\/wp\/v2\/pages"}],"about":[{"href":"https:\/\/agora.xtec.cat\/ceip-elsagrer\/wp-json\/wp\/v2\/types\/page"}],"author":[{"embeddable":true,"href":"https:\/\/agora.xtec.cat\/ceip-elsagrer\/wp-json\/wp\/v2\/users\/1"}],"replies":[{"embeddable":true,"href":"https:\/\/agora.xtec.cat\/ceip-elsagrer\/wp-json\/wp\/v2\/comments?post=482"}],"version-history":[{"count":6,"href":"https:\/\/agora.xtec.cat\/ceip-elsagrer\/wp-json\/wp\/v2\/pages\/482\/revisions"}],"predecessor-version":[{"id":8570,"href":"https:\/\/agora.xtec.cat\/ceip-elsagrer\/wp-json\/wp\/v2\/pages\/482\/revisions\/8570"}],"up":[{"embeddable":true,"href":"https:\/\/agora.xtec.cat\/ceip-elsagrer\/wp-json\/wp\/v2\/pages\/8036"}],"wp:attachment":[{"href":"https:\/\/agora.xtec.cat\/ceip-elsagrer\/wp-json\/wp\/v2\/media?parent=482"}],"curies":[{"name":"wp","href":"https:\/\/api.w.org\/{rel}","templated":true}]}}