{"id":3297,"date":"2022-10-22T19:08:44","date_gmt":"2022-10-22T17:08:44","guid":{"rendered":"https:\/\/agora.xtec.cat\/ceip-elsagrer\/?page_id=3297"},"modified":"2025-11-13T02:20:20","modified_gmt":"2025-11-13T01:20:20","slug":"qui-som-2","status":"publish","type":"page","link":"https:\/\/agora.xtec.cat\/ceip-elsagrer\/portada-afa\/altres-activitats-de-lafa\/qui-som-2\/","title":{"rendered":"Els &#8220;fumets&#8221;"},"content":{"rendered":"\n        <div class=\"wp-block-getwid-post-slider custom-post-type-post has-arrows-inside has-dots-inside\">\n            <div data-slider-option=\"{&quot;getwid_fade_effect&quot;:&quot;slide&quot;,&quot;getwid_autoplay&quot;:false,&quot;getwid_pause_on_hover&quot;:false,&quot;getwid_autoplay_speed&quot;:6000,&quot;getwid_infinite&quot;:true,&quot;getwid_animation_speed&quot;:800,&quot;getwid_arrows&quot;:&quot;inside&quot;,&quot;getwid_dots&quot;:&quot;inside&quot;}\" class=\"wp-block-getwid-post-slider__content\">\n                \t\t\t\t\t\t\t<div class=\"wp-block-getwid-post-slider__slide\" style=\"\">\n\t\t\t\t\t\t\t\t\n<div class=\"wp-block-getwid-post-slider__post \">\n            <div class=\"wp-block-getwid-post-slider__post-thumbnail\">\n            <img loading=\"lazy\" decoding=\"async\" width=\"1171\" height=\"816\" src=\"https:\/\/agora.xtec.cat\/ceip-elsagrer\/wp-content\/uploads\/usu2270\/2025\/11\/Fumets-2025.2.jpg\" class=\"attachment-post-thumbnail size-post-thumbnail wp-post-image\" alt=\"\" srcset=\"https:\/\/agora.xtec.cat\/ceip-elsagrer\/wp-content\/uploads\/usu2270\/2025\/11\/Fumets-2025.2.jpg 1171w, https:\/\/agora.xtec.cat\/ceip-elsagrer\/wp-content\/uploads\/usu2270\/2025\/11\/Fumets-2025.2-300x209.jpg 300w, https:\/\/agora.xtec.cat\/ceip-elsagrer\/wp-content\/uploads\/usu2270\/2025\/11\/Fumets-2025.2-1024x714.jpg 1024w, https:\/\/agora.xtec.cat\/ceip-elsagrer\/wp-content\/uploads\/usu2270\/2025\/11\/Fumets-2025.2-768x535.jpg 768w\" sizes=\"auto, (max-width: 1171px) 100vw, 1171px\" \/>        <\/div>\n        <div class=\"wp-block-getwid-post-slider__post-overlay \"><\/div>\n    <div class=\"wp-block-getwid-post-slider__post-content-wrapper\">\n        <h3 class=\"wp-block-getwid-post-slider__post-title\"><a href=\"https:\/\/agora.xtec.cat\/ceip-elsagrer\/portada\/els-fumets-porten-el-ritme-a-les-festes-de-primavera-de-la-sagrera-amb-el-drac-foguet\/\">Els Fumets porten el ritme a les Festa  major 2025 de la Sagrera amb el drac Foguet<\/a><\/h3>        <div class=\"wp-block-getwid-post-slider__post-excerpt\"><p>Hola, fam\u00edlies! Aquest dissabte 16 de novembre, la Colla de Tabals Els Fumets i el nostre estimat drac Foguet hem participat a la 22a Trobada de Gegants de la Sagrera dins la Cercavila de Festa Major 2025. La Sagrerina i la Bostikina van encap\u00e7alar la cercavila, que va rec\u00f3rrer els carrers des de Pla\u00e7a Masadas [&hellip;]<\/p>\n<\/div>\n    <\/div>\n<\/div>\n\t\t\t\t\t\t\t<\/div>\n\t\t\t\t\t\t\t\t\t\t\t\t\t<div class=\"wp-block-getwid-post-slider__slide\" style=\"\">\n\t\t\t\t\t\t\t\t\n<div class=\"wp-block-getwid-post-slider__post \">\n            <div class=\"wp-block-getwid-post-slider__post-thumbnail\">\n            <img loading=\"lazy\" decoding=\"async\" width=\"1439\" height=\"1452\" src=\"https:\/\/agora.xtec.cat\/ceip-elsagrer\/wp-content\/uploads\/usu2270\/2025\/04\/20250426_115019-scaled-e1745701798471.jpg\" class=\"attachment-post-thumbnail size-post-thumbnail wp-post-image\" alt=\"\" srcset=\"https:\/\/agora.xtec.cat\/ceip-elsagrer\/wp-content\/uploads\/usu2270\/2025\/04\/20250426_115019-scaled-e1745701798471.jpg 1439w, https:\/\/agora.xtec.cat\/ceip-elsagrer\/wp-content\/uploads\/usu2270\/2025\/04\/20250426_115019-scaled-e1745701798471-297x300.jpg 297w, https:\/\/agora.xtec.cat\/ceip-elsagrer\/wp-content\/uploads\/usu2270\/2025\/04\/20250426_115019-scaled-e1745701798471-1015x1024.jpg 1015w, https:\/\/agora.xtec.cat\/ceip-elsagrer\/wp-content\/uploads\/usu2270\/2025\/04\/20250426_115019-scaled-e1745701798471-150x150.jpg 150w, https:\/\/agora.xtec.cat\/ceip-elsagrer\/wp-content\/uploads\/usu2270\/2025\/04\/20250426_115019-scaled-e1745701798471-768x775.jpg 768w\" sizes=\"auto, (max-width: 1439px) 100vw, 1439px\" \/>        <\/div>\n        <div class=\"wp-block-getwid-post-slider__post-overlay \"><\/div>\n    <div class=\"wp-block-getwid-post-slider__post-content-wrapper\">\n        <h3 class=\"wp-block-getwid-post-slider__post-title\"><a href=\"https:\/\/agora.xtec.cat\/ceip-elsagrer\/general\/festes-de-la-primavera\/\">Festes de la primavera<\/a><\/h3>        <div class=\"wp-block-getwid-post-slider__post-excerpt\"><p>Hola, fam\u00edlies!&nbsp; Aquest dissabte 26 d&#8217;abril, la Colla de Tabals Els Fumets i el drac Foguet hem celebrat les festes de primavera de la Sagrera participant a la 8a cercavila gegantera amb altres escoles del barri. El drac Foguet anava acompanyat dels alumnes de 3r d&#8217;EP i d&#8217;una bona colla d&#8217;alumnes d&#8217;Educaci\u00f3 Infantil.&nbsp; Tot i [&hellip;]<\/p>\n<\/div>\n    <\/div>\n<\/div>\n\t\t\t\t\t\t\t<\/div>\n\t\t\t\t\t\t\t\t\t\t\t\t\t<div class=\"wp-block-getwid-post-slider__slide\" style=\"\">\n\t\t\t\t\t\t\t\t\n<div class=\"wp-block-getwid-post-slider__post \">\n            <div class=\"wp-block-getwid-post-slider__post-thumbnail\">\n            <img loading=\"lazy\" decoding=\"async\" width=\"1600\" height=\"901\" src=\"https:\/\/agora.xtec.cat\/ceip-elsagrer\/wp-content\/uploads\/usu2270\/2025\/04\/WhatsApp-Image-2025-04-06-at-19.14.41-3.jpeg\" class=\"attachment-post-thumbnail size-post-thumbnail wp-post-image\" alt=\"\" srcset=\"https:\/\/agora.xtec.cat\/ceip-elsagrer\/wp-content\/uploads\/usu2270\/2025\/04\/WhatsApp-Image-2025-04-06-at-19.14.41-3.jpeg 1600w, https:\/\/agora.xtec.cat\/ceip-elsagrer\/wp-content\/uploads\/usu2270\/2025\/04\/WhatsApp-Image-2025-04-06-at-19.14.41-3-300x169.jpeg 300w, https:\/\/agora.xtec.cat\/ceip-elsagrer\/wp-content\/uploads\/usu2270\/2025\/04\/WhatsApp-Image-2025-04-06-at-19.14.41-3-1024x577.jpeg 1024w, https:\/\/agora.xtec.cat\/ceip-elsagrer\/wp-content\/uploads\/usu2270\/2025\/04\/WhatsApp-Image-2025-04-06-at-19.14.41-3-768x432.jpeg 768w, https:\/\/agora.xtec.cat\/ceip-elsagrer\/wp-content\/uploads\/usu2270\/2025\/04\/WhatsApp-Image-2025-04-06-at-19.14.41-3-1536x865.jpeg 1536w\" sizes=\"auto, (max-width: 1600px) 100vw, 1600px\" \/>        <\/div>\n        <div class=\"wp-block-getwid-post-slider__post-overlay \"><\/div>\n    <div class=\"wp-block-getwid-post-slider__post-content-wrapper\">\n        <h3 class=\"wp-block-getwid-post-slider__post-title\"><a href=\"https:\/\/agora.xtec.cat\/ceip-elsagrer\/general\/sortida-tgec-mataro\/\">Sortida TGEC Matar\u00f3<\/a><\/h3>        <div class=\"wp-block-getwid-post-slider__post-excerpt\"><p>Us compartim l&#8217;experi\u00e8ncia d&#8217;aquest cap de setmana a la Trobada de Gegants de Catalunya que es va fer a Matar\u00f3.&nbsp; El Foguet, la Ramoneta, i la Colla de Tabals Els Fumets de l&#8217;escola el Sagrer, van estar molt presents! Els hi va acompanyar una molt bona representaci\u00f3 de tercer i va ser una sortida molt [&hellip;]<\/p>\n<\/div>\n    <\/div>\n<\/div>\n\t\t\t\t\t\t\t<\/div>\n\t\t\t\t\t\t\t\t\t\t\t\t\t<div class=\"wp-block-getwid-post-slider__slide\" style=\"\">\n\t\t\t\t\t\t\t\t\n<div class=\"wp-block-getwid-post-slider__post \">\n            <div class=\"wp-block-getwid-post-slider__post-thumbnail\">\n            <img loading=\"lazy\" decoding=\"async\" width=\"480\" height=\"360\" src=\"https:\/\/agora.xtec.cat\/ceip-elsagrer\/wp-content\/uploads\/usu2270\/2023\/11\/0-1.jpg\" class=\"attachment-post-thumbnail size-post-thumbnail wp-post-image\" alt=\"\" srcset=\"https:\/\/agora.xtec.cat\/ceip-elsagrer\/wp-content\/uploads\/usu2270\/2023\/11\/0-1.jpg 480w, https:\/\/agora.xtec.cat\/ceip-elsagrer\/wp-content\/uploads\/usu2270\/2023\/11\/0-1-300x225.jpg 300w, https:\/\/agora.xtec.cat\/ceip-elsagrer\/wp-content\/uploads\/usu2270\/2023\/11\/0-1-200x150.jpg 200w\" sizes=\"auto, (max-width: 480px) 100vw, 480px\" \/>        <\/div>\n        <div class=\"wp-block-getwid-post-slider__post-overlay \"><\/div>\n    <div class=\"wp-block-getwid-post-slider__post-content-wrapper\">\n        <h3 class=\"wp-block-getwid-post-slider__post-title\"><a href=\"https:\/\/agora.xtec.cat\/ceip-elsagrer\/portada-afa\/els-fumets-a-les-festes-de-la-sagrera\/\">Els Fumets a les festes de la Sagrera<\/a><\/h3>        <div class=\"wp-block-getwid-post-slider__post-excerpt\"><p>&nbsp;<\/p>\n<\/div>\n    <\/div>\n<\/div>\n\t\t\t\t\t\t\t<\/div>\n\t\t\t\t\t\t\t\t\t\t\t\t\t<div class=\"wp-block-getwid-post-slider__slide\" style=\"\">\n\t\t\t\t\t\t\t\t\n<div class=\"wp-block-getwid-post-slider__post \">\n            <div class=\"wp-block-getwid-post-slider__post-thumbnail\">\n            <img loading=\"lazy\" decoding=\"async\" width=\"480\" height=\"360\" src=\"https:\/\/agora.xtec.cat\/ceip-elsagrer\/wp-content\/uploads\/usu2270\/2023\/04\/0-1.jpg\" class=\"attachment-post-thumbnail size-post-thumbnail wp-post-image\" alt=\"\" srcset=\"https:\/\/agora.xtec.cat\/ceip-elsagrer\/wp-content\/uploads\/usu2270\/2023\/04\/0-1.jpg 480w, https:\/\/agora.xtec.cat\/ceip-elsagrer\/wp-content\/uploads\/usu2270\/2023\/04\/0-1-300x225.jpg 300w, https:\/\/agora.xtec.cat\/ceip-elsagrer\/wp-content\/uploads\/usu2270\/2023\/04\/0-1-200x150.jpg 200w\" sizes=\"auto, (max-width: 480px) 100vw, 480px\" \/>        <\/div>\n        <div class=\"wp-block-getwid-post-slider__post-overlay \"><\/div>\n    <div class=\"wp-block-getwid-post-slider__post-content-wrapper\">\n        <h3 class=\"wp-block-getwid-post-slider__post-title\"><a href=\"https:\/\/agora.xtec.cat\/ceip-elsagrer\/portada-afa\/xiii-trobada-de-gegants-descola-de-catalunya\/\">XIII trobada de gegants d&#8217;escola de Catalunya<\/a><\/h3>        <div class=\"wp-block-getwid-post-slider__post-excerpt\"><p>Eii Fam\u00edlies!! Ahir v\u00e0ries fam\u00edlies de l&#8217;escola i els Fumets\ud83e\udd41\ud83e\udd41 vam portar el Foguet\ud83d\udc09 a veure tots els seus amics d&#8217;arreu de Catalunya. Vam fer una bona passejada i fins i tot el vam fer ballar. Ens ho vam passar genial!!\ud83e\udd73\ud83e\udd73 Aqu\u00ed us en deixem un tastet!! Molt\u00edssimes gr\u00e0cies a totes les que ens vau [&hellip;]<\/p>\n<\/div>\n    <\/div>\n<\/div>\n\t\t\t\t\t\t\t<\/div>\n\t\t\t\t\t\t            <\/div>\n        <\/div>\n        \n\n<p>\u00a0<\/p>\n<p style=\"font-weight: 400;\"><em>De tota la vida, el\u00a0<strong>Fumet<\/strong>\u00a0\u00e9s el que va darrere del\u00a0<strong>Foguet<\/strong><\/em><\/p>\n<p><img loading=\"lazy\" decoding=\"async\" class=\"aligncenter size-full wp-image-3296\" src=\"https:\/\/agora.xtec.cat\/ceip-elsagrer\/wp-content\/uploads\/usu2270\/2022\/10\/FUMETS.jpeg\" alt=\"\" width=\"400\" height=\"225\" srcset=\"https:\/\/agora.xtec.cat\/ceip-elsagrer\/wp-content\/uploads\/usu2270\/2022\/10\/FUMETS.jpeg 400w, https:\/\/agora.xtec.cat\/ceip-elsagrer\/wp-content\/uploads\/usu2270\/2022\/10\/FUMETS-300x169.jpeg 300w\" sizes=\"auto, (max-width: 400px) 100vw, 400px\" \/><\/p>\n<ul>\n<li><strong>Contacte:\u00a0<\/strong><a style=\"font-size: revert; background-color: rgba(0, 0, 0, 0); font-weight: inherit;\" href=\"mailto:elsfumets@gmail.com\" target=\"_blank\" rel=\"noopener\">elsfumets@gmail.com<\/a><\/li>\n<li><strong>Seguiu-nos al nostre instagram<\/strong>:<a href=\"https:\/\/www.instagram.com\/els_fumets\/\" target=\"_blank\" rel=\"noopener\"> @els_fumets<\/a><\/li>\n<\/ul>\n<p style=\"font-weight: 400;\"><strong>Som Els Fumets<\/strong><\/p>\n<p style=\"font-weight: 400;\">Els or\u00edgens cal buscar-los al curs 2009-2010. Va ser aleshores quan unes fam\u00edlies van crear, amb la col\u00b7laboraci\u00f3 de mestres de l\u2019escola, un drac. Se\u2019l va batejar com a\u00a0<strong>Foguet<\/strong>, i el va apadrinar la geganta de la Sagrera, la Sagrerina.<\/p>\n<p style=\"font-weight: 400;\">Un dels objectius de tenir un drac era participar de les activitats que ens vinculen al barri de la Sagrera i al districte de Sant Andreu.<\/p>\n<p style=\"font-weight: 400;\">La incorporaci\u00f3 d\u2019aquesta nova b\u00e8stia al Sagrer, per tant, requeria d\u2019uns acompanyants (i tamb\u00e9 responsables).<\/p>\n<p style=\"font-weight: 400;\"><img loading=\"lazy\" decoding=\"async\" class=\"aligncenter size-full wp-image-3298\" src=\"https:\/\/agora.xtec.cat\/ceip-elsagrer\/wp-content\/uploads\/usu2270\/2022\/10\/FUM1.jpeg\" alt=\"\" width=\"400\" height=\"267\" srcset=\"https:\/\/agora.xtec.cat\/ceip-elsagrer\/wp-content\/uploads\/usu2270\/2022\/10\/FUM1.jpeg 400w, https:\/\/agora.xtec.cat\/ceip-elsagrer\/wp-content\/uploads\/usu2270\/2022\/10\/FUM1-300x200.jpeg 300w\" sizes=\"auto, (max-width: 400px) 100vw, 400px\" \/><\/p>\n<p style=\"font-weight: 400;\">Doncs aix\u00f2, per acompanyar el Foguet, d\u2019unes fam\u00edlies surt al curs 2011-2012 la iniciativa de formar una\u00a0<strong>colla de tabalers<\/strong>. Un projecte que pret\u00e9n fer part\u00edcep tota la comunitat educativa del Sagrer, la d\u2019ara i la hist\u00f2rica (alumnes, mestres, fam\u00edlies, monitors, personal administratiu,&#8230;).<\/p>\n<p style=\"font-weight: 400;\"><strong>Els Fumets de la Sagrera<\/strong>\u00a0s\u2019estrenen a la Festa Major del barri, al novembre de l\u2019any 2012.<\/p>\n<p style=\"font-weight: 400;\">Per tirar tot plegat endavant i mantenir-ho, es compta amb el suport econ\u00f2mic de l\u2019AFA i amb la col\u00b7laboraci\u00f3 i complicitat de l\u2019escola.<\/p>\n<p style=\"font-weight: 400;\"><img loading=\"lazy\" decoding=\"async\" class=\"aligncenter size-full wp-image-3299\" src=\"https:\/\/agora.xtec.cat\/ceip-elsagrer\/wp-content\/uploads\/usu2270\/2022\/10\/FUM2.jpeg\" alt=\"\" width=\"400\" height=\"267\" srcset=\"https:\/\/agora.xtec.cat\/ceip-elsagrer\/wp-content\/uploads\/usu2270\/2022\/10\/FUM2.jpeg 400w, https:\/\/agora.xtec.cat\/ceip-elsagrer\/wp-content\/uploads\/usu2270\/2022\/10\/FUM2-300x200.jpeg 300w\" sizes=\"auto, (max-width: 400px) 100vw, 400px\" \/><\/p>\n<p style=\"font-weight: 400;\"><strong>\u00a0<\/strong><strong>\u00a0<\/strong><\/p>\n<p style=\"font-weight: 400;\"><strong>Qu\u00e8 volem i qu\u00e8 fem?<\/strong><\/p>\n<p style=\"font-weight: 400;\">Volem participar de les activitats del barri per donar a con\u00e8ixer el nom de l\u2019escola. Ajudats tamb\u00e9 per les fam\u00edlies de 3er, que s\u00f3n les encarregades de treure a passejar el Foguet a les cercaviles.<\/p>\n<p style=\"font-weight: 400;\">Sortim sempre com a colla per la Festa Major de la Sagrera, la desfilada de les Laies (12 de febrer, al centre de Barcelona), a la rua de Carnaval del barri, a la Trobada de Gegants d&#8217;Escola de Catalunya, al Firem-nos (la fira de solidaritat de la Sagrera) i tot all\u00f2 que ens proposin i que encaixi en el nostre projecte, \u00e9s a dir el barri i l\u2019educaci\u00f3 p\u00fablica!<\/p>\n<p style=\"font-weight: 400;\">Aprofitem la\u00a0<strong>cultura del tabal<\/strong>\u00a0com a eix dinamitzador d\u2019activitats de relaci\u00f3 entre alumnes i fam\u00edlies de l\u2019escola.<\/p>\n<p style=\"font-weight: 400;\"><strong>Assagem<\/strong><\/p>\n<p style=\"font-weight: 400;\">Ens podeu trobar cada dissabte al mat\u00ed a l\u2019escola. Fem assajos de dues hores amb un professor, el Fran, que a m\u00e9s, porta moltes colles de tabalers del districte, fet que ens hi vincula encara m\u00e9s.\u00a0 Perqu\u00e8 tenim un professor, entre d\u2019altres coses, les fam\u00edlies que hi participem paguem una petita quota mensual.<\/p>\n<p style=\"font-weight: 400;\">Als assajos anem en fam\u00edlia.\u00a0Els petits fan un assaig a l\u2019inici i despr\u00e9s ens hi sumem els adults.\u00a0\u00c9s una activitat familiar, tot i que respectem el ritme dels m\u00e9s petits i per aix\u00f2 tenim espais de joc per si es volen esbargir durant l\u2019assaig.<\/p>\n<p style=\"font-weight: 400;\">A l\u2019inici de cada curs fem una\u00a0<strong>masterclass<\/strong>, una classe oberta per donar a con\u00e8ixer l\u2019activitat a noves i antigues fam\u00edlies i facilitar aix\u00ed que s\u2019hi puguin sumar nous membres.<\/p>\n<p style=\"font-weight: 400;\"><img loading=\"lazy\" decoding=\"async\" class=\"aligncenter size-full wp-image-3301\" src=\"https:\/\/agora.xtec.cat\/ceip-elsagrer\/wp-content\/uploads\/usu2270\/2022\/10\/FUM4.jpeg\" alt=\"\" width=\"400\" height=\"300\" srcset=\"https:\/\/agora.xtec.cat\/ceip-elsagrer\/wp-content\/uploads\/usu2270\/2022\/10\/FUM4.jpeg 400w, https:\/\/agora.xtec.cat\/ceip-elsagrer\/wp-content\/uploads\/usu2270\/2022\/10\/FUM4-300x225.jpeg 300w, https:\/\/agora.xtec.cat\/ceip-elsagrer\/wp-content\/uploads\/usu2270\/2022\/10\/FUM4-200x150.jpeg 200w\" sizes=\"auto, (max-width: 400px) 100vw, 400px\" \/><\/p>\n<p><img loading=\"lazy\" decoding=\"async\" class=\"aligncenter size-full wp-image-3302\" src=\"https:\/\/agora.xtec.cat\/ceip-elsagrer\/wp-content\/uploads\/usu2270\/2022\/10\/FUM5.jpeg\" alt=\"\" width=\"400\" height=\"300\" srcset=\"https:\/\/agora.xtec.cat\/ceip-elsagrer\/wp-content\/uploads\/usu2270\/2022\/10\/FUM5.jpeg 400w, https:\/\/agora.xtec.cat\/ceip-elsagrer\/wp-content\/uploads\/usu2270\/2022\/10\/FUM5-300x225.jpeg 300w, https:\/\/agora.xtec.cat\/ceip-elsagrer\/wp-content\/uploads\/usu2270\/2022\/10\/FUM5-200x150.jpeg 200w\" sizes=\"auto, (max-width: 400px) 100vw, 400px\" \/><\/p>\n<p style=\"font-weight: 400;\"><em>\u00a0<\/em><\/p>\n\n\n<p><\/p>\n","protected":false},"excerpt":{"rendered":"<p>\u00a0 De tota la vida, el\u00a0Fumet\u00a0\u00e9s el que va darrere del\u00a0Foguet Contacte:\u00a0elsfumets@gmail.com Seguiu-nos al nostre instagram: @els_fumets Som Els Fumets Els or\u00edgens cal buscar-los al curs 2009-2010. Va ser aleshores quan unes fam\u00edlies van crear, amb la col\u00b7laboraci\u00f3 de mestres de l\u2019escola, un drac. Se\u2019l va batejar com a\u00a0Foguet, i el va apadrinar la geganta [&hellip;]<\/p>\n","protected":false},"author":17,"featured_media":0,"parent":7725,"menu_order":1,"comment_status":"closed","ping_status":"closed","template":"","meta":{"_bbp_topic_count":0,"_bbp_reply_count":0,"_bbp_total_topic_count":0,"_bbp_total_reply_count":0,"_bbp_voice_count":0,"_bbp_anonymous_reply_count":0,"_bbp_topic_count_hidden":0,"_bbp_reply_count_hidden":0,"_bbp_forum_subforum_count":0,"site-sidebar-layout":"default","site-content-layout":"","ast-site-content-layout":"default","site-content-style":"default","site-sidebar-style":"default","ast-global-header-display":"","ast-banner-title-visibility":"","ast-main-header-display":"","ast-hfb-above-header-display":"","ast-hfb-below-header-display":"","ast-hfb-mobile-header-display":"","site-post-title":"","ast-breadcrumbs-content":"","ast-featured-img":"","footer-sml-layout":"","theme-transparent-header-meta":"","adv-header-id-meta":"","stick-header-meta":"","header-above-stick-meta":"","header-main-stick-meta":"","header-below-stick-meta":"","astra-migrate-meta-layouts":"set","ast-page-background-enabled":"default","ast-page-background-meta":{"desktop":{"background-color":"var(--ast-global-color-4)","background-image":"","background-repeat":"repeat","background-position":"center center","background-size":"auto","background-attachment":"scroll","background-type":"","background-media":"","overlay-type":"","overlay-color":"","overlay-opacity":"","overlay-gradient":""},"tablet":{"background-color":"","background-image":"","background-repeat":"repeat","background-position":"center center","background-size":"auto","background-attachment":"scroll","background-type":"","background-media":"","overlay-type":"","overlay-color":"","overlay-opacity":"","overlay-gradient":""},"mobile":{"background-color":"","background-image":"","background-repeat":"repeat","background-position":"center center","background-size":"auto","background-attachment":"scroll","background-type":"","background-media":"","overlay-type":"","overlay-color":"","overlay-opacity":"","overlay-gradient":""}},"ast-content-background-meta":{"desktop":{"background-color":"var(--ast-global-color-5)","background-image":"","background-repeat":"repeat","background-position":"center center","background-size":"auto","background-attachment":"scroll","background-type":"","background-media":"","overlay-type":"","overlay-color":"","overlay-opacity":"","overlay-gradient":""},"tablet":{"background-color":"var(--ast-global-color-5)","background-image":"","background-repeat":"repeat","background-position":"center center","background-size":"auto","background-attachment":"scroll","background-type":"","background-media":"","overlay-type":"","overlay-color":"","overlay-opacity":"","overlay-gradient":""},"mobile":{"background-color":"var(--ast-global-color-5)","background-image":"","background-repeat":"repeat","background-position":"center center","background-size":"auto","background-attachment":"scroll","background-type":"","background-media":"","overlay-type":"","overlay-color":"","overlay-opacity":"","overlay-gradient":""}},"footnotes":""},"class_list":["post-3297","page","type-page","status-publish","hentry"],"post_mailing_queue_ids":[],"_links":{"self":[{"href":"https:\/\/agora.xtec.cat\/ceip-elsagrer\/wp-json\/wp\/v2\/pages\/3297","targetHints":{"allow":["GET"]}}],"collection":[{"href":"https:\/\/agora.xtec.cat\/ceip-elsagrer\/wp-json\/wp\/v2\/pages"}],"about":[{"href":"https:\/\/agora.xtec.cat\/ceip-elsagrer\/wp-json\/wp\/v2\/types\/page"}],"author":[{"embeddable":true,"href":"https:\/\/agora.xtec.cat\/ceip-elsagrer\/wp-json\/wp\/v2\/users\/17"}],"replies":[{"embeddable":true,"href":"https:\/\/agora.xtec.cat\/ceip-elsagrer\/wp-json\/wp\/v2\/comments?post=3297"}],"version-history":[{"count":5,"href":"https:\/\/agora.xtec.cat\/ceip-elsagrer\/wp-json\/wp\/v2\/pages\/3297\/revisions"}],"predecessor-version":[{"id":8491,"href":"https:\/\/agora.xtec.cat\/ceip-elsagrer\/wp-json\/wp\/v2\/pages\/3297\/revisions\/8491"}],"up":[{"embeddable":true,"href":"https:\/\/agora.xtec.cat\/ceip-elsagrer\/wp-json\/wp\/v2\/pages\/7725"}],"wp:attachment":[{"href":"https:\/\/agora.xtec.cat\/ceip-elsagrer\/wp-json\/wp\/v2\/media?parent=3297"}],"curies":[{"name":"wp","href":"https:\/\/api.w.org\/{rel}","templated":true}]}}