{"id":64,"date":"2014-09-18T12:39:08","date_gmt":"2014-09-18T11:39:08","guid":{"rendered":"http:\/\/agora.xtec.cat\/ceip-elroser\/?page_id=64"},"modified":"2020-03-04T19:48:43","modified_gmt":"2020-03-04T18:48:43","slug":"projecte-educatiu","status":"publish","type":"page","link":"https:\/\/agora.xtec.cat\/ceip-elroser\/projecte-educatiu\/","title":{"rendered":"Projecte educatiu"},"content":{"rendered":"<p>D&#8217;acord amb la <a title=\"Article 91 LEC\" href=\"http:\/\/www20.gencat.cat\/portal\/site\/portaljuridic\/menuitem.d15a4e5dfb99396dc366ec10b0c0e1a0\/?vgnextoid=b85297b5a87d6210VgnVCM1000000b0c1e0aRCRD&amp;vgnextchannel=b85297b5a87d6210VgnVCM1000000b0c1e0aRCRD&amp;vgnextfmt=default&amp;action=fitxa&amp;portalId=1&amp;documentId=480169&amp;newLang=ca_ES#fragment-1182442\" target=\"_blank\" rel=\"noopener noreferrer\">Llei d&#8217;Educaci\u00f3 de Catalunya<\/a>, el projecte educatiu incorpora el car\u00e0cter propi del centre:<\/p>\n<p>&nbsp;<\/p>\n<ul style=\"list-style-type: disc;\">\n<li><strong><span style=\"color: #ff0000;\">Projecte Educatiu de Centre<\/span><\/strong><\/li>\n<\/ul>\n<p><span style=\"color: #333333;\">El PEC \u00e9s la m\u00e0xima expressi\u00f3 de l\u2019autonomia de centres educatius, recull la identitat de la ZER, n\u2019explicita els objectius, n\u2019orienta l\u2019activitat i hi d\u00f3na sentit amb la finalitat que els alumnes assoleixin les compet\u00e8ncies b\u00e0siques i el m\u00e0xim aprofitament educatiu, tenint en compte la diversitat de condicions personals, necessitats i interessos que inclou.<br \/>\n<a href=\"https:\/\/agora.xtec.cat\/ceip-elroser\/wp-content\/uploads\/usu1152\/2019\/10\/documentos.png\"><img loading=\"lazy\" decoding=\"async\" class=\"alignright wp-image-2296 \" src=\"https:\/\/agora.xtec.cat\/ceip-elroser\/wp-content\/uploads\/usu1152\/2019\/10\/documentos-150x150.png\" alt=\"\" width=\"77\" height=\"77\" \/><\/a><\/span><\/p>\n<p><a href=\"https:\/\/agora.xtec.cat\/ceip-elroser\/wp-content\/uploads\/usu1152\/2019\/10\/PEC-ZER-PLAURCEN.pdf\" target=\"_blank\" rel=\"noopener noreferrer\">PEC-ZER<\/a><\/p>\n<p>&nbsp;<\/p>\n<ul style=\"list-style-type: disc;\">\n<li><strong><span style=\"color: #ff0000;\">Normes d&#8217;Organitzaci\u00f3 i Funcionament<\/span><\/strong><\/li>\n<\/ul>\n<p><span style=\"color: #333333;\">Per un millor funcionament i conviv\u00e8ncia entre tota la comunitat educativa, es van redactar les NOF (Normes d\u2019organitzaci\u00f3 i funcionament). Aquestes preveuen com actuar\u00e0 el centre davant de l\u2019incumpliment de les normes i\/o possibles conflictes que afectin la conviv\u00e8ncia.<br \/>\n<a href=\"https:\/\/agora.xtec.cat\/ceip-elroser\/wp-content\/uploads\/usu1152\/2019\/10\/a_stack_of_papers_and_documanets_in_an_office_0515-1007-3003-0814_SMU.jpg\"><img loading=\"lazy\" decoding=\"async\" class=\"alignright wp-image-2297\" src=\"https:\/\/agora.xtec.cat\/ceip-elroser\/wp-content\/uploads\/usu1152\/2019\/10\/a_stack_of_papers_and_documanets_in_an_office_0515-1007-3003-0814_SMU-150x150.jpg\" alt=\"\" width=\"75\" height=\"75\" \/><\/a><\/span><\/p>\n<p><a href=\"https:\/\/agora.xtec.cat\/ceip-elroser\/wp-content\/uploads\/usu1152\/2019\/10\/NOF-ZER-PLAURCEN.pdf\" target=\"_blank\" rel=\"noopener noreferrer\">NOF-ZER<\/a><\/p>\n<p>&nbsp;<\/p>\n<ul style=\"list-style-type: disc;\">\n<li><strong><span style=\"color: #ff0000;\">Projecte ling\u00fc\u00edstic<\/span><\/strong><\/li>\n<\/ul>\n<p><span style=\"color: #333333;\">El Projecte Ling\u00fc\u00edstic forma part del Projecte Educatiu i ha de tenir present tant el marc legal com la diagnosi de la realitat del centre. Aquest projecte ha de definir-se en aquests grans temes: el paper de la llengua vehicular, el tractament de les lleng\u00fces curriculars i els aspectes d\u2019organitzaci\u00f3 i de gesti\u00f3 que tinguin repercussions ling\u00fc\u00edstiques.\u00a0<a href=\"https:\/\/agora.xtec.cat\/ceip-elroser\/wp-content\/uploads\/usu1152\/2019\/02\/idiomas-aprender-modofun.jpg\"><img loading=\"lazy\" decoding=\"async\" class=\"alignright wp-image-2020\" src=\"https:\/\/agora.xtec.cat\/ceip-elroser\/wp-content\/uploads\/usu1152\/2019\/02\/idiomas-aprender-modofun-300x196.jpg\" alt=\"\" width=\"100\" height=\"65\" srcset=\"https:\/\/agora.xtec.cat\/ceip-elroser\/wp-content\/uploads\/usu1152\/2019\/02\/idiomas-aprender-modofun-300x196.jpg 300w, https:\/\/agora.xtec.cat\/ceip-elroser\/wp-content\/uploads\/usu1152\/2019\/02\/idiomas-aprender-modofun-768x502.jpg 768w, https:\/\/agora.xtec.cat\/ceip-elroser\/wp-content\/uploads\/usu1152\/2019\/02\/idiomas-aprender-modofun.jpg 800w\" sizes=\"auto, (max-width: 100px) 100vw, 100px\" \/><\/a><\/span><\/p>\n<p><a href=\"https:\/\/agora.xtec.cat\/ceip-elroser\/wp-content\/uploads\/usu1152\/2019\/10\/PL-2019-p\u00e0gina-web.pdf\" target=\"_blank\" rel=\"noopener noreferrer\">Projecte Ling\u00fc\u00edstic de ZER<\/a><\/p>\n","protected":false},"excerpt":{"rendered":"<p>D&#8217;acord amb la <a title=\"Article 91 LEC\" href=\"http:\/\/www20.gencat.cat\/portal\/site\/portaljuridic\/menuitem.d15a4e5dfb99396dc366ec10b0c0e1a0\/?vgnextoid=b85297b5a87d6210VgnVCM1000000b0c1e0aRCRD&amp;vgnextchannel=b85297b5a87d6210VgnVCM1000000b0c1e0aRCRD&amp;vgnextfmt=default&amp;action=fitxa&amp;portalId=1&amp;documentId=480169&amp;newLang=ca_ES#fragment-1182442\" target=\"_blank\" rel=\"noopener noreferrer\">Llei d&#8217;Educaci\u00f3 de Catalunya<\/a>, el projecte educatiu incorpora el car\u00e0cter propi del centre:<br \/>\n&nbsp;<\/p>\n<ul style=\"list-style-type: disc;\">\n<li>Projecte Educatiu de Centre<\/li>\n<\/ul>\n<p>El PEC \u00e9s la m\u00e0xima expressi\u00f3 de l\u2019autonomia de centres educatius, recull la identitat de la ZER, n\u2019explicita&hellip;  <a href=\"https:\/\/agora.xtec.cat\/ceip-elroser\/projecte-educatiu\/\" title=\"Read Projecte educatiu\">Llegeix m\u00e9s\u00bb<\/a><\/p>\n","protected":false},"author":1,"featured_media":0,"parent":0,"menu_order":0,"comment_status":"closed","ping_status":"closed","template":"page-templates\/side-menu.php","meta":{"_bbp_topic_count":0,"_bbp_reply_count":0,"_bbp_total_topic_count":0,"_bbp_total_reply_count":0,"_bbp_voice_count":0,"_bbp_anonymous_reply_count":0,"_bbp_topic_count_hidden":0,"_bbp_reply_count_hidden":0,"_bbp_forum_subforum_count":0,"footnotes":""},"class_list":["post-64","page","type-page","status-publish","hentry"],"post_mailing_queue_ids":[],"_links":{"self":[{"href":"https:\/\/agora.xtec.cat\/ceip-elroser\/wp-json\/wp\/v2\/pages\/64","targetHints":{"allow":["GET"]}}],"collection":[{"href":"https:\/\/agora.xtec.cat\/ceip-elroser\/wp-json\/wp\/v2\/pages"}],"about":[{"href":"https:\/\/agora.xtec.cat\/ceip-elroser\/wp-json\/wp\/v2\/types\/page"}],"author":[{"embeddable":true,"href":"https:\/\/agora.xtec.cat\/ceip-elroser\/wp-json\/wp\/v2\/users\/1"}],"replies":[{"embeddable":true,"href":"https:\/\/agora.xtec.cat\/ceip-elroser\/wp-json\/wp\/v2\/comments?post=64"}],"version-history":[{"count":3,"href":"https:\/\/agora.xtec.cat\/ceip-elroser\/wp-json\/wp\/v2\/pages\/64\/revisions"}],"predecessor-version":[{"id":2391,"href":"https:\/\/agora.xtec.cat\/ceip-elroser\/wp-json\/wp\/v2\/pages\/64\/revisions\/2391"}],"wp:attachment":[{"href":"https:\/\/agora.xtec.cat\/ceip-elroser\/wp-json\/wp\/v2\/media?parent=64"}],"curies":[{"name":"wp","href":"https:\/\/api.w.org\/{rel}","templated":true}]}}

<p>D&#8217;acord amb la <a title="Article 91 LEC" href="http://www20.gencat.cat/portal/site/portaljuridic/menuitem.d15a4e5dfb99396dc366ec10b0c0e1a0/?vgnextoid=b85297b5a87d6210VgnVCM1000000b0c1e0aRCRD&amp;vgnextchannel=b85297b5a87d6210VgnVCM1000000b0c1e0aRCRD&amp;vgnextfmt=default&amp;action=fitxa&amp;portalId=1&amp;documentId=480169&amp;newLang=ca_ES#fragment-1182442" target="_blank" rel="noopener noreferrer">Llei d&#8217;Educació de Catalunya</a>, el projecte educatiu incorpora el caràcter propi del centre:</p>
<p>&nbsp;</p>
<ul style="list-style-type: disc;">
<li><strong><span style="color: #ff0000;">Projecte Educatiu de Centre</span></strong></li>
</ul>
<p><span style="color: #333333;">El PEC és la màxima expressió de l’autonomia de centres educatius, recull la identitat de la ZER, n’explicita els objectius, n’orienta l’activitat i hi dóna sentit amb la finalitat que els alumnes assoleixin les competències bàsiques i el màxim aprofitament educatiu, tenint en compte la diversitat de condicions personals, necessitats i interessos que inclou.<br />
<a href="https://agora.xtec.cat/ceip-elroser/wp-content/uploads/usu1152/2019/10/documentos.png"><img loading="lazy" decoding="async" class="alignright wp-image-2296 " src="https://agora.xtec.cat/ceip-elroser/wp-content/uploads/usu1152/2019/10/documentos-150x150.png" alt="" width="77" height="77" /></a></span></p>
<p><a href="https://agora.xtec.cat/ceip-elroser/wp-content/uploads/usu1152/2019/10/PEC-ZER-PLAURCEN.pdf" target="_blank" rel="noopener noreferrer">PEC-ZER</a></p>
<p>&nbsp;</p>
<ul style="list-style-type: disc;">
<li><strong><span style="color: #ff0000;">Normes d&#8217;Organització i Funcionament</span></strong></li>
</ul>
<p><span style="color: #333333;">Per un millor funcionament i convivència entre tota la comunitat educativa, es van redactar les NOF (Normes d’organització i funcionament). Aquestes preveuen com actuarà el centre davant de l’incumpliment de les normes i/o possibles conflictes que afectin la convivència.<br />
<a href="https://agora.xtec.cat/ceip-elroser/wp-content/uploads/usu1152/2019/10/a_stack_of_papers_and_documanets_in_an_office_0515-1007-3003-0814_SMU.jpg"><img loading="lazy" decoding="async" class="alignright wp-image-2297" src="https://agora.xtec.cat/ceip-elroser/wp-content/uploads/usu1152/2019/10/a_stack_of_papers_and_documanets_in_an_office_0515-1007-3003-0814_SMU-150x150.jpg" alt="" width="75" height="75" /></a></span></p>
<p><a href="https://agora.xtec.cat/ceip-elroser/wp-content/uploads/usu1152/2019/10/NOF-ZER-PLAURCEN.pdf" target="_blank" rel="noopener noreferrer">NOF-ZER</a></p>
<p>&nbsp;</p>
<ul style="list-style-type: disc;">
<li><strong><span style="color: #ff0000;">Projecte lingüístic</span></strong></li>
</ul>
<p><span style="color: #333333;">El Projecte Lingüístic forma part del Projecte Educatiu i ha de tenir present tant el marc legal com la diagnosi de la realitat del centre. Aquest projecte ha de definir-se en aquests grans temes: el paper de la llengua vehicular, el tractament de les llengües curriculars i els aspectes d’organització i de gestió que tinguin repercussions lingüístiques. <a href="https://agora.xtec.cat/ceip-elroser/wp-content/uploads/usu1152/2019/02/idiomas-aprender-modofun.jpg"><img loading="lazy" decoding="async" class="alignright wp-image-2020" src="https://agora.xtec.cat/ceip-elroser/wp-content/uploads/usu1152/2019/02/idiomas-aprender-modofun-300x196.jpg" alt="" width="100" height="65" srcset="https://agora.xtec.cat/ceip-elroser/wp-content/uploads/usu1152/2019/02/idiomas-aprender-modofun-300x196.jpg 300w, https://agora.xtec.cat/ceip-elroser/wp-content/uploads/usu1152/2019/02/idiomas-aprender-modofun-768x502.jpg 768w, https://agora.xtec.cat/ceip-elroser/wp-content/uploads/usu1152/2019/02/idiomas-aprender-modofun.jpg 800w" sizes="auto, (max-width: 100px) 100vw, 100px" /></a></span></p>
<p><a href="https://agora.xtec.cat/ceip-elroser/wp-content/uploads/usu1152/2019/10/PL-2019-pàgina-web.pdf" target="_blank" rel="noopener noreferrer">Projecte Lingüístic de ZER</a></p>

<p>D&#8217;acord amb la <a title="Article 91 LEC" href="http://www20.gencat.cat/portal/site/portaljuridic/menuitem.d15a4e5dfb99396dc366ec10b0c0e1a0/?vgnextoid=b85297b5a87d6210VgnVCM1000000b0c1e0aRCRD&amp;vgnextchannel=b85297b5a87d6210VgnVCM1000000b0c1e0aRCRD&amp;vgnextfmt=default&amp;action=fitxa&amp;portalId=1&amp;documentId=480169&amp;newLang=ca_ES#fragment-1182442" target="_blank" rel="noopener noreferrer">Llei d&#8217;Educació de Catalunya</a>, el projecte educatiu incorpora el caràcter propi del centre:<br />
&nbsp;</p>
<ul style="list-style-type: disc;">
<li>Projecte Educatiu de Centre</li>
</ul>
<p>El PEC és la màxima expressió de l’autonomia de centres educatius, recull la identitat de la ZER, n’explicita&hellip;  <a href="https://agora.xtec.cat/ceip-elroser/projecte-educatiu/" title="Read Projecte educatiu">Llegeix més»</a></p>
