{"id":26,"date":"2014-09-18T12:24:32","date_gmt":"2014-09-18T11:24:32","guid":{"rendered":"http:\/\/agora.xtec.cat\/ceip-elroser\/?page_id=26"},"modified":"2021-07-03T14:36:06","modified_gmt":"2021-07-03T12:36:06","slug":"historia","status":"publish","type":"page","link":"https:\/\/agora.xtec.cat\/ceip-elroser\/lescola\/historia\/","title":{"rendered":"Hist\u00f2ria"},"content":{"rendered":"<p>L\u2019edifici de l\u2019Escola El Roser \u00e9s dels edificis m\u00e9s antics de la comarca i el que m\u00e9s b\u00e9 ha suportat el pas del temps. Cal remuntar-se a l\u2019any 1921, any que l\u2019Ajuntament compr\u00e0 els terrenys on s\u2019havia de construir l\u2019escola. Les obres de construcci\u00f3 passaren per moments delicats, fins que el 7 de juny de 1926 se\u2019n feu la inauguraci\u00f3.\u00a0<a href=\"https:\/\/agora.xtec.cat\/ceip-elroser\/wp-content\/uploads\/usu1152\/2019\/03\/Edifici-de-lAjuntament-1.jpg\"><img loading=\"lazy\" decoding=\"async\" class=\"alignleft wp-image-2066\" src=\"https:\/\/agora.xtec.cat\/ceip-elroser\/wp-content\/uploads\/usu1152\/2019\/03\/Edifici-de-lAjuntament-1-300x197.jpg\" alt=\"\" width=\"400\" height=\"262\" srcset=\"https:\/\/agora.xtec.cat\/ceip-elroser\/wp-content\/uploads\/usu1152\/2019\/03\/Edifici-de-lAjuntament-1-300x197.jpg 300w, https:\/\/agora.xtec.cat\/ceip-elroser\/wp-content\/uploads\/usu1152\/2019\/03\/Edifici-de-lAjuntament-1-768x504.jpg 768w, https:\/\/agora.xtec.cat\/ceip-elroser\/wp-content\/uploads\/usu1152\/2019\/03\/Edifici-de-lAjuntament-1-1024x672.jpg 1024w, https:\/\/agora.xtec.cat\/ceip-elroser\/wp-content\/uploads\/usu1152\/2019\/03\/Edifici-de-lAjuntament-1.jpg 1046w\" sizes=\"auto, (max-width: 400px) 100vw, 400px\" \/><\/a><\/p>\n<p>El progressiu augment del cens escolar fou un problema per al consistori: les dues aules que hi havia eren insuficients per atendre tota la poblaci\u00f3 escolar (manca d\u2019espai, recursos insuficients&#8230;). Durant la d\u00e8cada dels anys 30, El Poal tenia una escola unit\u00e0ria, una de nens i una de nenes. L\u2019Ajuntament, conscient de la situaci\u00f3, sol\u00b7licit\u00e0 ampliar l\u2019escola en dues unitats m\u00e9s, una per a cada sexe, per\u00f2 la Generalitat de Catalunya no ho autoritz\u00e0.<\/p>\n<p>A finals de la d\u00e8cada dels 60 \/ principis dels 70, es demana fer una remodelaci\u00f3 de l\u2019escola i finalment es fa l\u2019aula de p\u00e0rvuls. A m\u00e9s, amb la nova llei d\u2019Educaci\u00f3 (LGE) es demana l\u2019aplicaci\u00f3 de l\u2019ensenyament mixt a tots els cursos.<\/p>\n<p>A partir del curs 92-93, l\u2019escola passa a denominar-se Col\u00b7legi P\u00fablic El Roser. Aquest nom \u00e9s escollit en honor a la festa de maig, una de les festes m\u00e9s antigues del poble.<\/p>\n<p>Durant el curs 93-94, amb el desenvolupament de la Reforma Educativa a Prim\u00e0ria (LOGSE) i la necessitat de disposar de professorat especialista de m\u00fasica, angl\u00e8s i educaci\u00f3 f\u00edsica per poder aplicar-la, s\u2019estudia la possibilitat de formar una Zona Escolar Rural (ZER) integrada per les escoles: El Roser del Poal, Minyons d\u2019Urgell de Fondarella, El Tim\u00f3 de Sidamon i Ruf\u00ed Bedoya dels Arcs. En aquest sentit, i veient els avantatges que aix\u00f2 pot suposar, s\u2019aprova participar en la convocat\u00f2ria del Departament d\u2019Ensenyament.<\/p>\n<p>A partir del curs 94-95, l\u2019escola deixar\u00e0 de ser un centre aut\u00f2nom i passar\u00e0 a formar part de la ZER PLAUR<a href=\"https:\/\/agora.xtec.cat\/ceip-elroser\/wp-content\/uploads\/usu1152\/2021\/07\/logo-Zer-Plaurc\u00e9n.png\"><img loading=\"lazy\" decoding=\"async\" class=\"wp-image-2783  alignright\" src=\"https:\/\/agora.xtec.cat\/ceip-elroser\/wp-content\/uploads\/usu1152\/2021\/07\/logo-Zer-Plaurc\u00e9n-150x150.png\" alt=\"\" width=\"93\" height=\"93\" srcset=\"https:\/\/agora.xtec.cat\/ceip-elroser\/wp-content\/uploads\/usu1152\/2021\/07\/logo-Zer-Plaurc\u00e9n-150x150.png 150w, https:\/\/agora.xtec.cat\/ceip-elroser\/wp-content\/uploads\/usu1152\/2021\/07\/logo-Zer-Plaurc\u00e9n-300x300.png 300w, https:\/\/agora.xtec.cat\/ceip-elroser\/wp-content\/uploads\/usu1152\/2021\/07\/logo-Zer-Plaurc\u00e9n.png 416w\" sizes=\"auto, (max-width: 93px) 100vw, 93px\" \/><\/a>C\u00c9N, denominaci\u00f3 que significa \u201cPla d\u2019Urgell Centre\u201d ja que est\u00e0 situada al bell mig de la comarca i s\u2019estableix la seu de la ZER al Poal perqu\u00e8 \u00e9s l\u2019escola m\u00e9s gran.<\/p>\n<p>Amb la constituci\u00f3 de la ZER i tamb\u00e9 la dotaci\u00f3 de material pedag\u00f2gic i equipament inform\u00e0tic per part del Departament a les ZERs, a l\u2019escola del Poal sorgeix la necessitat de disposar d\u2019una altra aula. Per aquest motiu es demana a l\u2019Ajuntament l\u2019actual aula multifuncional, situada a l\u2019entrada central de l\u2019edifici i a m\u00e0 dreta. Aquest espai, tot i no estar comunicat amb cap aula, servir\u00e0 en el futur com a sala de mestres, aula d\u2019inform\u00e0tica i tamb\u00e9 per fer desdoblaments amb els especialistes, ja que les quatre aules de l\u2019escola estan ocupades pels alumnes i tutors de cada cicle.<\/p>\n<p>Estem en \u00e8poca de grans canvis a l\u2019escola, ja que amb l\u2019aplicaci\u00f3 de la Reforma Educativa, totes les escoles passaran a denominar-se CEIP i nom\u00e9s impartiran Educaci\u00f3 Infantil i Educaci\u00f3 Prim\u00e0ria fins a 6\u00e8. A partir del curs 96-97 i 97-98, primer els alumnes de 7\u00e8 i despr\u00e9s els de 8\u00e8, deixaran de pert\u00e0nyer a l\u2019escola per anar a l\u2019institut de secund\u00e0ria a Mollerussa a cursar 1r i 2n d\u2019ESO.<\/p>\n<p>A partir de l\u2019any 2000 s\u2019inicien negociacions amb el Departament per construir una escola nova.<\/p>\n<p>L&#8217;\u00faltim canvi que hi ha hagut a l&#8217;Escola El Roser ha sigut l&#8217;incorporaci\u00f3 de la Llar d&#8217;Infants a la din\u00e0mica de funcionament de l&#8217;escola. A partir del curs 16-17, els infants del Poal de m\u00e9s d&#8217;1 any, comencen al centre fent el primer i segon cicle d&#8217;Educaci\u00f3 Infantil i acaben realitzant tota l&#8217;Educaci\u00f3 Prim\u00e0ria.<\/p>\n<p><a href=\"https:\/\/agora.xtec.cat\/ceip-elroser\/wp-content\/uploads\/usu1152\/2016\/10\/escola-Roser.jpg\"><img loading=\"lazy\" decoding=\"async\" class=\"aligncenter wp-image-1390 size-large\" src=\"https:\/\/agora.xtec.cat\/ceip-elroser\/wp-content\/uploads\/usu1152\/2016\/10\/escola-Roser-1024x387.jpg\" alt=\"\" width=\"1024\" height=\"387\" srcset=\"https:\/\/agora.xtec.cat\/ceip-elroser\/wp-content\/uploads\/usu1152\/2016\/10\/escola-Roser-1024x387.jpg 1024w, https:\/\/agora.xtec.cat\/ceip-elroser\/wp-content\/uploads\/usu1152\/2016\/10\/escola-Roser-300x113.jpg 300w, https:\/\/agora.xtec.cat\/ceip-elroser\/wp-content\/uploads\/usu1152\/2016\/10\/escola-Roser-768x290.jpg 768w\" sizes=\"auto, (max-width: 1024px) 100vw, 1024px\" \/><\/a><\/p>\n<blockquote><p><strong><sup>Bibliografia<\/sup><\/strong><br \/>\n<sup>&#8211; Ajuntament del Poal. &#8220;<em>El Poal. Recull fotogr\u00e0fic d&#8217;un centenari 1900-2000&#8243;.\u00a0<\/em>Pag\u00e8s editors, 2016<\/sup><br \/>\n<sup>&#8211; Mestre, E. i Sol\u00e9, T. &#8220;<em>Escoles i mestres de la Segona Rep\u00fablica al Pla d&#8217;Urgell<\/em>&#8220;. Centre de Recerques del Pla d\u2019Urgell \u201cMascan\u00e7\u00e0\u201d, 2018<\/sup><\/p><\/blockquote>\n","protected":false},"excerpt":{"rendered":"<p>L\u2019edifici de l\u2019Escola El Roser \u00e9s dels edificis m\u00e9s antics de la comarca i el que m\u00e9s b\u00e9 ha suportat el pas del temps. Cal remuntar-se a l\u2019any 1921, any que l\u2019Ajuntament compr\u00e0 els terrenys on s\u2019havia de construir l\u2019escola. Les obres de construcci\u00f3 passaren&hellip;  <a href=\"https:\/\/agora.xtec.cat\/ceip-elroser\/lescola\/historia\/\" title=\"Read Hist\u00f2ria\">Llegeix m\u00e9s\u00bb<\/a><\/p>\n","protected":false},"author":1,"featured_media":0,"parent":22,"menu_order":50,"comment_status":"closed","ping_status":"closed","template":"page-templates\/side-menu.php","meta":{"_bbp_topic_count":0,"_bbp_reply_count":0,"_bbp_total_topic_count":0,"_bbp_total_reply_count":0,"_bbp_voice_count":0,"_bbp_anonymous_reply_count":0,"_bbp_topic_count_hidden":0,"_bbp_reply_count_hidden":0,"_bbp_forum_subforum_count":0,"footnotes":""},"class_list":["post-26","page","type-page","status-publish","hentry"],"post_mailing_queue_ids":[],"_links":{"self":[{"href":"https:\/\/agora.xtec.cat\/ceip-elroser\/wp-json\/wp\/v2\/pages\/26","targetHints":{"allow":["GET"]}}],"collection":[{"href":"https:\/\/agora.xtec.cat\/ceip-elroser\/wp-json\/wp\/v2\/pages"}],"about":[{"href":"https:\/\/agora.xtec.cat\/ceip-elroser\/wp-json\/wp\/v2\/types\/page"}],"author":[{"embeddable":true,"href":"https:\/\/agora.xtec.cat\/ceip-elroser\/wp-json\/wp\/v2\/users\/1"}],"replies":[{"embeddable":true,"href":"https:\/\/agora.xtec.cat\/ceip-elroser\/wp-json\/wp\/v2\/comments?post=26"}],"version-history":[{"count":4,"href":"https:\/\/agora.xtec.cat\/ceip-elroser\/wp-json\/wp\/v2\/pages\/26\/revisions"}],"predecessor-version":[{"id":2784,"href":"https:\/\/agora.xtec.cat\/ceip-elroser\/wp-json\/wp\/v2\/pages\/26\/revisions\/2784"}],"up":[{"embeddable":true,"href":"https:\/\/agora.xtec.cat\/ceip-elroser\/wp-json\/wp\/v2\/pages\/22"}],"wp:attachment":[{"href":"https:\/\/agora.xtec.cat\/ceip-elroser\/wp-json\/wp\/v2\/media?parent=26"}],"curies":[{"name":"wp","href":"https:\/\/api.w.org\/{rel}","templated":true}]}}

Història

<p>L’edifici de l’Escola El Roser és dels edificis més antics de la comarca i el que més bé ha suportat el pas del temps. Cal remuntar-se a l’any 1921, any que l’Ajuntament comprà els terrenys on s’havia de construir l’escola. Les obres de construcció passaren per moments delicats, fins que el 7 de juny de 1926 se’n feu la inauguració. <a href="https://agora.xtec.cat/ceip-elroser/wp-content/uploads/usu1152/2019/03/Edifici-de-lAjuntament-1.jpg"><img loading="lazy" decoding="async" class="alignleft wp-image-2066" src="https://agora.xtec.cat/ceip-elroser/wp-content/uploads/usu1152/2019/03/Edifici-de-lAjuntament-1-300x197.jpg" alt="" width="400" height="262" srcset="https://agora.xtec.cat/ceip-elroser/wp-content/uploads/usu1152/2019/03/Edifici-de-lAjuntament-1-300x197.jpg 300w, https://agora.xtec.cat/ceip-elroser/wp-content/uploads/usu1152/2019/03/Edifici-de-lAjuntament-1-768x504.jpg 768w, https://agora.xtec.cat/ceip-elroser/wp-content/uploads/usu1152/2019/03/Edifici-de-lAjuntament-1-1024x672.jpg 1024w, https://agora.xtec.cat/ceip-elroser/wp-content/uploads/usu1152/2019/03/Edifici-de-lAjuntament-1.jpg 1046w" sizes="auto, (max-width: 400px) 100vw, 400px" /></a></p>
<p>El progressiu augment del cens escolar fou un problema per al consistori: les dues aules que hi havia eren insuficients per atendre tota la població escolar (manca d’espai, recursos insuficients&#8230;). Durant la dècada dels anys 30, El Poal tenia una escola unitària, una de nens i una de nenes. L’Ajuntament, conscient de la situació, sol·licità ampliar l’escola en dues unitats més, una per a cada sexe, però la Generalitat de Catalunya no ho autoritzà.</p>
<p>A finals de la dècada dels 60 / principis dels 70, es demana fer una remodelació de l’escola i finalment es fa l’aula de pàrvuls. A més, amb la nova llei d’Educació (LGE) es demana l’aplicació de l’ensenyament mixt a tots els cursos.</p>
<p>A partir del curs 92-93, l’escola passa a denominar-se Col·legi Públic El Roser. Aquest nom és escollit en honor a la festa de maig, una de les festes més antigues del poble.</p>
<p>Durant el curs 93-94, amb el desenvolupament de la Reforma Educativa a Primària (LOGSE) i la necessitat de disposar de professorat especialista de música, anglès i educació física per poder aplicar-la, s’estudia la possibilitat de formar una Zona Escolar Rural (ZER) integrada per les escoles: El Roser del Poal, Minyons d’Urgell de Fondarella, El Timó de Sidamon i Rufí Bedoya dels Arcs. En aquest sentit, i veient els avantatges que això pot suposar, s’aprova participar en la convocatòria del Departament d’Ensenyament.</p>
<p>A partir del curs 94-95, l’escola deixarà de ser un centre autònom i passarà a formar part de la ZER PLAUR<a href="https://agora.xtec.cat/ceip-elroser/wp-content/uploads/usu1152/2021/07/logo-Zer-Plaurcén.png"><img loading="lazy" decoding="async" class="wp-image-2783  alignright" src="https://agora.xtec.cat/ceip-elroser/wp-content/uploads/usu1152/2021/07/logo-Zer-Plaurcén-150x150.png" alt="" width="93" height="93" srcset="https://agora.xtec.cat/ceip-elroser/wp-content/uploads/usu1152/2021/07/logo-Zer-Plaurcén-150x150.png 150w, https://agora.xtec.cat/ceip-elroser/wp-content/uploads/usu1152/2021/07/logo-Zer-Plaurcén-300x300.png 300w, https://agora.xtec.cat/ceip-elroser/wp-content/uploads/usu1152/2021/07/logo-Zer-Plaurcén.png 416w" sizes="auto, (max-width: 93px) 100vw, 93px" /></a>CÉN, denominació que significa “Pla d’Urgell Centre” ja que està situada al bell mig de la comarca i s’estableix la seu de la ZER al Poal perquè és l’escola més gran.</p>
<p>Amb la constitució de la ZER i també la dotació de material pedagògic i equipament informàtic per part del Departament a les ZERs, a l’escola del Poal sorgeix la necessitat de disposar d’una altra aula. Per aquest motiu es demana a l’Ajuntament l’actual aula multifuncional, situada a l’entrada central de l’edifici i a mà dreta. Aquest espai, tot i no estar comunicat amb cap aula, servirà en el futur com a sala de mestres, aula d’informàtica i també per fer desdoblaments amb els especialistes, ja que les quatre aules de l’escola estan ocupades pels alumnes i tutors de cada cicle.</p>
<p>Estem en època de grans canvis a l’escola, ja que amb l’aplicació de la Reforma Educativa, totes les escoles passaran a denominar-se CEIP i només impartiran Educació Infantil i Educació Primària fins a 6è. A partir del curs 96-97 i 97-98, primer els alumnes de 7è i després els de 8è, deixaran de pertànyer a l’escola per anar a l’institut de secundària a Mollerussa a cursar 1r i 2n d’ESO.</p>
<p>A partir de l’any 2000 s’inicien negociacions amb el Departament per construir una escola nova.</p>
<p>L&#8217;últim canvi que hi ha hagut a l&#8217;Escola El Roser ha sigut l&#8217;incorporació de la Llar d&#8217;Infants a la dinàmica de funcionament de l&#8217;escola. A partir del curs 16-17, els infants del Poal de més d&#8217;1 any, comencen al centre fent el primer i segon cicle d&#8217;Educació Infantil i acaben realitzant tota l&#8217;Educació Primària.</p>
<p><a href="https://agora.xtec.cat/ceip-elroser/wp-content/uploads/usu1152/2016/10/escola-Roser.jpg"><img loading="lazy" decoding="async" class="aligncenter wp-image-1390 size-large" src="https://agora.xtec.cat/ceip-elroser/wp-content/uploads/usu1152/2016/10/escola-Roser-1024x387.jpg" alt="" width="1024" height="387" srcset="https://agora.xtec.cat/ceip-elroser/wp-content/uploads/usu1152/2016/10/escola-Roser-1024x387.jpg 1024w, https://agora.xtec.cat/ceip-elroser/wp-content/uploads/usu1152/2016/10/escola-Roser-300x113.jpg 300w, https://agora.xtec.cat/ceip-elroser/wp-content/uploads/usu1152/2016/10/escola-Roser-768x290.jpg 768w" sizes="auto, (max-width: 1024px) 100vw, 1024px" /></a></p>
<blockquote><p><strong><sup>Bibliografia</sup></strong><br />
<sup>&#8211; Ajuntament del Poal. &#8220;<em>El Poal. Recull fotogràfic d&#8217;un centenari 1900-2000&#8243;. </em>Pagès editors, 2016</sup><br />
<sup>&#8211; Mestre, E. i Solé, T. &#8220;<em>Escoles i mestres de la Segona República al Pla d&#8217;Urgell</em>&#8220;. Centre de Recerques del Pla d’Urgell “Mascançà”, 2018</sup></p></blockquote>

<p>L’edifici de l’Escola El Roser és dels edificis més antics de la comarca i el que més bé ha suportat el pas del temps. Cal remuntar-se a l’any 1921, any que l’Ajuntament comprà els terrenys on s’havia de construir l’escola. Les obres de construcció passaren&hellip;  <a href="https://agora.xtec.cat/ceip-elroser/lescola/historia/" title="Read Història">Llegeix més»</a></p>
