{"id":2,"date":"2014-09-12T11:10:47","date_gmt":"2014-09-12T09:10:47","guid":{"rendered":"http:\/\/agora.xtec.cat\/ceip-elroser\/?page_id=2"},"modified":"2020-03-04T22:42:59","modified_gmt":"2020-03-04T21:42:59","slug":"pagina-exemple","status":"publish","type":"page","link":"https:\/\/agora.xtec.cat\/ceip-elroser\/documents\/pagina-exemple\/","title":{"rendered":"Carta de comprom\u00eds"},"content":{"rendered":"<p><span style=\"font-family: inherit; font-size: 1em;\">L\u2019objectiu de la carta de comprom\u00eds \u00e9s expressar els objectius necessaris per assolir un entorn de conviv\u00e8ncia i respecte pel desenvolupament de les activitats educatives. Centre i fam\u00edlia s\u2019han d\u2019avenir a compartir els principis que inspiren la carta, i que han de respectar els drets i les llibertats de les fam\u00edlies, aix\u00ed com el projecte educatiu del centre.<\/span><\/p>\n<ul style=\"list-style-type: disc;\">\n<li style=\"color: #444444;\"><span style=\"color: #ff0000;\">Educaci\u00f3 Infantil i Prim\u00e0ria:<\/span><img loading=\"lazy\" decoding=\"async\" class=\"alignright wp-image-2023\" src=\"https:\/\/agora.xtec.cat\/ceip-elroser\/wp-content\/uploads\/usu1152\/2019\/02\/libreta.png\" alt=\"\" width=\"150\" height=\"85\" \/><\/li>\n<\/ul>\n<p><a href=\"https:\/\/agora.xtec.cat\/ceip-elroser\/wp-content\/uploads\/usu1152\/2019\/03\/carta-compromis-POAL.pdf\" target=\"_blank\" rel=\"noopener noreferrer\">carta comprom\u00eds EI-EP<\/a><\/p>\n<ul style=\"list-style-type: disc;\">\n<li style=\"color: #444444;\"><span style=\"color: #ff0000;\">Llar d&#8217;Infants:<\/span><\/li>\n<\/ul>\n<p><a href=\"https:\/\/agora.xtec.cat\/ceip-elroser\/wp-content\/uploads\/usu1152\/2019\/03\/carta-comprom\u00eds-LLAR-DINFANTS.pdf\" target=\"_blank\" rel=\"noopener noreferrer\">carta comprom\u00eds LLAR D&#8217;INFANTS<\/a><\/p>\n","protected":false},"excerpt":{"rendered":"<p>L\u2019objectiu de la carta de comprom\u00eds \u00e9s expressar els objectius necessaris per assolir un entorn de conviv\u00e8ncia i respecte pel desenvolupament de les activitats educatives. Centre i fam\u00edlia s\u2019han d\u2019avenir a compartir els principis que inspiren la carta, i que han de respectar els drets&hellip;  <a href=\"https:\/\/agora.xtec.cat\/ceip-elroser\/documents\/pagina-exemple\/\" title=\"Read Carta de comprom\u00eds\">Llegeix m\u00e9s\u00bb<\/a><\/p>\n","protected":false},"author":1,"featured_media":0,"parent":1801,"menu_order":30,"comment_status":"closed","ping_status":"closed","template":"page-templates\/side-menu.php","meta":{"_bbp_topic_count":0,"_bbp_reply_count":0,"_bbp_total_topic_count":0,"_bbp_total_reply_count":0,"_bbp_voice_count":0,"_bbp_anonymous_reply_count":0,"_bbp_topic_count_hidden":0,"_bbp_reply_count_hidden":0,"_bbp_forum_subforum_count":0,"footnotes":""},"class_list":["post-2","page","type-page","status-publish","hentry"],"post_mailing_queue_ids":[],"_links":{"self":[{"href":"https:\/\/agora.xtec.cat\/ceip-elroser\/wp-json\/wp\/v2\/pages\/2","targetHints":{"allow":["GET"]}}],"collection":[{"href":"https:\/\/agora.xtec.cat\/ceip-elroser\/wp-json\/wp\/v2\/pages"}],"about":[{"href":"https:\/\/agora.xtec.cat\/ceip-elroser\/wp-json\/wp\/v2\/types\/page"}],"author":[{"embeddable":true,"href":"https:\/\/agora.xtec.cat\/ceip-elroser\/wp-json\/wp\/v2\/users\/1"}],"replies":[{"embeddable":true,"href":"https:\/\/agora.xtec.cat\/ceip-elroser\/wp-json\/wp\/v2\/comments?post=2"}],"version-history":[{"count":3,"href":"https:\/\/agora.xtec.cat\/ceip-elroser\/wp-json\/wp\/v2\/pages\/2\/revisions"}],"predecessor-version":[{"id":2410,"href":"https:\/\/agora.xtec.cat\/ceip-elroser\/wp-json\/wp\/v2\/pages\/2\/revisions\/2410"}],"up":[{"embeddable":true,"href":"https:\/\/agora.xtec.cat\/ceip-elroser\/wp-json\/wp\/v2\/pages\/1801"}],"wp:attachment":[{"href":"https:\/\/agora.xtec.cat\/ceip-elroser\/wp-json\/wp\/v2\/media?parent=2"}],"curies":[{"name":"wp","href":"https:\/\/api.w.org\/{rel}","templated":true}]}}

Carta de compromís

<p><span style="font-family: inherit; font-size: 1em;">L’objectiu de la carta de compromís és expressar els objectius necessaris per assolir un entorn de convivència i respecte pel desenvolupament de les activitats educatives. Centre i família s’han d’avenir a compartir els principis que inspiren la carta, i que han de respectar els drets i les llibertats de les famílies, així com el projecte educatiu del centre.</span></p>
<ul style="list-style-type: disc;">
<li style="color: #444444;"><span style="color: #ff0000;">Educació Infantil i Primària:</span><img loading="lazy" decoding="async" class="alignright wp-image-2023" src="https://agora.xtec.cat/ceip-elroser/wp-content/uploads/usu1152/2019/02/libreta.png" alt="" width="150" height="85" /></li>
</ul>
<p><a href="https://agora.xtec.cat/ceip-elroser/wp-content/uploads/usu1152/2019/03/carta-compromis-POAL.pdf" target="_blank" rel="noopener noreferrer">carta compromís EI-EP</a></p>
<ul style="list-style-type: disc;">
<li style="color: #444444;"><span style="color: #ff0000;">Llar d&#8217;Infants:</span></li>
</ul>
<p><a href="https://agora.xtec.cat/ceip-elroser/wp-content/uploads/usu1152/2019/03/carta-compromís-LLAR-DINFANTS.pdf" target="_blank" rel="noopener noreferrer">carta compromís LLAR D&#8217;INFANTS</a></p>

<p>L’objectiu de la carta de compromís és expressar els objectius necessaris per assolir un entorn de convivència i respecte pel desenvolupament de les activitats educatives. Centre i família s’han d’avenir a compartir els principis que inspiren la carta, i que han de respectar els drets&hellip;  <a href="https://agora.xtec.cat/ceip-elroser/documents/pagina-exemple/" title="Read Carta de compromís">Llegeix més»</a></p>
