{"id":915,"date":"2020-03-24T20:43:43","date_gmt":"2020-03-24T19:43:43","guid":{"rendered":"https:\/\/agora.xtec.cat\/ceip-eldrac\/?page_id=915"},"modified":"2022-05-09T11:45:13","modified_gmt":"2022-05-09T09:45:13","slug":"collaboracions","status":"publish","type":"page","link":"https:\/\/agora.xtec.cat\/ceip-eldrac\/afa\/collaboracions\/","title":{"rendered":"Col\u00b7laboracions"},"content":{"rendered":"<p class=\"font_8\"><span style=\"color: #0988a9;\"><strong>COL\u00b7LABORACIONS DE L&#8217;AFA EN EL DIA A DIA ESCOLAR<\/strong><\/span><\/p>\n<hr \/>\n<blockquote><p><strong>Panellets<\/strong><\/p><\/blockquote>\n<p class=\"font_8\">L\u2019 Escola juntament amb l&#8217;AFA organitzen l\u2019elaboraci\u00f3 dels panellets els dies previs a la Castanyada. Es<br \/>\ndemana la col\u00b7laboraci\u00f3 de tres o quatre pares\/mares voluntari\/es per ajudar a fer els panellets. Per a la compra<br \/>\nd\u2019ingredients i elaboraci\u00f3 dels mateixos a la cuina de l\u2019escola amb l\u2019ajuda dels nens, per a que els puguin menjar a<br \/>\ncasa seva.<\/p>\n<blockquote>\n<p class=\"font_8\"><span class=\"wixGuard\">\u200b<\/span><strong style=\"font-family: inherit; font-size: 1em;\">Festa de Nadal<\/strong><\/p>\n<\/blockquote>\n<p class=\"font_8\">Les activitats dels infants en aquest dia s\u00f3n organitzades pels mestres de l\u2019escola ambo la col\u00b7laboraci\u00f3 amb l&#8217;AFA.<\/p>\n<blockquote>\n<p class=\"font_8\"><strong>Festa Carnestoltes<\/strong><\/p>\n<\/blockquote>\n<p class=\"font_8\">L\u2019Escola organitza amb la col\u00b7laboraci\u00f3 de l&#8217;AFA aquest festa oberta a totes les fam\u00edlies.<\/p>\n<blockquote>\n<p class=\"font_8\"><span class=\"wixGuard\">\u200b<\/span><span class=\"wixGuard\" style=\"font-family: inherit; font-size: 1em;\">\u200b<\/span><strong style=\"font-family: inherit; font-size: 1em;\">Sant Jordi<\/strong><\/p>\n<\/blockquote>\n<p class=\"font_8\">L\u2019 AMPA organitza una parada de roses i llibres on nens, nenes, pares i mares poden anar a remenar i comprar.<\/p>\n<p><strong><span style=\"color: #808080;\"><span class=\"wixGuard\">\u200b\u00a0 \u00a0 <span style=\"color: #808080;\">\u00a0Exhibici\u00f3 extraescolars<\/span><\/span><\/span><\/strong><\/p>\n<p>En finalitzar el curs , l\u2019AMPA organitza junt amb els monitors d\u2019extraescolars una mostra de les activitats<\/p>\n<blockquote>\n<p class=\"font_8\"><strong>Festa fi de curs i comiat alumnes 6\u00e8<\/strong><\/p>\n<\/blockquote>\n<p class=\"font_8\">En finalitzar el curs, l\u2019Escola organitza un festa de fi de curs.<br \/>\nEls mestres, companys i familiars acomiaden als alumnes de 6\u00e8 que deixen l\u2019escola per anar a l\u2019Institut, i l\u2019 Ampa els<br \/>\nfa un petit obsequi de record.<br \/>\nEn acabar s\u2019organitza un berenar\/sopar per a tothom.<\/p>\n<blockquote>\n<p class=\"font_8\"><span class=\"wixGuard\">\u200b<\/span><strong>Xerrades Educatives per a fam\u00edlies<\/strong><\/p>\n<\/blockquote>\n<p>&nbsp;<\/p>\n<p class=\"font_8\"><span style=\"color: #0988a9;\"><strong>PETITES ACCIONS ON COL\u00b7LABORA L\u2019AMPA<\/strong><\/span><\/p>\n<hr \/>\n<p><strong>Accions curs 2019-2020<\/strong><br \/>\n\u25cf Aportaci\u00f3 en equipacions a l\u2019escola, en cost de material i despeses per les activitats escolars i extraescolars,<br \/>\nfestes, berenars, panellets, regals de comiat i obsequis per mestres, etc&#8230;<br \/>\n\u25cf Aportaci\u00f3 i col\u00b7laboraci\u00f3 en el nou projecte de patis de l\u2019Escola.<br \/>\n\u25cf Aportaci\u00f3 en mobiliari i renovaci\u00f3 d\u2019utensilis del menjador.<br \/>\n\u25cf Aportaci\u00f3 de llibres per la biblioteca.<br \/>\n\u25cf Xerrada: Ensenya&#8217;ls a volar<br \/>\n\u25cf Xerrada:Xerrada grans emocions per a petit@s<\/p>\n<p><strong>Accions durant el curs escolar 2019-2020<\/strong><br \/>\n\u25cf Aportaci\u00f3 de 20\u20ac per fam\u00edlia en el cost del material escolar per a les fam\u00edlies amb un sol fill.<br \/>\n\u25cf Aportaci\u00f3 de 25\u20ac per fam\u00edlia en el cost del material escolar per a fam\u00edlies amb m\u00e9s de un fill.<br \/>\n\u25cf Aportaci\u00f3 en equipacions a l\u2019escola: projectors i material psicomotricitat.<br \/>\n\u25cf Aportaci\u00f3 en cost de material i despeses per les activitats escolars i extraescolars, festes, berenars, panellets,<br \/>\nregals de comiat i obsequis per mestres, etc\u2026<br \/>\n\u25cf Aportaci\u00f3 material i mobiliari per el menjador<br \/>\n\u25cf Aportaci\u00f3 de llibres per la biblioteca.<\/p>\n<p><strong>Accions durant el curs escolar 2019-2020<\/strong><br \/>\n\u25cf Col\u00b7laboraci\u00f3 material escolar<br \/>\n\u25cf Col\u00b7laboraci\u00f3 material i mobiliari per el menjador<br \/>\n\u25cf Col\u00b7laboraci\u00f3 material extraescolars<br \/>\n\u25cf Col\u00b7laboraci\u00f3 comiat nens de 6\u00e8<br \/>\n\u25cf Col\u00b7laboraci\u00f3 Panellets<br \/>\n\u25cf Col\u00b7laboraci\u00f3 cantata de Nadal<br \/>\n\u25cf Xocolatada i berenar<\/p>\n<p><strong>Accions anys anteriors<\/strong><br \/>\n\u25cf Obtenci\u00f3 i instal\u00b7laci\u00f3 d\u2019ordinadors reciclats<br \/>\n\u25cf Compra de material per a extraescolars (\u201ccolxoneta\u201d, radio-cd, complements)<br \/>\n\u25cf Cortines Screen per al passad\u00eds de Prim\u00e0ria<br \/>\n\u25cf Aportaci\u00f3 de Llibres per a la Biblioteca<br \/>\n\u25cf Classificaci\u00f3 de tot el material de Biblioteca mitjan\u00e7ant personal qualificat.<br \/>\n\u25cf Cortines Screen per al aules educaci\u00f3 infantil<br \/>\n\u25cf Compra de C\u00e0mera v\u00eddeo<br \/>\n\u25cf Aportaci\u00f3 de 20 \u20ac\/ nen en el material escolar<br \/>\n\u25cf Parada de Sant Jordi , els beneficis obtinguts es donen a l\u2019Escola per la compra de llibres per a tots els cursos<br \/>\n\u25cf Festival de les extraescolars<br \/>\n\u25cf Col\u00b7laboraci\u00f3 Festa Fi de Curs Escola<\/p>\n<p class=\"font_8\"><span style=\"color: #0988a9;\"><strong>AGRA\u00cfMENTS<\/strong><\/span><\/p>\n<hr \/>\n<p class=\"font_8\">Als mestres i les mestres de l\u2019escola i a l&#8217;equip directiu per la seva constant col\u00b7laboraci\u00f3 i participaci\u00f3.<\/p>\n<p class=\"font_8\">A les monitores i cuinera \u00a0del menjador pel seu ajut incondicional.<\/p>\n<p class=\"font_8\">A tots els monitors, monitores\u00a0 i empreses que fan possible la realitzaci\u00f3 de les activitats extraescolars.<\/p>\n<p class=\"font_8\">A tots els pares i mares que de manera altruista i incondicional col\u00b7laboren en l&#8217;organitzaci\u00f3 i participaci\u00f3 d\u2019activitats proposades per l&#8217;AFA.<\/p>\n<p class=\"font_8\">A les nenes i els nens que sense la seva energia i simpatia res de tot aix\u00f2 seria possible.<\/p>\n<p class=\"font_8\">A l\u2019Ajuntament i les empreses per \u00a0col\u00b7laborar amb tots i totes nosaltres.<\/p>\n<p class=\"font_8\" style=\"text-align: center;\"><strong>Moltes gr\u00e0cies per la vostra col\u00b7laboraci\u00f3!<\/strong><\/p>\n<p>Qualsevol suggeriment, dubte o iniciativa estem a la vostra disposici\u00f3 a <a href=\"http:\/\/+\">ampaescolaeldrac@gmail.com<\/a><\/p>\n","protected":false},"excerpt":{"rendered":"<p>COL\u00b7LABORACIONS DE L&#8217;AFA EN EL DIA A DIA ESCOLAR<\/p>\n<p>Panellets<br \/>\nL\u2019 Escola juntament amb l&#8217;AFA organitzen l\u2019elaboraci\u00f3 dels panellets els dies previs a la Castanyada. Es<br \/>\ndemana la col\u00b7laboraci\u00f3 de tres o quatre pares\/mares voluntari\/es per ajudar a fer els panellets. Per a la compra<br \/>\nd\u2019ingredients i elaboraci\u00f3 dels&hellip;  <a href=\"https:\/\/agora.xtec.cat\/ceip-eldrac\/afa\/collaboracions\/\" title=\"Read Col\u00b7laboracions\">Llegeix m\u00e9s\u00bb<\/a><\/p>\n","protected":false},"author":1,"featured_media":0,"parent":906,"menu_order":4,"comment_status":"closed","ping_status":"closed","template":"","meta":{"_bbp_topic_count":0,"_bbp_reply_count":0,"_bbp_total_topic_count":0,"_bbp_total_reply_count":0,"_bbp_voice_count":0,"_bbp_anonymous_reply_count":0,"_bbp_topic_count_hidden":0,"_bbp_reply_count_hidden":0,"_bbp_forum_subforum_count":0,"footnotes":""},"class_list":["post-915","page","type-page","status-publish","hentry"],"post_mailing_queue_ids":[],"_links":{"self":[{"href":"https:\/\/agora.xtec.cat\/ceip-eldrac\/wp-json\/wp\/v2\/pages\/915","targetHints":{"allow":["GET"]}}],"collection":[{"href":"https:\/\/agora.xtec.cat\/ceip-eldrac\/wp-json\/wp\/v2\/pages"}],"about":[{"href":"https:\/\/agora.xtec.cat\/ceip-eldrac\/wp-json\/wp\/v2\/types\/page"}],"author":[{"embeddable":true,"href":"https:\/\/agora.xtec.cat\/ceip-eldrac\/wp-json\/wp\/v2\/users\/1"}],"replies":[{"embeddable":true,"href":"https:\/\/agora.xtec.cat\/ceip-eldrac\/wp-json\/wp\/v2\/comments?post=915"}],"version-history":[{"count":3,"href":"https:\/\/agora.xtec.cat\/ceip-eldrac\/wp-json\/wp\/v2\/pages\/915\/revisions"}],"predecessor-version":[{"id":7199,"href":"https:\/\/agora.xtec.cat\/ceip-eldrac\/wp-json\/wp\/v2\/pages\/915\/revisions\/7199"}],"up":[{"embeddable":true,"href":"https:\/\/agora.xtec.cat\/ceip-eldrac\/wp-json\/wp\/v2\/pages\/906"}],"wp:attachment":[{"href":"https:\/\/agora.xtec.cat\/ceip-eldrac\/wp-json\/wp\/v2\/media?parent=915"}],"curies":[{"name":"wp","href":"https:\/\/api.w.org\/{rel}","templated":true}]}}