{"id":8210,"date":"2024-02-01T14:55:14","date_gmt":"2024-02-01T13:55:14","guid":{"rendered":"https:\/\/agora.xtec.cat\/ceip-eldrac\/?page_id=8210"},"modified":"2024-02-01T15:58:23","modified_gmt":"2024-02-01T14:58:23","slug":"estrategia","status":"publish","type":"page","link":"https:\/\/agora.xtec.cat\/ceip-eldrac\/estrategia-digital-de-centre\/estrategia\/","title":{"rendered":"Estrat\u00e8gia"},"content":{"rendered":"<p>L&#8217;estrat\u00e8gia digital busca com objectiu principal definir el treball digital que es dur\u00e0 a terme al centre durant tota l&#8217;etapa educativa. Les fases de l&#8217;EDC s\u00f3n les seg\u00fcents:<\/p>\n<p><img decoding=\"async\" src=\"https:\/\/projectes.xtec.cat\/edc-suport\/wp-content\/uploads\/usu2435\/2021\/03\/3_Fases-de-lEDC_v3-1024x724.jpg\" \/><\/p>\n<p style=\"text-align: center;\"><a class=\"button normal\" style=\"padding: 1em; font-weight: 400; margin: 0.1em; color: white !important; background-color: #ff5a26bf;\" href=\"https:\/\/agora.xtec.cat\/ceip-eldrac\/estrategia-digital-de-centre\/estrategia\/diagnosi\/\" rel=\"noopener noreferrer\">Diagnosi<\/a><a class=\"button normal\" style=\"padding: 1em; font-weight: 400; margin: 0.1em; color: white !important; background-color: #1fa799;\" href=\"https:\/\/agora.xtec.cat\/ceip-eldrac\/estrategia-digital-de-centre\/estrategia\/objectius-i-actuacions\/\" rel=\"noopener noreferrer\">Objectius i actuacions<\/a><a class=\"button normal\" style=\"padding: 1em; font-weight: 400; margin: 0.1em; color: white !important; background-color: #1fa799bf;\" href=\"https:\/\/agora.xtec.cat\/ceip-eldrac\/estrategia-digital-de-centre\/estrategia\/avaluacio\/\" rel=\"noopener noreferrer\">Avaluaci\u00f3<\/a><\/p>\n","protected":false},"excerpt":{"rendered":"<p>L&#8217;estrat\u00e8gia digital busca com objectiu principal definir el treball digital que es dur\u00e0 a terme al centre durant tota l&#8217;etapa educativa. Les fases de l&#8217;EDC s\u00f3n les seg\u00fcents:<\/p>\n<p><a class=\"button normal\" style=\"padding: 1em; font-weight: 400; margin: 0.1em; color: white !important; background-color: #ff5a26bf;\" href=\"https:\/\/agora.xtec.cat\/ceip-eldrac\/estrategia-digital-de-centre\/estrategia\/diagnosi\/\" rel=\"noopener noreferrer\">Diagnosi<\/a><a class=\"button&hellip;  <a href=\"https:\/\/agora.xtec.cat\/ceip-eldrac\/estrategia-digital-de-centre\/estrategia\/\" title=\"Read Estrat\u00e8gia\">Llegeix m\u00e9s\u00bb<\/a><\/p>\n","protected":false},"author":1,"featured_media":0,"parent":8207,"menu_order":1,"comment_status":"closed","ping_status":"closed","template":"","meta":{"_bbp_topic_count":0,"_bbp_reply_count":0,"_bbp_total_topic_count":0,"_bbp_total_reply_count":0,"_bbp_voice_count":0,"_bbp_anonymous_reply_count":0,"_bbp_topic_count_hidden":0,"_bbp_reply_count_hidden":0,"_bbp_forum_subforum_count":0,"footnotes":""},"class_list":["post-8210","page","type-page","status-publish","hentry"],"post_mailing_queue_ids":[],"_links":{"self":[{"href":"https:\/\/agora.xtec.cat\/ceip-eldrac\/wp-json\/wp\/v2\/pages\/8210","targetHints":{"allow":["GET"]}}],"collection":[{"href":"https:\/\/agora.xtec.cat\/ceip-eldrac\/wp-json\/wp\/v2\/pages"}],"about":[{"href":"https:\/\/agora.xtec.cat\/ceip-eldrac\/wp-json\/wp\/v2\/types\/page"}],"author":[{"embeddable":true,"href":"https:\/\/agora.xtec.cat\/ceip-eldrac\/wp-json\/wp\/v2\/users\/1"}],"replies":[{"embeddable":true,"href":"https:\/\/agora.xtec.cat\/ceip-eldrac\/wp-json\/wp\/v2\/comments?post=8210"}],"version-history":[{"count":4,"href":"https:\/\/agora.xtec.cat\/ceip-eldrac\/wp-json\/wp\/v2\/pages\/8210\/revisions"}],"predecessor-version":[{"id":8241,"href":"https:\/\/agora.xtec.cat\/ceip-eldrac\/wp-json\/wp\/v2\/pages\/8210\/revisions\/8241"}],"up":[{"embeddable":true,"href":"https:\/\/agora.xtec.cat\/ceip-eldrac\/wp-json\/wp\/v2\/pages\/8207"}],"wp:attachment":[{"href":"https:\/\/agora.xtec.cat\/ceip-eldrac\/wp-json\/wp\/v2\/media?parent=8210"}],"curies":[{"name":"wp","href":"https:\/\/api.w.org\/{rel}","templated":true}]}}