{"id":820,"date":"2020-03-22T12:24:42","date_gmt":"2020-03-22T11:24:42","guid":{"rendered":"https:\/\/agora.xtec.cat\/ceip-eldrac\/?page_id=820"},"modified":"2020-11-14T17:25:32","modified_gmt":"2020-11-14T16:25:32","slug":"projecte-linguistic","status":"publish","type":"page","link":"https:\/\/agora.xtec.cat\/ceip-eldrac\/documents-de-centre\/projecte-linguistic\/","title":{"rendered":"Projecte ling\u00fc\u00edstic"},"content":{"rendered":"<p><a href=\"https:\/\/agora.xtec.cat\/ceip-eldrac\/wp-content\/uploads\/usu2075\/2020\/03\/PL-El-Drac-2020.pdf\" target=\"_blank\" rel=\"noopener noreferrer\">\u21d2 Link: Projecte Ling\u00fc\u00edstic<\/a><\/p>\n<p>El Projecte Ling\u00fc\u00edstic de Centre (PLC), integrat dins del nostre Projecte Educatiu de Centre (PEC), \u00e9s el document que defineix el tractament de les diferents lleng\u00fces i de la comunicaci\u00f3 que compartim en els diferents \u00e0mbits de l\u2019escola, tenint en compte la realitat socioling\u00fc\u00edstica m\u00e9s propera dels infants i sempre d\u2019acord amb la normativa vigent.<\/p>\n<p>En el projecte ling\u00fc\u00edstic es contempla aspectes fonamentals com \u00a0el respecte i la riquesa de la diversitat ling\u00fc\u00edstica, la necessitat de comunicaci\u00f3 dels nostres infants per integrar-se i relacionar-se a l\u2019escola i a la societat, aix\u00ed com l\u2019\u00fas de la llengua com a eina d\u2019aprenentatge. Aspectes que els ajudaran a integrar-se dins d\u2019aquest m\u00f3n \u00a0plural, multiling\u00fce i multicultural del segle XXI.<\/p>\n<p>L\u2019escola vetllar\u00e0 pel coneixement de la llengua catalana, que ser\u00e0 la llengua vehicular d&#8217;aprenentatge i comunicaci\u00f3 de centre, aix\u00ed com pel coneixement de la llengua castellana i l&#8217;anglesa fent el tractament espec\u00edfic de cadascuna d\u2019elles. El coneixement de les tres lleng\u00fces facilitar\u00e0 el desenvolupament de la compet\u00e8ncia pluriling\u00fce i intercultural.<\/p>\n","protected":false},"excerpt":{"rendered":"<p><a href=\"https:\/\/agora.xtec.cat\/ceip-eldrac\/wp-content\/uploads\/usu2075\/2020\/03\/PL-El-Drac-2020.pdf\" target=\"_blank\" rel=\"noopener noreferrer\">\u21d2 Link: Projecte Ling\u00fc\u00edstic<\/a><br \/>\nEl Projecte Ling\u00fc\u00edstic de Centre (PLC), integrat dins del nostre Projecte Educatiu de Centre (PEC), \u00e9s el document que defineix el tractament de les diferents lleng\u00fces i de la comunicaci\u00f3 que compartim en els diferents \u00e0mbits de l\u2019escola,&hellip;  <a href=\"https:\/\/agora.xtec.cat\/ceip-eldrac\/documents-de-centre\/projecte-linguistic\/\" title=\"Read Projecte ling\u00fc\u00edstic\">Llegeix m\u00e9s\u00bb<\/a><\/p>\n","protected":false},"author":1,"featured_media":0,"parent":1054,"menu_order":0,"comment_status":"closed","ping_status":"closed","template":"page-templates\/side-menu.php","meta":{"_bbp_topic_count":0,"_bbp_reply_count":0,"_bbp_total_topic_count":0,"_bbp_total_reply_count":0,"_bbp_voice_count":0,"_bbp_anonymous_reply_count":0,"_bbp_topic_count_hidden":0,"_bbp_reply_count_hidden":0,"_bbp_forum_subforum_count":0,"footnotes":""},"class_list":["post-820","page","type-page","status-publish","hentry"],"post_mailing_queue_ids":[],"_links":{"self":[{"href":"https:\/\/agora.xtec.cat\/ceip-eldrac\/wp-json\/wp\/v2\/pages\/820","targetHints":{"allow":["GET"]}}],"collection":[{"href":"https:\/\/agora.xtec.cat\/ceip-eldrac\/wp-json\/wp\/v2\/pages"}],"about":[{"href":"https:\/\/agora.xtec.cat\/ceip-eldrac\/wp-json\/wp\/v2\/types\/page"}],"author":[{"embeddable":true,"href":"https:\/\/agora.xtec.cat\/ceip-eldrac\/wp-json\/wp\/v2\/users\/1"}],"replies":[{"embeddable":true,"href":"https:\/\/agora.xtec.cat\/ceip-eldrac\/wp-json\/wp\/v2\/comments?post=820"}],"version-history":[{"count":4,"href":"https:\/\/agora.xtec.cat\/ceip-eldrac\/wp-json\/wp\/v2\/pages\/820\/revisions"}],"predecessor-version":[{"id":5081,"href":"https:\/\/agora.xtec.cat\/ceip-eldrac\/wp-json\/wp\/v2\/pages\/820\/revisions\/5081"}],"up":[{"embeddable":true,"href":"https:\/\/agora.xtec.cat\/ceip-eldrac\/wp-json\/wp\/v2\/pages\/1054"}],"wp:attachment":[{"href":"https:\/\/agora.xtec.cat\/ceip-eldrac\/wp-json\/wp\/v2\/media?parent=820"}],"curies":[{"name":"wp","href":"https:\/\/api.w.org\/{rel}","templated":true}]}}