{"id":574,"date":"2019-02-27T01:12:10","date_gmt":"2019-02-27T00:12:10","guid":{"rendered":"http:\/\/agora.xtec.cat\/ceip-eladihoms-valls\/?page_id=574"},"modified":"2025-11-30T10:50:38","modified_gmt":"2025-11-30T09:50:38","slug":"radio-eladi-homs","status":"publish","type":"page","link":"https:\/\/agora.xtec.cat\/ceip-eladihoms-valls\/comunicacio\/radio-eladi-homs\/","title":{"rendered":"R\u00e0dio Eladi Homs"},"content":{"rendered":"\n<p><a href=\"https:\/\/www.podomatic.com\/podcasts\/radioeladihoms\"><img loading=\"lazy\" decoding=\"async\" class=\" wp-image-8264\" src=\"https:\/\/agora.xtec.cat\/ceip-eladihoms-valls\/wp-content\/uploads\/usu1067\/2025\/09\/definitiu_ELADI-HOMS-RADIO-FINAL-color-scaled.jpeg\" alt=\"\" width=\"191\" height=\"157\" srcset=\"https:\/\/agora.xtec.cat\/ceip-eladihoms-valls\/wp-content\/uploads\/usu1067\/2025\/09\/definitiu_ELADI-HOMS-RADIO-FINAL-color-scaled.jpeg 2560w, https:\/\/agora.xtec.cat\/ceip-eladihoms-valls\/wp-content\/uploads\/usu1067\/2025\/09\/definitiu_ELADI-HOMS-RADIO-FINAL-color-300x247.jpeg 300w, https:\/\/agora.xtec.cat\/ceip-eladihoms-valls\/wp-content\/uploads\/usu1067\/2025\/09\/definitiu_ELADI-HOMS-RADIO-FINAL-color-1024x843.jpeg 1024w, https:\/\/agora.xtec.cat\/ceip-eladihoms-valls\/wp-content\/uploads\/usu1067\/2025\/09\/definitiu_ELADI-HOMS-RADIO-FINAL-color-768x632.jpeg 768w, https:\/\/agora.xtec.cat\/ceip-eladihoms-valls\/wp-content\/uploads\/usu1067\/2025\/09\/definitiu_ELADI-HOMS-RADIO-FINAL-color-1536x1265.jpeg 1536w, https:\/\/agora.xtec.cat\/ceip-eladihoms-valls\/wp-content\/uploads\/usu1067\/2025\/09\/definitiu_ELADI-HOMS-RADIO-FINAL-color-2048x1686.jpeg 2048w\" sizes=\"auto, (max-width: 191px) 100vw, 191px\" \/>CLIQUEU I ESCOLTEU-NOS!<\/a><\/p>\n\n\n\n<p>Un dels eixos en el treball de les lleng\u00fces a l\u2019Escola Eladi Homs \u00e9s el coneixement del so i el domini de la veu. Per oferir a l\u2019alumnat un context real de comunicaci\u00f3, fa anys vam engegar el projecte de <strong data-start=\"415\" data-end=\"435\">R\u00e0dio Eladi Homs<\/strong>, adaptat a les caracter\u00edstiques i necessitats dels infants de totes les edats i vinculat al treball de llengua que fem a l\u2019aula. Les eines digitals del centre ens hi donen suport: <strong data-start=\"616\" data-end=\"673\">la taula de so, els micr\u00f2fons i la gravadora port\u00e0til<\/strong>, un <strong data-start=\"678\" data-end=\"690\">port\u00e0til<\/strong> amb el programa d\u2019edici\u00f3 <strong data-start=\"716\" data-end=\"728\">Audacity<\/strong> i <strong data-start=\"731\" data-end=\"775\">recursos sonors lliures de drets d\u2019autor<\/strong>.<\/p>\n\n\n\n<p>El dia de <strong data-start=\"788\" data-end=\"810\">Sant Jordi de 2009<\/strong> vam iniciar les emissions de R\u00e0dio Eladi Homs. Des d\u2019<strong data-start=\"864\" data-end=\"892\">I3 fins a 6\u00e8 de prim\u00e0ria<\/strong>, l\u2019alumnat participa en la creaci\u00f3 de textos i guions, en l\u2019enregistrament i en la locuci\u00f3 dels programes.<\/p>\n\n\n\n<div class=\"wp-block-getwid-images-slider has-arrows-inside has-dots-inside is-carousel has-slides-gap-none has-images-center has-fitted-images has-fixed-height\"><div class=\"wp-block-getwid-images-slider__wrapper\" data-effect=\"slide\" data-slides-show=\"3\" data-slides-show-laptop=\"3\" data-slides-show-tablet=\"3\" data-slides-show-mobile=\"3\" data-slides-scroll=\"1\" data-autoplay=\"false\" data-pause-hover=\"false\" data-autoplay-speed=\"6000\" data-infinite=\"true\" data-animation-speed=\"800\" data-center-mode=\"false\" data-variable-width=\"false\" data-arrows=\"inside\" data-dots=\"inside\" data-spacing=\"none\"><div class=\"wp-block-getwid-images-slider__item\" style=\"height:250px\"><figure><img loading=\"lazy\" decoding=\"async\" width=\"1200\" height=\"1600\" src=\"https:\/\/agora.xtec.cat\/ceip-eladihoms-valls\/wp-content\/uploads\/usu1067\/2025\/11\/IMG-20251029-WA0026.jpg\" data-id=\"8369\" data-link=\"https:\/\/agora.xtec.cat\/ceip-eladihoms-valls\/comunicacio\/radio-eladi-homs\/attachment\/img-20251029-wa0026\/\" data-original-link=\"https:\/\/agora.xtec.cat\/ceip-eladihoms-valls\/wp-content\/uploads\/usu1067\/2025\/11\/IMG-20251029-WA0026.jpg\" class=\"wp-block-getwid-images-slider__image wp-image-8369\" srcset=\"https:\/\/agora.xtec.cat\/ceip-eladihoms-valls\/wp-content\/uploads\/usu1067\/2025\/11\/IMG-20251029-WA0026.jpg 1200w, https:\/\/agora.xtec.cat\/ceip-eladihoms-valls\/wp-content\/uploads\/usu1067\/2025\/11\/IMG-20251029-WA0026-225x300.jpg 225w, https:\/\/agora.xtec.cat\/ceip-eladihoms-valls\/wp-content\/uploads\/usu1067\/2025\/11\/IMG-20251029-WA0026-768x1024.jpg 768w, https:\/\/agora.xtec.cat\/ceip-eladihoms-valls\/wp-content\/uploads\/usu1067\/2025\/11\/IMG-20251029-WA0026-1152x1536.jpg 1152w\" sizes=\"auto, (max-width: 1200px) 100vw, 1200px\" \/><\/figure><\/div><div class=\"wp-block-getwid-images-slider__item\" style=\"height:250px\"><figure><img loading=\"lazy\" decoding=\"async\" width=\"2560\" height=\"1440\" src=\"https:\/\/agora.xtec.cat\/ceip-eladihoms-valls\/wp-content\/uploads\/usu1067\/2025\/11\/IMG-20251002-WA0018-scaled.jpeg\" data-id=\"8368\" data-link=\"https:\/\/agora.xtec.cat\/ceip-eladihoms-valls\/comunicacio\/radio-eladi-homs\/attachment\/img-20251002-wa0018\/\" data-original-link=\"https:\/\/agora.xtec.cat\/ceip-eladihoms-valls\/wp-content\/uploads\/usu1067\/2025\/11\/IMG-20251002-WA0018-scaled.jpeg\" class=\"wp-block-getwid-images-slider__image wp-image-8368\" srcset=\"https:\/\/agora.xtec.cat\/ceip-eladihoms-valls\/wp-content\/uploads\/usu1067\/2025\/11\/IMG-20251002-WA0018-scaled.jpeg 2560w, https:\/\/agora.xtec.cat\/ceip-eladihoms-valls\/wp-content\/uploads\/usu1067\/2025\/11\/IMG-20251002-WA0018-300x169.jpeg 300w, https:\/\/agora.xtec.cat\/ceip-eladihoms-valls\/wp-content\/uploads\/usu1067\/2025\/11\/IMG-20251002-WA0018-1024x576.jpeg 1024w, https:\/\/agora.xtec.cat\/ceip-eladihoms-valls\/wp-content\/uploads\/usu1067\/2025\/11\/IMG-20251002-WA0018-768x432.jpeg 768w, https:\/\/agora.xtec.cat\/ceip-eladihoms-valls\/wp-content\/uploads\/usu1067\/2025\/11\/IMG-20251002-WA0018-1536x864.jpeg 1536w, https:\/\/agora.xtec.cat\/ceip-eladihoms-valls\/wp-content\/uploads\/usu1067\/2025\/11\/IMG-20251002-WA0018-2048x1152.jpeg 2048w\" sizes=\"auto, (max-width: 2560px) 100vw, 2560px\" \/><\/figure><\/div><div class=\"wp-block-getwid-images-slider__item\" style=\"height:250px\"><figure><img loading=\"lazy\" decoding=\"async\" width=\"1200\" height=\"1600\" src=\"https:\/\/agora.xtec.cat\/ceip-eladihoms-valls\/wp-content\/uploads\/usu1067\/2025\/11\/IMG-20251117-WA0005.jpg\" data-id=\"8367\" data-link=\"https:\/\/agora.xtec.cat\/ceip-eladihoms-valls\/comunicacio\/radio-eladi-homs\/attachment\/img-20251117-wa0005\/\" data-original-link=\"https:\/\/agora.xtec.cat\/ceip-eladihoms-valls\/wp-content\/uploads\/usu1067\/2025\/11\/IMG-20251117-WA0005.jpg\" class=\"wp-block-getwid-images-slider__image wp-image-8367\" srcset=\"https:\/\/agora.xtec.cat\/ceip-eladihoms-valls\/wp-content\/uploads\/usu1067\/2025\/11\/IMG-20251117-WA0005.jpg 1200w, https:\/\/agora.xtec.cat\/ceip-eladihoms-valls\/wp-content\/uploads\/usu1067\/2025\/11\/IMG-20251117-WA0005-225x300.jpg 225w, https:\/\/agora.xtec.cat\/ceip-eladihoms-valls\/wp-content\/uploads\/usu1067\/2025\/11\/IMG-20251117-WA0005-768x1024.jpg 768w, https:\/\/agora.xtec.cat\/ceip-eladihoms-valls\/wp-content\/uploads\/usu1067\/2025\/11\/IMG-20251117-WA0005-1152x1536.jpg 1152w\" sizes=\"auto, (max-width: 1200px) 100vw, 1200px\" \/><\/figure><\/div><div class=\"wp-block-getwid-images-slider__item\" style=\"height:250px\"><figure><img loading=\"lazy\" decoding=\"async\" width=\"1200\" height=\"1600\" src=\"https:\/\/agora.xtec.cat\/ceip-eladihoms-valls\/wp-content\/uploads\/usu1067\/2025\/11\/IMG-20251029-WA0013.jpg\" data-id=\"8366\" data-link=\"https:\/\/agora.xtec.cat\/ceip-eladihoms-valls\/comunicacio\/radio-eladi-homs\/attachment\/img-20251029-wa0013\/\" data-original-link=\"https:\/\/agora.xtec.cat\/ceip-eladihoms-valls\/wp-content\/uploads\/usu1067\/2025\/11\/IMG-20251029-WA0013.jpg\" class=\"wp-block-getwid-images-slider__image wp-image-8366\" srcset=\"https:\/\/agora.xtec.cat\/ceip-eladihoms-valls\/wp-content\/uploads\/usu1067\/2025\/11\/IMG-20251029-WA0013.jpg 1200w, https:\/\/agora.xtec.cat\/ceip-eladihoms-valls\/wp-content\/uploads\/usu1067\/2025\/11\/IMG-20251029-WA0013-225x300.jpg 225w, https:\/\/agora.xtec.cat\/ceip-eladihoms-valls\/wp-content\/uploads\/usu1067\/2025\/11\/IMG-20251029-WA0013-768x1024.jpg 768w, https:\/\/agora.xtec.cat\/ceip-eladihoms-valls\/wp-content\/uploads\/usu1067\/2025\/11\/IMG-20251029-WA0013-1152x1536.jpg 1152w\" sizes=\"auto, (max-width: 1200px) 100vw, 1200px\" \/><\/figure><\/div><div class=\"wp-block-getwid-images-slider__item\" style=\"height:250px\"><figure><img loading=\"lazy\" decoding=\"async\" width=\"1200\" height=\"1600\" src=\"https:\/\/agora.xtec.cat\/ceip-eladihoms-valls\/wp-content\/uploads\/usu1067\/2025\/11\/IMG-20251117-WA0012.jpg\" data-id=\"8365\" data-link=\"https:\/\/agora.xtec.cat\/ceip-eladihoms-valls\/comunicacio\/radio-eladi-homs\/attachment\/img-20251117-wa0012\/\" data-original-link=\"https:\/\/agora.xtec.cat\/ceip-eladihoms-valls\/wp-content\/uploads\/usu1067\/2025\/11\/IMG-20251117-WA0012.jpg\" class=\"wp-block-getwid-images-slider__image wp-image-8365\" srcset=\"https:\/\/agora.xtec.cat\/ceip-eladihoms-valls\/wp-content\/uploads\/usu1067\/2025\/11\/IMG-20251117-WA0012.jpg 1200w, https:\/\/agora.xtec.cat\/ceip-eladihoms-valls\/wp-content\/uploads\/usu1067\/2025\/11\/IMG-20251117-WA0012-225x300.jpg 225w, https:\/\/agora.xtec.cat\/ceip-eladihoms-valls\/wp-content\/uploads\/usu1067\/2025\/11\/IMG-20251117-WA0012-768x1024.jpg 768w, https:\/\/agora.xtec.cat\/ceip-eladihoms-valls\/wp-content\/uploads\/usu1067\/2025\/11\/IMG-20251117-WA0012-1152x1536.jpg 1152w\" sizes=\"auto, (max-width: 1200px) 100vw, 1200px\" \/><\/figure><\/div><div class=\"wp-block-getwid-images-slider__item\" style=\"height:250px\"><figure><img loading=\"lazy\" decoding=\"async\" width=\"1200\" height=\"1600\" src=\"https:\/\/agora.xtec.cat\/ceip-eladihoms-valls\/wp-content\/uploads\/usu1067\/2025\/11\/IMG-20251117-WA0011.jpg\" data-id=\"8364\" data-link=\"https:\/\/agora.xtec.cat\/ceip-eladihoms-valls\/comunicacio\/radio-eladi-homs\/attachment\/img-20251117-wa0011\/\" data-original-link=\"https:\/\/agora.xtec.cat\/ceip-eladihoms-valls\/wp-content\/uploads\/usu1067\/2025\/11\/IMG-20251117-WA0011.jpg\" class=\"wp-block-getwid-images-slider__image wp-image-8364\" srcset=\"https:\/\/agora.xtec.cat\/ceip-eladihoms-valls\/wp-content\/uploads\/usu1067\/2025\/11\/IMG-20251117-WA0011.jpg 1200w, https:\/\/agora.xtec.cat\/ceip-eladihoms-valls\/wp-content\/uploads\/usu1067\/2025\/11\/IMG-20251117-WA0011-225x300.jpg 225w, https:\/\/agora.xtec.cat\/ceip-eladihoms-valls\/wp-content\/uploads\/usu1067\/2025\/11\/IMG-20251117-WA0011-768x1024.jpg 768w, https:\/\/agora.xtec.cat\/ceip-eladihoms-valls\/wp-content\/uploads\/usu1067\/2025\/11\/IMG-20251117-WA0011-1152x1536.jpg 1152w\" sizes=\"auto, (max-width: 1200px) 100vw, 1200px\" \/><\/figure><\/div><div class=\"wp-block-getwid-images-slider__item\" style=\"height:250px\"><figure><img loading=\"lazy\" decoding=\"async\" width=\"1200\" height=\"1600\" src=\"https:\/\/agora.xtec.cat\/ceip-eladihoms-valls\/wp-content\/uploads\/usu1067\/2025\/11\/IMG-20251029-WA0016.jpg\" data-id=\"8359\" data-link=\"https:\/\/agora.xtec.cat\/ceip-eladihoms-valls\/comunicacio\/radio-eladi-homs\/attachment\/img-20251029-wa0016\/\" data-original-link=\"https:\/\/agora.xtec.cat\/ceip-eladihoms-valls\/wp-content\/uploads\/usu1067\/2025\/11\/IMG-20251029-WA0016.jpg\" class=\"wp-block-getwid-images-slider__image wp-image-8359\" srcset=\"https:\/\/agora.xtec.cat\/ceip-eladihoms-valls\/wp-content\/uploads\/usu1067\/2025\/11\/IMG-20251029-WA0016.jpg 1200w, https:\/\/agora.xtec.cat\/ceip-eladihoms-valls\/wp-content\/uploads\/usu1067\/2025\/11\/IMG-20251029-WA0016-225x300.jpg 225w, https:\/\/agora.xtec.cat\/ceip-eladihoms-valls\/wp-content\/uploads\/usu1067\/2025\/11\/IMG-20251029-WA0016-768x1024.jpg 768w, https:\/\/agora.xtec.cat\/ceip-eladihoms-valls\/wp-content\/uploads\/usu1067\/2025\/11\/IMG-20251029-WA0016-1152x1536.jpg 1152w\" sizes=\"auto, (max-width: 1200px) 100vw, 1200px\" \/><\/figure><\/div><div class=\"wp-block-getwid-images-slider__item\" style=\"height:250px\"><figure><img loading=\"lazy\" decoding=\"async\" width=\"1200\" height=\"1600\" src=\"https:\/\/agora.xtec.cat\/ceip-eladihoms-valls\/wp-content\/uploads\/usu1067\/2025\/11\/IMG-20251029-WA0018.jpg\" data-id=\"8360\" data-link=\"https:\/\/agora.xtec.cat\/ceip-eladihoms-valls\/comunicacio\/radio-eladi-homs\/attachment\/img-20251029-wa0018\/\" data-original-link=\"https:\/\/agora.xtec.cat\/ceip-eladihoms-valls\/wp-content\/uploads\/usu1067\/2025\/11\/IMG-20251029-WA0018.jpg\" class=\"wp-block-getwid-images-slider__image wp-image-8360\" srcset=\"https:\/\/agora.xtec.cat\/ceip-eladihoms-valls\/wp-content\/uploads\/usu1067\/2025\/11\/IMG-20251029-WA0018.jpg 1200w, https:\/\/agora.xtec.cat\/ceip-eladihoms-valls\/wp-content\/uploads\/usu1067\/2025\/11\/IMG-20251029-WA0018-225x300.jpg 225w, https:\/\/agora.xtec.cat\/ceip-eladihoms-valls\/wp-content\/uploads\/usu1067\/2025\/11\/IMG-20251029-WA0018-768x1024.jpg 768w, https:\/\/agora.xtec.cat\/ceip-eladihoms-valls\/wp-content\/uploads\/usu1067\/2025\/11\/IMG-20251029-WA0018-1152x1536.jpg 1152w\" sizes=\"auto, (max-width: 1200px) 100vw, 1200px\" \/><\/figure><\/div><div class=\"wp-block-getwid-images-slider__item\" style=\"height:250px\"><figure><img loading=\"lazy\" decoding=\"async\" width=\"1200\" height=\"1600\" src=\"https:\/\/agora.xtec.cat\/ceip-eladihoms-valls\/wp-content\/uploads\/usu1067\/2025\/11\/IMG-20251029-WA0020.jpg\" data-id=\"8361\" data-link=\"https:\/\/agora.xtec.cat\/ceip-eladihoms-valls\/comunicacio\/radio-eladi-homs\/attachment\/img-20251029-wa0020\/\" data-original-link=\"https:\/\/agora.xtec.cat\/ceip-eladihoms-valls\/wp-content\/uploads\/usu1067\/2025\/11\/IMG-20251029-WA0020.jpg\" class=\"wp-block-getwid-images-slider__image wp-image-8361\" srcset=\"https:\/\/agora.xtec.cat\/ceip-eladihoms-valls\/wp-content\/uploads\/usu1067\/2025\/11\/IMG-20251029-WA0020.jpg 1200w, https:\/\/agora.xtec.cat\/ceip-eladihoms-valls\/wp-content\/uploads\/usu1067\/2025\/11\/IMG-20251029-WA0020-225x300.jpg 225w, https:\/\/agora.xtec.cat\/ceip-eladihoms-valls\/wp-content\/uploads\/usu1067\/2025\/11\/IMG-20251029-WA0020-768x1024.jpg 768w, https:\/\/agora.xtec.cat\/ceip-eladihoms-valls\/wp-content\/uploads\/usu1067\/2025\/11\/IMG-20251029-WA0020-1152x1536.jpg 1152w\" sizes=\"auto, (max-width: 1200px) 100vw, 1200px\" \/><\/figure><\/div><div class=\"wp-block-getwid-images-slider__item\" style=\"height:250px\"><figure><img loading=\"lazy\" decoding=\"async\" width=\"1200\" height=\"1600\" src=\"https:\/\/agora.xtec.cat\/ceip-eladihoms-valls\/wp-content\/uploads\/usu1067\/2025\/11\/IMG-20251029-WA0029.jpg\" data-id=\"8362\" data-link=\"https:\/\/agora.xtec.cat\/ceip-eladihoms-valls\/comunicacio\/radio-eladi-homs\/attachment\/img-20251029-wa0029\/\" data-original-link=\"https:\/\/agora.xtec.cat\/ceip-eladihoms-valls\/wp-content\/uploads\/usu1067\/2025\/11\/IMG-20251029-WA0029.jpg\" class=\"wp-block-getwid-images-slider__image wp-image-8362\" srcset=\"https:\/\/agora.xtec.cat\/ceip-eladihoms-valls\/wp-content\/uploads\/usu1067\/2025\/11\/IMG-20251029-WA0029.jpg 1200w, https:\/\/agora.xtec.cat\/ceip-eladihoms-valls\/wp-content\/uploads\/usu1067\/2025\/11\/IMG-20251029-WA0029-225x300.jpg 225w, https:\/\/agora.xtec.cat\/ceip-eladihoms-valls\/wp-content\/uploads\/usu1067\/2025\/11\/IMG-20251029-WA0029-768x1024.jpg 768w, https:\/\/agora.xtec.cat\/ceip-eladihoms-valls\/wp-content\/uploads\/usu1067\/2025\/11\/IMG-20251029-WA0029-1152x1536.jpg 1152w\" sizes=\"auto, (max-width: 1200px) 100vw, 1200px\" \/><\/figure><\/div><\/div><\/div>\n\n\n\n<p>L\u2019objectiu del nostre projecte de r\u00e0dio \u00e9s potenciar l\u2019<strong>\u00fas significatiu de les lleng\u00fces a l\u2019escola<\/strong> i promoure\u2019n la projecci\u00f3 m\u00e9s enll\u00e0 de les aules, fent que arribi a les fam\u00edlies i a les llars del nostre alumnat. \u00c9s un objectiu que, alhora, representa un repte, ja que els infants provenen de contextos ling\u00fc\u00edstics, familiars i culturals molt diversos. A trav\u00e9s de la r\u00e0dio, els nens i les nenes aprenen a fer de locuci\u00f3, de t\u00e8cniques i t\u00e8cnics de so, a parlar i llegir amb claredat, a treballar la lectura i l\u2019expressi\u00f3 oral, l\u2019entonaci\u00f3, el volum i la modulaci\u00f3 de la veu, sempre tenint en compte les capacitats i caracter\u00edstiques de cada infant.<\/p>\n\n\n\n<p>Durant els primers anys vam enregistrar programes dins el projecte <em data-start=\"1733\" data-end=\"1749\">Escoles en Ona<\/em> de R\u00e0dio ONA Valls, impulsat pel CRP de l\u2019Alt Camp. En tancar l\u2019emissora, vam continuar oferint els nostres continguts en format p\u00f2dcast.<\/p>\n\n\n\n<p>Entre els cursos <strong data-start=\"1906\" data-end=\"1921\">2013 i 2015<\/strong>, vam col\u00b7laborar amb <strong data-start=\"1943\" data-end=\"1968\">COPE Tarragona \u2013 Reus<\/strong> amb una secci\u00f3 pr\u00f2pia en catal\u00e0, i tamb\u00e9 vam participar en el programa <em data-start=\"2037\" data-end=\"2063\">Economia per a criatures<\/em> de <strong data-start=\"2067\" data-end=\"2075\">RAC1<\/strong>. Actualment, <strong data-start=\"2088\" data-end=\"2129\">col\u00b7laborem amb R\u00e0dio Ciutat de Valls<\/strong>, fet que ens facilita la projecci\u00f3 del projecte. A m\u00e9s, difonem els nostres continguts a trav\u00e9s del <strong data-start=\"2230\" data-end=\"2252\">Canal de Reporters<\/strong>, que promou el periodisme a les aules i actua com una mediateca educativa.<\/p>\n\n\n\n<p>L\u2019any <strong data-start=\"2335\" data-end=\"2343\">2015<\/strong>, el projecte R\u00e0dio Eladi Homs va ser reconegut amb un <strong data-start=\"2398\" data-end=\"2422\">Premi Baldiri Reixac<\/strong>, que va posar en valor el seu impacte en la comunicaci\u00f3, la creativitat i l\u2019\u00fas viu de les lleng\u00fces.<\/p>\n\n\n\n<p>Durant el curs <strong data-start=\"2539\" data-end=\"2552\">2023-2024<\/strong>, el Departament d\u2019Educaci\u00f3 ens va dotar d\u2019una <strong data-start=\"2599\" data-end=\"2624\">maleta d\u2019audiovisuals<\/strong> amb una nova taula de so, micr\u00f2fons i una gravadora port\u00e0til. Aquest equipament ha millorat notablement la qualitat t\u00e8cnica, ha facilitat gravacions en diferents espais i ha perm\u00e8s continuar consolidant el projecte.<\/p>\n\n\n\n<p>Actualment, el grup de <strong data-start=\"2865\" data-end=\"2883\">6\u00e8 de prim\u00e0ria<\/strong> \u00e9s el motor de la r\u00e0dio: condueix els programes, entrevista, redacta, grava i edita els continguts de totes les etapes, i s\u2019encarrega de les sintonies i de la part t\u00e8cnica. Aquest rol els permet desenvolupar compet\u00e8ncies comunicatives, digitals i organitzatives, alhora que assumeixen la responsabilitat de liderar un projecte real.<\/p>\n\n\n\n<p>Publiquem <strong data-start=\"3228\" data-end=\"3251\">un programa mensual<\/strong>, al qual s\u2019afegeixen altres programes especials elaborats per <strong data-start=\"3317\" data-end=\"3363\">compartir el dia a dia de la nostra escola<\/strong>. En aquests espais, l\u2019alumnat explica viv\u00e8ncies de les aules, entrevista persones rellevants de la comunitat educativa i dona a con\u00e8ixer activitats i iniciatives del centre. Fem difusi\u00f3 de tots els programes a les <strong data-start=\"3579\" data-end=\"3597\">xarxes socials<\/strong>, els compartim al <strong data-start=\"3616\" data-end=\"3638\">Canal de Reporters<\/strong> i queden sempre disponibles a la nostra biblioteca de p\u00f2dcasts a <strong data-start=\"3704\" data-end=\"3717\">Podomatic<\/strong>.<\/p>\n\n\n\n<p><strong data-start=\"3720\" data-end=\"3785\">R\u00e0dio Eladi Homs \u00e9s, sobretot, un espai per parar i escoltar.<\/strong> En un m\u00f3n on la informaci\u00f3 arriba majorit\u00e0riament a trav\u00e9s d\u2019est\u00edmuls visuals constants, la r\u00e0dio ens convida a recuperar la for\u00e7a de la paraula, l\u2019atenci\u00f3 i l\u2019escolta activa. \u00c9s un moment per <strong data-start=\"3979\" data-end=\"4018\">reflexionar i <\/strong>&nbsp;<strong>connectar<\/strong> amb les veus de l\u2019alumnat, que t\u00e9 molt a aportar quan li donem temps i espai.<\/p>\n","protected":false},"excerpt":{"rendered":"<p>CLIQUEU I ESCOLTEU-NOS! Un dels eixos en el treball de les lleng\u00fces a l\u2019Escola Eladi Homs \u00e9s el coneixement del so i el domini de la veu. Per oferir a l\u2019alumnat un context real de comunicaci\u00f3, fa anys vam engegar el projecte de R\u00e0dio Eladi Homs, adaptat a les caracter\u00edstiques i necessitats dels infants de [&hellip;]<\/p>\n","protected":false},"author":1,"featured_media":0,"parent":572,"menu_order":0,"comment_status":"closed","ping_status":"closed","template":"","meta":{"_bbp_topic_count":0,"_bbp_reply_count":0,"_bbp_total_topic_count":0,"_bbp_total_reply_count":0,"_bbp_voice_count":0,"_bbp_anonymous_reply_count":0,"_bbp_topic_count_hidden":0,"_bbp_reply_count_hidden":0,"_bbp_forum_subforum_count":0,"site-sidebar-layout":"default","site-content-layout":"","ast-site-content-layout":"default","site-content-style":"default","site-sidebar-style":"default","ast-global-header-display":"","ast-banner-title-visibility":"","ast-main-header-display":"","ast-hfb-above-header-display":"","ast-hfb-below-header-display":"","ast-hfb-mobile-header-display":"","site-post-title":"","ast-breadcrumbs-content":"","ast-featured-img":"","footer-sml-layout":"","theme-transparent-header-meta":"","adv-header-id-meta":"","stick-header-meta":"","header-above-stick-meta":"","header-main-stick-meta":"","header-below-stick-meta":"","astra-migrate-meta-layouts":"set","ast-page-background-enabled":"default","ast-page-background-meta":{"desktop":{"background-color":"var(--ast-global-color-4)","background-image":"","background-repeat":"repeat","background-position":"center center","background-size":"auto","background-attachment":"scroll","background-type":"","background-media":"","overlay-type":"","overlay-color":"","overlay-opacity":"","overlay-gradient":""},"tablet":{"background-color":"","background-image":"","background-repeat":"repeat","background-position":"center center","background-size":"auto","background-attachment":"scroll","background-type":"","background-media":"","overlay-type":"","overlay-color":"","overlay-opacity":"","overlay-gradient":""},"mobile":{"background-color":"","background-image":"","background-repeat":"repeat","background-position":"center center","background-size":"auto","background-attachment":"scroll","background-type":"","background-media":"","overlay-type":"","overlay-color":"","overlay-opacity":"","overlay-gradient":""}},"ast-content-background-meta":{"desktop":{"background-color":"var(--ast-global-color-5)","background-image":"","background-repeat":"repeat","background-position":"center center","background-size":"auto","background-attachment":"scroll","background-type":"","background-media":"","overlay-type":"","overlay-color":"","overlay-opacity":"","overlay-gradient":""},"tablet":{"background-color":"var(--ast-global-color-5)","background-image":"","background-repeat":"repeat","background-position":"center center","background-size":"auto","background-attachment":"scroll","background-type":"","background-media":"","overlay-type":"","overlay-color":"","overlay-opacity":"","overlay-gradient":""},"mobile":{"background-color":"var(--ast-global-color-5)","background-image":"","background-repeat":"repeat","background-position":"center center","background-size":"auto","background-attachment":"scroll","background-type":"","background-media":"","overlay-type":"","overlay-color":"","overlay-opacity":"","overlay-gradient":""}},"footnotes":""},"class_list":["post-574","page","type-page","status-publish","hentry"],"post_mailing_queue_ids":[],"_links":{"self":[{"href":"https:\/\/agora.xtec.cat\/ceip-eladihoms-valls\/wp-json\/wp\/v2\/pages\/574","targetHints":{"allow":["GET"]}}],"collection":[{"href":"https:\/\/agora.xtec.cat\/ceip-eladihoms-valls\/wp-json\/wp\/v2\/pages"}],"about":[{"href":"https:\/\/agora.xtec.cat\/ceip-eladihoms-valls\/wp-json\/wp\/v2\/types\/page"}],"author":[{"embeddable":true,"href":"https:\/\/agora.xtec.cat\/ceip-eladihoms-valls\/wp-json\/wp\/v2\/users\/1"}],"replies":[{"embeddable":true,"href":"https:\/\/agora.xtec.cat\/ceip-eladihoms-valls\/wp-json\/wp\/v2\/comments?post=574"}],"version-history":[{"count":6,"href":"https:\/\/agora.xtec.cat\/ceip-eladihoms-valls\/wp-json\/wp\/v2\/pages\/574\/revisions"}],"predecessor-version":[{"id":8377,"href":"https:\/\/agora.xtec.cat\/ceip-eladihoms-valls\/wp-json\/wp\/v2\/pages\/574\/revisions\/8377"}],"up":[{"embeddable":true,"href":"https:\/\/agora.xtec.cat\/ceip-eladihoms-valls\/wp-json\/wp\/v2\/pages\/572"}],"wp:attachment":[{"href":"https:\/\/agora.xtec.cat\/ceip-eladihoms-valls\/wp-json\/wp\/v2\/media?parent=574"}],"curies":[{"name":"wp","href":"https:\/\/api.w.org\/{rel}","templated":true}]}}