{"id":2602,"date":"2017-02-10T12:07:32","date_gmt":"2017-02-10T11:07:32","guid":{"rendered":"http:\/\/agora.xtec.cat\/ceip-eduard-marquina\/?page_id=2602"},"modified":"2025-07-09T09:20:33","modified_gmt":"2025-07-09T07:20:33","slug":"documents-de-centre","status":"publish","type":"page","link":"https:\/\/agora.xtec.cat\/ceip-eduard-marquina\/documents-de-centre\/","title":{"rendered":"DOCUMENTS DE CENTRE"},"content":{"rendered":"<p>&nbsp;<\/p>\n<p><strong>DOCUMENTS DE CENTRE<\/strong><\/p>\n<p><a href=\"https:\/\/agora.xtec.cat\/ceip-eduard-marquina\/wp-content\/uploads\/usu1232\/2024\/05\/PROJECTE-DE-DIRECCIO-2024-2028.pdf\">PROJECTE DE DIRECCI\u00d3 2024-2028<\/a><\/p>\n<p><a href=\"https:\/\/agora.xtec.cat\/ceip-eduard-marquina\/wp-content\/uploads\/usu1232\/2020\/10\/PROJECTE-DE-DIRECCI\u00d3-2020-2024.pdf\">PROJECTE DE DIRECCI\u00d3 2020-2024<\/a><\/p>\n<p><a href=\"http:\/\/agora.xtec.cat\/ceip-eduard-marquina\/projecte-magnet\/attachment\/projecte-direccio-2016-2020\/\" target=\"_blank\" rel=\"attachment noopener wp-att-3681 noreferrer\">PROJECTE DIRECCI\u00d3 2016-2020<\/a><\/p>\n<p><a href=\"https:\/\/agora.xtec.cat\/ceip-eduard-marquina\/wp-content\/uploads\/usu1232\/2020\/03\/Projecte-de-conviv\u00e8ncia.pdf\" target=\"_blank\" rel=\"noopener noreferrer\">PROJECTE DE CONVIV\u00c8NCIA<\/a><\/p>\n<p><a href=\"http:\/\/agora.xtec.cat\/ceip-eduard-marquina\/projecte-magnet\/attachment\/nofc-2018\/\" rel=\"attachment wp-att-3679\">NOFC 2018<\/a><\/p>\n<p><a href=\"https:\/\/agora.xtec.cat\/ceip-eduard-marquina\/wp-content\/uploads\/usu1232\/2019\/10\/PROJECTE-LING\u00dc\u00cdSTIC.pdf\" target=\"_blank\" rel=\"noopener noreferrer\">PROJECTE LING\u00dc\u00cdSTIC 2019<\/a><\/p>\n<p><a href=\"https:\/\/drive.google.com\/file\/d\/12uU5WxpqZ8P4Gq42Cp95d4jkGa4iKL58\/view?usp=sharing\" target=\"_blank\" rel=\"noopener noreferrer\">PLA TAC<\/a><\/p>\n<p><a href=\"https:\/\/agora.xtec.cat\/ceip-eduard-marquina\/projecte-educatiu-2\/estrategia-digital-de-centre-edc\/\">PLA D\u00b4ESTRAT\u00c8GIA DIGITAL 2023-2024<\/a><\/p>\n<p><a href=\"https:\/\/agora.xtec.cat\/ceip-eduard-marquina\/wp-content\/uploads\/usu1232\/2023\/10\/CULTURA-DIGITAL-Acollida-digital-1.pdf\">ACOLLIMENT DIGITAL 2023<\/a><\/p>\n<p><a href=\"https:\/\/docs.google.com\/document\/d\/1Y356stN7AbPlRIgh85gs7VKz4h6JUASh\/edit?usp=sharing&amp;ouid=105191661902085234347&amp;rtpof=true&amp;sd=true\">NOFC DIGITAL 2024<\/a><\/p>\n<p><strong>ECONOMIA<\/strong><\/p>\n<p><a href=\"https:\/\/agora.xtec.cat\/ceip-eduard-marquina\/wp-content\/uploads\/usu1232\/2022\/07\/LIQUIDACIO-PRESSUPOST-GENERAL-2021.pdf\">LIQUIDACI\u00d3 PRESSUPOST GENERAL 2021<\/a><\/p>\n<p><a href=\"https:\/\/agora.xtec.cat\/ceip-eduard-marquina\/wp-content\/uploads\/usu1232\/2022\/07\/LIQUIDACIO-PRESSUPOST-MENJADOR-2021.pdf\">LIQUIDACI\u00d3 PRESSUPOST MENJADOR 2021<\/a><\/p>\n<p><a href=\"https:\/\/agora.xtec.cat\/ceip-eduard-marquina\/wp-content\/uploads\/usu1232\/2022\/07\/PRESSUPOST-GENERAL-2022.pdf\">PRESSUPOST GENERAL 2022<\/a><\/p>\n<p><a href=\"https:\/\/agora.xtec.cat\/ceip-eduard-marquina\/wp-content\/uploads\/usu1232\/2022\/07\/PRESSUPOST-MENJADOR-2022.pdf\">PRESSUPOST MENJADOR 2022<\/a><\/p>\n<p><a href=\"https:\/\/agora.xtec.cat\/ceip-eduard-marquina\/wp-content\/uploads\/usu1232\/2023\/12\/LIQUIDACIO-PRESSUPOST-GENERAL-2022.pdf\">LIQUIDACI\u00d3 PRESSUPOST GENERAL 2022<\/a><\/p>\n<p><a href=\"https:\/\/agora.xtec.cat\/ceip-eduard-marquina\/wp-content\/uploads\/usu1232\/2023\/12\/LIQUIDACIO-PRESSUPOST-MENJADOR-2022.pdf\">LIQUIDACI\u00d3 PRESSUPOST MENJADOR 2022<\/a><\/p>\n<p><a href=\"https:\/\/agora.xtec.cat\/ceip-eduard-marquina\/wp-content\/uploads\/usu1232\/2023\/12\/PRESSUPOST-GENERAL-2023.pdf\">PRESSUPOST GENERAL 2023<\/a><\/p>\n<p><a href=\"https:\/\/agora.xtec.cat\/ceip-eduard-marquina\/wp-content\/uploads\/usu1232\/2023\/12\/PRESSUPOST-MENJADOR-2023.pdf\">PRESSUPOST MENJADOR 2023<\/a><\/p>\n<p><a href=\"https:\/\/agora.xtec.cat\/ceip-eduard-marquina\/wp-content\/uploads\/usu1232\/2024\/05\/LIQUIDACIO-PRESSUPOST-GENERAL-2023-1.pdf\">LIQUIDACI\u00d3 PRESSUPOST GENERAL 2023<\/a><\/p>\n<p><a href=\"https:\/\/agora.xtec.cat\/ceip-eduard-marquina\/wp-content\/uploads\/usu1232\/2024\/05\/LIQUIDACIO-PRESSUPOST-MENJADOR-2023-1.pdf\">LIQUIDACI\u00d3 PRESSUPOST MENJADOR 2023<\/a><\/p>\n<p><a href=\"https:\/\/agora.xtec.cat\/ceip-eduard-marquina\/wp-content\/uploads\/usu1232\/2024\/05\/PRESSUPOST-GENERAL-2024.pdf\">PRESSUPOST GENERAL 2024<\/a><\/p>\n<p><a href=\"https:\/\/agora.xtec.cat\/ceip-eduard-marquina\/wp-content\/uploads\/usu1232\/2024\/05\/PRESSUPOST-MENJADOR-2024.pdf\">PRESSUPOST MENJADOR 2024<\/a><\/p>\n<p><a href=\"https:\/\/agora.xtec.cat\/ceip-eduard-marquina\/wp-content\/uploads\/usu1232\/2025\/07\/LIQUIDACIO-PRESSUPOST-GENERAL-2024.pdf\">LIQUIDACI\u00d3 PRESSUPOST GENERAL 2024<\/a><\/p>\n<p><a href=\"https:\/\/agora.xtec.cat\/ceip-eduard-marquina\/wp-content\/uploads\/usu1232\/2025\/07\/LIQUIDACIO-PRESSUPOST-MENJADOR-2024.pdf\">LIQUIDACI\u00d3 PRESSUPOST MENJADOR 2024<\/a><\/p>\n<p><a href=\"https:\/\/agora.xtec.cat\/ceip-eduard-marquina\/wp-content\/uploads\/usu1232\/2025\/07\/PRESSUPOST-GENERAL-2025.pdf\">PRESSUPOST GENERAL 2025<\/a><\/p>\n<p><a href=\"https:\/\/agora.xtec.cat\/ceip-eduard-marquina\/wp-content\/uploads\/usu1232\/2025\/07\/PRESSUPOST-MENJADOR-2025.pdf\">PRESSUPOST MENJADOR 2025<\/a><\/p>\n<p>&nbsp;<\/p>\n<p>&nbsp;<\/p>\n<p>&nbsp;<\/p>\n","protected":false},"excerpt":{"rendered":"<p>&nbsp; DOCUMENTS DE CENTRE PROJECTE DE DIRECCI\u00d3 2024-2028 PROJECTE DE DIRECCI\u00d3 2020-2024 PROJECTE DIRECCI\u00d3 2016-2020 PROJECTE DE CONVIV\u00c8NCIA NOFC 2018 PROJECTE LING\u00dc\u00cdSTIC 2019 PLA TAC PLA D\u00b4ESTRAT\u00c8GIA DIGITAL 2023-2024 ACOLLIMENT DIGITAL 2023 NOFC DIGITAL 2024 ECONOMIA LIQUIDACI\u00d3 PRESSUPOST GENERAL 2021 LIQUIDACI\u00d3 PRESSUPOST MENJADOR 2021 PRESSUPOST GENERAL 2022 PRESSUPOST MENJADOR 2022 LIQUIDACI\u00d3 PRESSUPOST GENERAL 2022 LIQUIDACI\u00d3 [&hellip;]<\/p>\n","protected":false},"author":25,"featured_media":0,"parent":0,"menu_order":0,"comment_status":"closed","ping_status":"closed","template":"","meta":{"_bbp_topic_count":0,"_bbp_reply_count":0,"_bbp_total_topic_count":0,"_bbp_total_reply_count":0,"_bbp_voice_count":0,"_bbp_anonymous_reply_count":0,"_bbp_topic_count_hidden":0,"_bbp_reply_count_hidden":0,"_bbp_forum_subforum_count":0,"site-sidebar-layout":"default","site-content-layout":"","ast-site-content-layout":"","site-content-style":"default","site-sidebar-style":"default","ast-global-header-display":"","ast-banner-title-visibility":"","ast-main-header-display":"","ast-hfb-above-header-display":"","ast-hfb-below-header-display":"","ast-hfb-mobile-header-display":"","site-post-title":"","ast-breadcrumbs-content":"","ast-featured-img":"","footer-sml-layout":"","theme-transparent-header-meta":"","adv-header-id-meta":"","stick-header-meta":"","header-above-stick-meta":"","header-main-stick-meta":"","header-below-stick-meta":"","astra-migrate-meta-layouts":"default","ast-page-background-enabled":"default","ast-page-background-meta":{"desktop":{"background-color":"var(--ast-global-color-4)","background-image":"","background-repeat":"repeat","background-position":"center center","background-size":"auto","background-attachment":"scroll","background-type":"","background-media":"","overlay-type":"","overlay-color":"","overlay-opacity":"","overlay-gradient":""},"tablet":{"background-color":"","background-image":"","background-repeat":"repeat","background-position":"center center","background-size":"auto","background-attachment":"scroll","background-type":"","background-media":"","overlay-type":"","overlay-color":"","overlay-opacity":"","overlay-gradient":""},"mobile":{"background-color":"","background-image":"","background-repeat":"repeat","background-position":"center center","background-size":"auto","background-attachment":"scroll","background-type":"","background-media":"","overlay-type":"","overlay-color":"","overlay-opacity":"","overlay-gradient":""}},"ast-content-background-meta":{"desktop":{"background-color":"var(--ast-global-color-5)","background-image":"","background-repeat":"repeat","background-position":"center center","background-size":"auto","background-attachment":"scroll","background-type":"","background-media":"","overlay-type":"","overlay-color":"","overlay-opacity":"","overlay-gradient":""},"tablet":{"background-color":"var(--ast-global-color-5)","background-image":"","background-repeat":"repeat","background-position":"center center","background-size":"auto","background-attachment":"scroll","background-type":"","background-media":"","overlay-type":"","overlay-color":"","overlay-opacity":"","overlay-gradient":""},"mobile":{"background-color":"var(--ast-global-color-5)","background-image":"","background-repeat":"repeat","background-position":"center center","background-size":"auto","background-attachment":"scroll","background-type":"","background-media":"","overlay-type":"","overlay-color":"","overlay-opacity":"","overlay-gradient":""}},"footnotes":""},"class_list":["post-2602","page","type-page","status-publish","hentry"],"post_mailing_queue_ids":[],"_links":{"self":[{"href":"https:\/\/agora.xtec.cat\/ceip-eduard-marquina\/wp-json\/wp\/v2\/pages\/2602","targetHints":{"allow":["GET"]}}],"collection":[{"href":"https:\/\/agora.xtec.cat\/ceip-eduard-marquina\/wp-json\/wp\/v2\/pages"}],"about":[{"href":"https:\/\/agora.xtec.cat\/ceip-eduard-marquina\/wp-json\/wp\/v2\/types\/page"}],"author":[{"embeddable":true,"href":"https:\/\/agora.xtec.cat\/ceip-eduard-marquina\/wp-json\/wp\/v2\/users\/25"}],"replies":[{"embeddable":true,"href":"https:\/\/agora.xtec.cat\/ceip-eduard-marquina\/wp-json\/wp\/v2\/comments?post=2602"}],"version-history":[{"count":10,"href":"https:\/\/agora.xtec.cat\/ceip-eduard-marquina\/wp-json\/wp\/v2\/pages\/2602\/revisions"}],"predecessor-version":[{"id":10402,"href":"https:\/\/agora.xtec.cat\/ceip-eduard-marquina\/wp-json\/wp\/v2\/pages\/2602\/revisions\/10402"}],"wp:attachment":[{"href":"https:\/\/agora.xtec.cat\/ceip-eduard-marquina\/wp-json\/wp\/v2\/media?parent=2602"}],"curies":[{"name":"wp","href":"https:\/\/api.w.org\/{rel}","templated":true}]}}