{"id":4562,"date":"2026-02-13T12:28:11","date_gmt":"2026-02-13T11:28:11","guid":{"rendered":"https:\/\/agora.xtec.cat\/ceip-drseres-alpicat\/?page_id=4562"},"modified":"2026-02-13T12:32:21","modified_gmt":"2026-02-13T11:32:21","slug":"els-dimecres-fan-olor-de-fruita","status":"publish","type":"page","link":"https:\/\/agora.xtec.cat\/ceip-drseres-alpicat\/els-dimecres-fan-olor-de-fruita\/","title":{"rendered":"Els dimecres fan olor de fruita!"},"content":{"rendered":"<p>Cada dimecres a l&#8217;escola ens unim al repte m\u00e9s saludable: tots i totes portem fruita per esmorzar. Poma, pl\u00e0tan, maduixes o mandarina&#8230; qualsevol opci\u00f3 \u00e9s bona per carregar les piles amb energia natural!<\/p>\n<p>Aprofitem tamb\u00e9 per a treballar l&#8217;estad\u00edstica de la fruita de classe guanyadora o les fruites de cada \u00e8poca i estaci\u00f3 de l&#8217;any<\/p>\n<h3 data-path-to-node=\"5\">Per qu\u00e8 ho fem?<\/h3>\n<ul data-path-to-node=\"6\">\n<li>\n<p data-path-to-node=\"6,0,0\"><b data-path-to-node=\"6,0,0\" data-index-in-node=\"0\">Energia natural:<\/b> la fruita ens dona la vitalitat necess\u00e0ria per jugar i concentrar-nos a classe.<\/p>\n<\/li>\n<li>\n<p data-path-to-node=\"6,1,0\"><b data-path-to-node=\"6,1,0\" data-index-in-node=\"0\">H\u00e0bits per a tota la vida:<\/b> menjar fruita plegats fa que tastar coses noves sigui molt m\u00e9s divertit.<\/p>\n<\/li>\n<li>\n<p data-path-to-node=\"6,2,0\"><b data-path-to-node=\"6,2,0\" data-index-in-node=\"0\">Cuidem el planeta:<\/b> la fruita \u00e9s l&#8217;esmorzar amb menys residus (especialment si la portem en un t\u00e0per!).<\/p>\n<\/li>\n<\/ul>\n<p>&nbsp;<\/p>\n","protected":false},"excerpt":{"rendered":"<p>Cada dimecres a l&#8217;escola ens unim al repte m\u00e9s saludable: tots i totes portem fruita per esmorzar. Poma, pl\u00e0tan, maduixes o mandarina&#8230; qualsevol opci\u00f3 \u00e9s bona per carregar les piles amb energia natural!<br \/>\nAprofitem tamb\u00e9 per a treballar l&#8217;estad\u00edstica de la fruita de classe guanyadora o&hellip;  <a href=\"https:\/\/agora.xtec.cat\/ceip-drseres-alpicat\/els-dimecres-fan-olor-de-fruita\/\" title=\"Read Els dimecres fan olor de fruita!\">Llegeix m\u00e9s\u00bb<\/a><\/p>\n","protected":false},"author":1,"featured_media":0,"parent":0,"menu_order":0,"comment_status":"closed","ping_status":"closed","template":"","meta":{"_bbp_topic_count":0,"_bbp_reply_count":0,"_bbp_total_topic_count":0,"_bbp_total_reply_count":0,"_bbp_voice_count":0,"_bbp_anonymous_reply_count":0,"_bbp_topic_count_hidden":0,"_bbp_reply_count_hidden":0,"_bbp_forum_subforum_count":0,"footnotes":""},"class_list":["post-4562","page","type-page","status-publish","hentry"],"post_mailing_queue_ids":[],"_links":{"self":[{"href":"https:\/\/agora.xtec.cat\/ceip-drseres-alpicat\/wp-json\/wp\/v2\/pages\/4562","targetHints":{"allow":["GET"]}}],"collection":[{"href":"https:\/\/agora.xtec.cat\/ceip-drseres-alpicat\/wp-json\/wp\/v2\/pages"}],"about":[{"href":"https:\/\/agora.xtec.cat\/ceip-drseres-alpicat\/wp-json\/wp\/v2\/types\/page"}],"author":[{"embeddable":true,"href":"https:\/\/agora.xtec.cat\/ceip-drseres-alpicat\/wp-json\/wp\/v2\/users\/1"}],"replies":[{"embeddable":true,"href":"https:\/\/agora.xtec.cat\/ceip-drseres-alpicat\/wp-json\/wp\/v2\/comments?post=4562"}],"version-history":[{"count":2,"href":"https:\/\/agora.xtec.cat\/ceip-drseres-alpicat\/wp-json\/wp\/v2\/pages\/4562\/revisions"}],"predecessor-version":[{"id":4566,"href":"https:\/\/agora.xtec.cat\/ceip-drseres-alpicat\/wp-json\/wp\/v2\/pages\/4562\/revisions\/4566"}],"wp:attachment":[{"href":"https:\/\/agora.xtec.cat\/ceip-drseres-alpicat\/wp-json\/wp\/v2\/media?parent=4562"}],"curies":[{"name":"wp","href":"https:\/\/api.w.org\/{rel}","templated":true}]}}

<p>Cada dimecres a l&#8217;escola ens unim al repte més saludable: tots i totes portem fruita per esmorzar. Poma, plàtan, maduixes o mandarina&#8230; qualsevol opció és bona per carregar les piles amb energia natural!</p>
<p>Aprofitem també per a treballar l&#8217;estadística de la fruita de classe guanyadora o les fruites de cada època i estació de l&#8217;any</p>
<h3 data-path-to-node="5">Per què ho fem?</h3>
<ul data-path-to-node="6">
<li>
<p data-path-to-node="6,0,0"><b data-path-to-node="6,0,0" data-index-in-node="0">Energia natural:</b> la fruita ens dona la vitalitat necessària per jugar i concentrar-nos a classe.</p>
</li>
<li>
<p data-path-to-node="6,1,0"><b data-path-to-node="6,1,0" data-index-in-node="0">Hàbits per a tota la vida:</b> menjar fruita plegats fa que tastar coses noves sigui molt més divertit.</p>
</li>
<li>
<p data-path-to-node="6,2,0"><b data-path-to-node="6,2,0" data-index-in-node="0">Cuidem el planeta:</b> la fruita és l&#8217;esmorzar amb menys residus (especialment si la portem en un tàper!).</p>
</li>
</ul>
<p>&nbsp;</p>

<p>Cada dimecres a l&#8217;escola ens unim al repte més saludable: tots i totes portem fruita per esmorzar. Poma, plàtan, maduixes o mandarina&#8230; qualsevol opció és bona per carregar les piles amb energia natural!<br />
Aprofitem també per a treballar l&#8217;estadística de la fruita de classe guanyadora o&hellip;  <a href="https://agora.xtec.cat/ceip-drseres-alpicat/els-dimecres-fan-olor-de-fruita/" title="Read Els dimecres fan olor de fruita!">Llegeix més»</a></p>
