{"id":4539,"date":"2026-02-13T10:09:16","date_gmt":"2026-02-13T09:09:16","guid":{"rendered":"https:\/\/agora.xtec.cat\/ceip-drseres-alpicat\/?page_id=4539"},"modified":"2026-02-27T11:53:00","modified_gmt":"2026-02-27T10:53:00","slug":"aula-sensorial","status":"publish","type":"page","link":"https:\/\/agora.xtec.cat\/ceip-drseres-alpicat\/aula-sensorial\/","title":{"rendered":"Aula d&#8217;aprenentatge actiu"},"content":{"rendered":"<h6 id=\"tw-target-text\" class=\"tw-data-text tw-text-large tw-ta\" dir=\"ltr\" style=\"text-align: justify;\" tabindex=\"-1\" role=\"text\" data-placeholder=\"Traducci\u00f3\" data-ved=\"2ahUKEwj50uWeqtaSAxV0gv0HHVtiMgMQ3ewLegQIChAW\" aria-label=\"Text tradu\u00eft: Una aula multisensorial \u00e9s un espai educatiu adaptat per estimular els sentits de manera controlada i segura. S'hi integren elements visuals, auditius, t\u00e0ctils, olfactius i, fins i tot, gustatius que permeten a l'alumnat explorar el seu entorn i desenvolupar habilitats cognitives, emocionals i socials. Aquestes aules estan pensades especialment per a nens amb discapacitat intel\u00b7lectual, trastorns de l'espectre autista (TEA), par\u00e0lisi cerebral o problemes de comunicaci\u00f3, entre altres condicions. L'objectiu principal \u00e9s facilitar la interacci\u00f3 amb l'entorn, millorar l'atenci\u00f3 i promoure l'autoregulaci\u00f3. El disseny de l\u00b4aula s\u00b4adapta a les necessitats espec\u00edfiques del grup per crear experi\u00e8ncies sensorials personalitzades. No \u00e9s un simple lloc per relaxar-se o entretenir-se i cada est\u00edmul ha de tenir una intenci\u00f3 pedag\u00f2gica o terap\u00e8utica clara.\"><span class=\"Y2IQFc\" lang=\"ca\">Una aula sensorial \u00e9s un espai educatiu adaptat per estimular els sentits de manera controlada i segura. S&#8217;hi integren elements visuals, auditius, t\u00e0ctils, olfactius i, fins i tot, gustatius que permeten a l&#8217;alumnat explorar el seu entorn i desenvolupar habilitats cognitives, emocionals i socials. Aquestes aules estan pensades especialment per a nens amb discapacitat intel\u00b7lectual, trastorns de l&#8217;espectre autista (TEA), par\u00e0lisi cerebral o problemes de comunicaci\u00f3, entre altres condicions. L&#8217;objectiu principal \u00e9s facilitar la interacci\u00f3 amb l&#8217;entorn, millorar l&#8217;atenci\u00f3 i promoure l&#8217;autoregulaci\u00f3. El disseny de l\u00b4aula s\u00b4adapta a les necessitats espec\u00edfiques del grup per crear experi\u00e8ncies sensorials personalitzades. No \u00e9s un simple lloc per relaxar-se o entretenir-se i cada est\u00edmul ha de tenir una intenci\u00f3 pedag\u00f2gica o terap\u00e8utica clara.<\/span><\/h6>\n","protected":false},"excerpt":{"rendered":"<p>Una aula sensorial \u00e9s un espai educatiu adaptat per estimular els sentits de manera controlada i segura. S&#8217;hi integren elements visuals, auditius, t\u00e0ctils, olfactius i, fins i tot, gustatius que permeten a l&#8217;alumnat explorar el seu entorn i desenvolupar habilitats cognitives, emocionals i socials. Aquestes&hellip;  <a href=\"https:\/\/agora.xtec.cat\/ceip-drseres-alpicat\/aula-sensorial\/\" title=\"Read Aula d&#8217;aprenentatge actiu\">Llegeix m\u00e9s\u00bb<\/a><\/p>\n","protected":false},"author":1,"featured_media":0,"parent":0,"menu_order":0,"comment_status":"closed","ping_status":"closed","template":"","meta":{"_bbp_topic_count":0,"_bbp_reply_count":0,"_bbp_total_topic_count":0,"_bbp_total_reply_count":0,"_bbp_voice_count":0,"_bbp_anonymous_reply_count":0,"_bbp_topic_count_hidden":0,"_bbp_reply_count_hidden":0,"_bbp_forum_subforum_count":0,"footnotes":""},"class_list":["post-4539","page","type-page","status-publish","hentry"],"post_mailing_queue_ids":[],"_links":{"self":[{"href":"https:\/\/agora.xtec.cat\/ceip-drseres-alpicat\/wp-json\/wp\/v2\/pages\/4539","targetHints":{"allow":["GET"]}}],"collection":[{"href":"https:\/\/agora.xtec.cat\/ceip-drseres-alpicat\/wp-json\/wp\/v2\/pages"}],"about":[{"href":"https:\/\/agora.xtec.cat\/ceip-drseres-alpicat\/wp-json\/wp\/v2\/types\/page"}],"author":[{"embeddable":true,"href":"https:\/\/agora.xtec.cat\/ceip-drseres-alpicat\/wp-json\/wp\/v2\/users\/1"}],"replies":[{"embeddable":true,"href":"https:\/\/agora.xtec.cat\/ceip-drseres-alpicat\/wp-json\/wp\/v2\/comments?post=4539"}],"version-history":[{"count":5,"href":"https:\/\/agora.xtec.cat\/ceip-drseres-alpicat\/wp-json\/wp\/v2\/pages\/4539\/revisions"}],"predecessor-version":[{"id":4578,"href":"https:\/\/agora.xtec.cat\/ceip-drseres-alpicat\/wp-json\/wp\/v2\/pages\/4539\/revisions\/4578"}],"wp:attachment":[{"href":"https:\/\/agora.xtec.cat\/ceip-drseres-alpicat\/wp-json\/wp\/v2\/media?parent=4539"}],"curies":[{"name":"wp","href":"https:\/\/api.w.org\/{rel}","templated":true}]}}

<h6 id="tw-target-text" class="tw-data-text tw-text-large tw-ta" dir="ltr" style="text-align: justify;" tabindex="-1" role="text" data-placeholder="Traducció" data-ved="2ahUKEwj50uWeqtaSAxV0gv0HHVtiMgMQ3ewLegQIChAW" aria-label="Text traduït: Una aula multisensorial és un espai educatiu adaptat per estimular els sentits de manera controlada i segura. S'hi integren elements visuals, auditius, tàctils, olfactius i, fins i tot, gustatius que permeten a l'alumnat explorar el seu entorn i desenvolupar habilitats cognitives, emocionals i socials. Aquestes aules estan pensades especialment per a nens amb discapacitat intel·lectual, trastorns de l'espectre autista (TEA), paràlisi cerebral o problemes de comunicació, entre altres condicions. L'objectiu principal és facilitar la interacció amb l'entorn, millorar l'atenció i promoure l'autoregulació. El disseny de l´aula s´adapta a les necessitats específiques del grup per crear experiències sensorials personalitzades. No és un simple lloc per relaxar-se o entretenir-se i cada estímul ha de tenir una intenció pedagògica o terapèutica clara."><span class="Y2IQFc" lang="ca">Una aula sensorial és un espai educatiu adaptat per estimular els sentits de manera controlada i segura. S&#8217;hi integren elements visuals, auditius, tàctils, olfactius i, fins i tot, gustatius que permeten a l&#8217;alumnat explorar el seu entorn i desenvolupar habilitats cognitives, emocionals i socials. Aquestes aules estan pensades especialment per a nens amb discapacitat intel·lectual, trastorns de l&#8217;espectre autista (TEA), paràlisi cerebral o problemes de comunicació, entre altres condicions. L&#8217;objectiu principal és facilitar la interacció amb l&#8217;entorn, millorar l&#8217;atenció i promoure l&#8217;autoregulació. El disseny de l´aula s´adapta a les necessitats específiques del grup per crear experiències sensorials personalitzades. No és un simple lloc per relaxar-se o entretenir-se i cada estímul ha de tenir una intenció pedagògica o terapèutica clara.</span></h6>

<p>Una aula sensorial és un espai educatiu adaptat per estimular els sentits de manera controlada i segura. S&#8217;hi integren elements visuals, auditius, tàctils, olfactius i, fins i tot, gustatius que permeten a l&#8217;alumnat explorar el seu entorn i desenvolupar habilitats cognitives, emocionals i socials. Aquestes&hellip;  <a href="https://agora.xtec.cat/ceip-drseres-alpicat/aula-sensorial/" title="Read Aula d&#8217;aprenentatge actiu">Llegeix més»</a></p>
