{"id":4497,"date":"2026-02-08T14:14:24","date_gmt":"2026-02-08T13:14:24","guid":{"rendered":"https:\/\/agora.xtec.cat\/ceip-drseres-alpicat\/?page_id=4497"},"modified":"2026-03-29T22:30:00","modified_gmt":"2026-03-29T20:30:00","slug":"el-raco-dels-records","status":"publish","type":"page","link":"https:\/\/agora.xtec.cat\/ceip-drseres-alpicat\/el-raco-dels-records\/","title":{"rendered":"El rac\u00f3 dels records"},"content":{"rendered":"<p><span style=\"font-weight: 400;\">Afrontar la mort i el dol amb nens i nenes no \u00e9s f\u00e0cil tot i ser inevitable.<\/span><\/p>\n<p><span style=\"font-weight: 400;\">A l\u2019escola en volem parlar respectant els sentiments de cadasc\u00fa, amb la finalitat de poder acompanyar i ajudar als nens i nenes en moments dif\u00edcils.<\/span><\/p>\n<p><span style=\"font-weight: 400;\">\u00c9s probable que en algun moment us parlin i us preguntin com tamb\u00e9 \u00e9s possible que hi hagi nens i nenes que evitin de parlar-vos-en.<\/span><\/p>\n<p><span style=\"font-weight: 400;\">Cal respectar el proc\u00e9s de cada infant i la manera com afronta la situaci\u00f3, sempre tenint en compte els valors i les creences de cadasc\u00fa intentant adequar les explicacions que els puguem donar.<\/span><\/p>\n<p><span style=\"font-weight: 400;\">En podeu parlar amb tranquil\u00b7litat a l\u2019aula, contestant amb sinceritat sense fer evitaci\u00f3 ni tampoc for\u00e7ant a parlar-ne.<\/span><\/p>\n<p><span style=\"font-weight: 400;\">\u00c9s important parlar-ho de forma clara i senzilla i amb vocabulari apropiat a l\u2019edat.<\/span><\/p>\n<p><span style=\"font-weight: 400;\">\u00c9s important tamb\u00e9 compartir els sentiments que ens genera la mort i el dol, o parlar d\u2019alguna mort que haguem tingut propera perqu\u00e8 puguin entendre-ho millor.<\/span><\/p>\n<p><span style=\"font-weight: 400;\">Hem de tenir en compte que els infants tenen creences que a vegades no s\u2019ajusten a la realitat:<\/span><\/p>\n<ul>\n<li style=\"font-weight: 400;\" aria-level=\"1\"><span style=\"font-weight: 400;\">La mort \u00e9s temporal i reversible.<\/span><\/li>\n<li style=\"font-weight: 400;\" aria-level=\"1\"><span style=\"font-weight: 400;\">Creuen que la persona pot seguir viva.<\/span><\/li>\n<li style=\"font-weight: 400;\" aria-level=\"1\"><span style=\"font-weight: 400;\">No creuen que la mort sigui universal. Pensen que la seva fam\u00edlia i ells mateixos\/es no es moriran mai.<\/span><\/li>\n<li style=\"font-weight: 400;\" aria-level=\"1\"><span style=\"font-weight: 400;\">Interpreten de forma literal qualsevol explicaci\u00f3 que fem sobre la mort, \u00e9s a dir, que si els diem que alg\u00fa ha anat al cel, preguntaran com hi poden anar ells\/elles tamb\u00e9.<\/span><\/li>\n<\/ul>\n<p><span style=\"font-weight: 400;\">A dins de les carpetes que hi ha a cada aula podem trobar uns cors de paper perqu\u00e8 els nens i nenes els decorin, els retallin i els pengin al Rac\u00f3 dels records situat a davant l\u2019ascensor de la planta baixa.<\/span><\/p>\n<p><span style=\"font-weight: 400;\">\u00a0Podran anar a passar una estona per a recordar el seu \u00e9sser estimat,\u00a0 animal\u00a0 de companyia que ha mort o alguna cosa significativa que hagin perdut.<\/span><\/p>\n<p><span style=\"font-weight: 400;\">Tamb\u00e9, si ho creieu convenient, podeu utilitzar els llibres que hi ha al Rac\u00f3 dels records:<\/span><\/p>\n<p>&nbsp;<\/p>\n<table>\n<tbody>\n<tr>\n<td><b>T\u00cdTOL<\/b><\/td>\n<td><b>AUTOR\/S\/ES<\/b><\/td>\n<td><b>OBSERVACIONS<\/b><\/td>\n<\/tr>\n<tr>\n<td><b>No es f\u00e1cil, peque\u00f1a ardilla!<\/b><\/td>\n<td><span style=\"font-weight: 400;\">Elisa Ram\u00f3n Bofarull<\/span><\/td>\n<td><span style=\"font-weight: 400;\">M\u00e9s de 3 anys<\/span><\/td>\n<\/tr>\n<tr>\n<td><b>Per qu\u00e8 no vivim per sempre?<\/b><\/td>\n<td><span style=\"font-weight: 400;\">Katie Daynes, Ed. Usborne<\/span><\/td>\n<td><span style=\"font-weight: 400;\">A partir de 4 anys<\/span><\/td>\n<\/tr>\n<tr>\n<td><b>Siempre<\/b><\/td>\n<td><span style=\"font-weight: 400;\">Ana Gal\u00e1n<\/span><\/td>\n<td><span style=\"font-weight: 400;\">De 3 a 5 anys<\/span><\/td>\n<\/tr>\n<tr>\n<td><b>Mi abuelo es una estrella\u00a0<\/b><\/td>\n<td><span style=\"font-weight: 400;\">Sacha Azcona<\/span><\/td>\n<td><span style=\"font-weight: 400;\">De 3 a 5 anys<\/span><\/td>\n<\/tr>\n<tr>\n<td><b>Para siempre<\/b><\/td>\n<td><span style=\"font-weight: 400;\">Camino Garc\u00eda<\/span><\/td>\n<td><span style=\"font-weight: 400;\">De 3 a 6 anys<\/span><\/td>\n<\/tr>\n<tr>\n<td><b>Aix\u00ed \u00e9s la vida<\/b><\/td>\n<td><span style=\"font-weight: 400;\">Ana-Luisa Ram\u00edrez Gim\u00e9nez<\/span><\/td>\n<td><span style=\"font-weight: 400;\">De 3 a 7 anys<\/span><\/td>\n<\/tr>\n<tr>\n<td><b>Cuerpo de nube<\/b><\/td>\n<td><span style=\"font-weight: 400;\">Ana Eulate<\/span><\/td>\n<td><span style=\"font-weight: 400;\">De 4 a 8 anys<\/span><\/td>\n<\/tr>\n<tr>\n<td><b>Un pellizco en la barriga<\/b><\/td>\n<td><span style=\"font-weight: 400;\">Almudena Serra Gonz\u00e1lez<\/span><\/td>\n<td><span style=\"font-weight: 400;\">A partir de 5 anys<\/span><\/td>\n<\/tr>\n<tr>\n<td><b>La Carla ara \u00e9s la nostra estrella<\/b><\/td>\n<td><span style=\"font-weight: 400;\">Pag\u00e8s editors<\/span><\/td>\n<td><span style=\"font-weight: 400;\">A partir de 5 anys<\/span><\/td>\n<\/tr>\n<tr>\n<td><b>El Buit<\/b><\/td>\n<td><span style=\"font-weight: 400;\">Anna Llenas<\/span><\/td>\n<td><span style=\"font-weight: 400;\">M\u00e9s de 5 anys<\/span><\/td>\n<\/tr>\n<tr>\n<td><b>L\u2019illa de l\u2019avi<\/b><\/td>\n<td><span style=\"font-weight: 400;\">Benji Davies<\/span><\/td>\n<td><span style=\"font-weight: 400;\">M\u00e9s de 5 anys<\/span><\/td>\n<\/tr>\n<tr>\n<td><b>El cor i la botella<\/b><\/td>\n<td><span style=\"font-weight: 400;\">Oliver Jeffers<\/span><\/td>\n<td><span style=\"font-weight: 400;\">De 5 a 6 anys<\/span><\/td>\n<\/tr>\n<tr>\n<td><b>Como es posible??!<\/b><\/td>\n<td><span style=\"font-weight: 400;\">Peter Sch\u00f6ssow<\/span><\/td>\n<td><span style=\"font-weight: 400;\">De 6 a 8 anys<\/span><\/td>\n<\/tr>\n<tr>\n<td><b>El vaixell de l\u2019avi<\/b><\/td>\n<td><span style=\"font-weight: 400;\">Michael Catchpool<\/span><\/td>\n<td><span style=\"font-weight: 400;\">M\u00e9s de 6 anys<\/span><\/td>\n<\/tr>\n<tr>\n<td><b>La gota d\u2019aigua<\/b><\/td>\n<td><span style=\"font-weight: 400;\">In\u00e9s Castel-Branco, Ed. Akiara Books<\/span><\/td>\n<td><span style=\"font-weight: 400;\">A partir de 7 anys<\/span><\/td>\n<\/tr>\n<\/tbody>\n<\/table>\n<p>&nbsp;<\/p>\n<p><span style=\"font-weight: 400;\">Per a qualsevol dubte que tingueu, restem a la vostra disposici\u00f3 per ajudar-vos en all\u00f2 que us calgui.<\/span><\/p>\n<p><span style=\"font-weight: 400;\">Coordinadora COCOBE\u00a0<\/span><\/p>\n<p><a href=\"https:\/\/agora.xtec.cat\/ceip-drseres-alpicat\/wp-content\/uploads\/usu1665\/2024\/05\/22a7aee6-19aa-4b24-a46e-d9366354325b.jpg\"><img loading=\"lazy\" decoding=\"async\" class=\"alignnone size-large wp-image-3328\" src=\"https:\/\/agora.xtec.cat\/ceip-drseres-alpicat\/wp-content\/uploads\/usu1665\/2024\/05\/22a7aee6-19aa-4b24-a46e-d9366354325b-1024x768.jpg\" alt=\"\" width=\"1024\" height=\"768\" srcset=\"https:\/\/agora.xtec.cat\/ceip-drseres-alpicat\/wp-content\/uploads\/usu1665\/2024\/05\/22a7aee6-19aa-4b24-a46e-d9366354325b-1024x768.jpg 1024w, https:\/\/agora.xtec.cat\/ceip-drseres-alpicat\/wp-content\/uploads\/usu1665\/2024\/05\/22a7aee6-19aa-4b24-a46e-d9366354325b-300x225.jpg 300w, https:\/\/agora.xtec.cat\/ceip-drseres-alpicat\/wp-content\/uploads\/usu1665\/2024\/05\/22a7aee6-19aa-4b24-a46e-d9366354325b-768x576.jpg 768w, https:\/\/agora.xtec.cat\/ceip-drseres-alpicat\/wp-content\/uploads\/usu1665\/2024\/05\/22a7aee6-19aa-4b24-a46e-d9366354325b-1536x1152.jpg 1536w, https:\/\/agora.xtec.cat\/ceip-drseres-alpicat\/wp-content\/uploads\/usu1665\/2024\/05\/22a7aee6-19aa-4b24-a46e-d9366354325b-200x150.jpg 200w, https:\/\/agora.xtec.cat\/ceip-drseres-alpicat\/wp-content\/uploads\/usu1665\/2024\/05\/22a7aee6-19aa-4b24-a46e-d9366354325b.jpg 1600w\" sizes=\"auto, (max-width: 1024px) 100vw, 1024px\" \/><\/a><\/p>\n<p>El <strong>curs 2025\/26<\/strong> hem participat a una trobada organitzada per l&#8217;ICE del dol a la UdL:<\/p>\n<p><a href=\"https:\/\/agora.xtec.cat\/ceip-drseres-alpicat\/wp-content\/uploads\/usu1665\/2026\/03\/TROBADA-ESCOLES-VIDA-I-MORT_page-0001-scaled.jpg\"><img loading=\"lazy\" decoding=\"async\" class=\"aligncenter size-large wp-image-4699\" src=\"https:\/\/agora.xtec.cat\/ceip-drseres-alpicat\/wp-content\/uploads\/usu1665\/2026\/03\/TROBADA-ESCOLES-VIDA-I-MORT_page-0001-1024x576.jpg\" alt=\"\" width=\"1024\" height=\"576\" srcset=\"https:\/\/agora.xtec.cat\/ceip-drseres-alpicat\/wp-content\/uploads\/usu1665\/2026\/03\/TROBADA-ESCOLES-VIDA-I-MORT_page-0001-1024x576.jpg 1024w, https:\/\/agora.xtec.cat\/ceip-drseres-alpicat\/wp-content\/uploads\/usu1665\/2026\/03\/TROBADA-ESCOLES-VIDA-I-MORT_page-0001-300x169.jpg 300w, https:\/\/agora.xtec.cat\/ceip-drseres-alpicat\/wp-content\/uploads\/usu1665\/2026\/03\/TROBADA-ESCOLES-VIDA-I-MORT_page-0001-768x432.jpg 768w, https:\/\/agora.xtec.cat\/ceip-drseres-alpicat\/wp-content\/uploads\/usu1665\/2026\/03\/TROBADA-ESCOLES-VIDA-I-MORT_page-0001-1536x864.jpg 1536w, https:\/\/agora.xtec.cat\/ceip-drseres-alpicat\/wp-content\/uploads\/usu1665\/2026\/03\/TROBADA-ESCOLES-VIDA-I-MORT_page-0001-2048x1152.jpg 2048w\" sizes=\"auto, (max-width: 1024px) 100vw, 1024px\" \/><\/a><\/p>\n<p><a href=\"https:\/\/agora.xtec.cat\/ceip-drseres-alpicat\/wp-content\/uploads\/usu1665\/2026\/03\/bb01179b-bd7e-4a58-aaea-32c9602be1ec.jpg\"><img loading=\"lazy\" decoding=\"async\" class=\"aligncenter size-large wp-image-4700\" src=\"https:\/\/agora.xtec.cat\/ceip-drseres-alpicat\/wp-content\/uploads\/usu1665\/2026\/03\/bb01179b-bd7e-4a58-aaea-32c9602be1ec-1024x768.jpg\" alt=\"\" width=\"1024\" height=\"768\" srcset=\"https:\/\/agora.xtec.cat\/ceip-drseres-alpicat\/wp-content\/uploads\/usu1665\/2026\/03\/bb01179b-bd7e-4a58-aaea-32c9602be1ec-1024x768.jpg 1024w, https:\/\/agora.xtec.cat\/ceip-drseres-alpicat\/wp-content\/uploads\/usu1665\/2026\/03\/bb01179b-bd7e-4a58-aaea-32c9602be1ec-300x225.jpg 300w, https:\/\/agora.xtec.cat\/ceip-drseres-alpicat\/wp-content\/uploads\/usu1665\/2026\/03\/bb01179b-bd7e-4a58-aaea-32c9602be1ec-768x576.jpg 768w, https:\/\/agora.xtec.cat\/ceip-drseres-alpicat\/wp-content\/uploads\/usu1665\/2026\/03\/bb01179b-bd7e-4a58-aaea-32c9602be1ec-1536x1152.jpg 1536w, https:\/\/agora.xtec.cat\/ceip-drseres-alpicat\/wp-content\/uploads\/usu1665\/2026\/03\/bb01179b-bd7e-4a58-aaea-32c9602be1ec-200x150.jpg 200w, https:\/\/agora.xtec.cat\/ceip-drseres-alpicat\/wp-content\/uploads\/usu1665\/2026\/03\/bb01179b-bd7e-4a58-aaea-32c9602be1ec.jpg 1600w\" sizes=\"auto, (max-width: 1024px) 100vw, 1024px\" \/><\/a><\/p>\n","protected":false},"excerpt":{"rendered":"<p>Afrontar la mort i el dol amb nens i nenes no \u00e9s f\u00e0cil tot i ser inevitable.<br \/>\nA l\u2019escola en volem parlar respectant els sentiments de cadasc\u00fa, amb la finalitat de poder acompanyar i ajudar als nens i nenes en moments dif\u00edcils.<br \/>\n\u00c9s probable que en algun&hellip;  <a href=\"https:\/\/agora.xtec.cat\/ceip-drseres-alpicat\/el-raco-dels-records\/\" title=\"Read El rac\u00f3 dels records\">Llegeix m\u00e9s\u00bb<\/a><\/p>\n","protected":false},"author":1,"featured_media":0,"parent":0,"menu_order":0,"comment_status":"closed","ping_status":"closed","template":"","meta":{"_bbp_topic_count":0,"_bbp_reply_count":0,"_bbp_total_topic_count":0,"_bbp_total_reply_count":0,"_bbp_voice_count":0,"_bbp_anonymous_reply_count":0,"_bbp_topic_count_hidden":0,"_bbp_reply_count_hidden":0,"_bbp_forum_subforum_count":0,"footnotes":""},"class_list":["post-4497","page","type-page","status-publish","hentry"],"post_mailing_queue_ids":[],"_links":{"self":[{"href":"https:\/\/agora.xtec.cat\/ceip-drseres-alpicat\/wp-json\/wp\/v2\/pages\/4497","targetHints":{"allow":["GET"]}}],"collection":[{"href":"https:\/\/agora.xtec.cat\/ceip-drseres-alpicat\/wp-json\/wp\/v2\/pages"}],"about":[{"href":"https:\/\/agora.xtec.cat\/ceip-drseres-alpicat\/wp-json\/wp\/v2\/types\/page"}],"author":[{"embeddable":true,"href":"https:\/\/agora.xtec.cat\/ceip-drseres-alpicat\/wp-json\/wp\/v2\/users\/1"}],"replies":[{"embeddable":true,"href":"https:\/\/agora.xtec.cat\/ceip-drseres-alpicat\/wp-json\/wp\/v2\/comments?post=4497"}],"version-history":[{"count":4,"href":"https:\/\/agora.xtec.cat\/ceip-drseres-alpicat\/wp-json\/wp\/v2\/pages\/4497\/revisions"}],"predecessor-version":[{"id":4701,"href":"https:\/\/agora.xtec.cat\/ceip-drseres-alpicat\/wp-json\/wp\/v2\/pages\/4497\/revisions\/4701"}],"wp:attachment":[{"href":"https:\/\/agora.xtec.cat\/ceip-drseres-alpicat\/wp-json\/wp\/v2\/media?parent=4497"}],"curies":[{"name":"wp","href":"https:\/\/api.w.org\/{rel}","templated":true}]}}

El racó dels records

<p><span style="font-weight: 400;">Afrontar la mort i el dol amb nens i nenes no és fàcil tot i ser inevitable.</span></p>
<p><span style="font-weight: 400;">A l’escola en volem parlar respectant els sentiments de cadascú, amb la finalitat de poder acompanyar i ajudar als nens i nenes en moments difícils.</span></p>
<p><span style="font-weight: 400;">És probable que en algun moment us parlin i us preguntin com també és possible que hi hagi nens i nenes que evitin de parlar-vos-en.</span></p>
<p><span style="font-weight: 400;">Cal respectar el procés de cada infant i la manera com afronta la situació, sempre tenint en compte els valors i les creences de cadascú intentant adequar les explicacions que els puguem donar.</span></p>
<p><span style="font-weight: 400;">En podeu parlar amb tranquil·litat a l’aula, contestant amb sinceritat sense fer evitació ni tampoc forçant a parlar-ne.</span></p>
<p><span style="font-weight: 400;">És important parlar-ho de forma clara i senzilla i amb vocabulari apropiat a l’edat.</span></p>
<p><span style="font-weight: 400;">És important també compartir els sentiments que ens genera la mort i el dol, o parlar d’alguna mort que haguem tingut propera perquè puguin entendre-ho millor.</span></p>
<p><span style="font-weight: 400;">Hem de tenir en compte que els infants tenen creences que a vegades no s’ajusten a la realitat:</span></p>
<ul>
<li style="font-weight: 400;" aria-level="1"><span style="font-weight: 400;">La mort és temporal i reversible.</span></li>
<li style="font-weight: 400;" aria-level="1"><span style="font-weight: 400;">Creuen que la persona pot seguir viva.</span></li>
<li style="font-weight: 400;" aria-level="1"><span style="font-weight: 400;">No creuen que la mort sigui universal. Pensen que la seva família i ells mateixos/es no es moriran mai.</span></li>
<li style="font-weight: 400;" aria-level="1"><span style="font-weight: 400;">Interpreten de forma literal qualsevol explicació que fem sobre la mort, és a dir, que si els diem que algú ha anat al cel, preguntaran com hi poden anar ells/elles també.</span></li>
</ul>
<p><span style="font-weight: 400;">A dins de les carpetes que hi ha a cada aula podem trobar uns cors de paper perquè els nens i nenes els decorin, els retallin i els pengin al Racó dels records situat a davant l’ascensor de la planta baixa.</span></p>
<p><span style="font-weight: 400;"> Podran anar a passar una estona per a recordar el seu ésser estimat,  animal  de companyia que ha mort o alguna cosa significativa que hagin perdut.</span></p>
<p><span style="font-weight: 400;">També, si ho creieu convenient, podeu utilitzar els llibres que hi ha al Racó dels records:</span></p>
<p>&nbsp;</p>
<table>
<tbody>
<tr>
<td><b>TÍTOL</b></td>
<td><b>AUTOR/S/ES</b></td>
<td><b>OBSERVACIONS</b></td>
</tr>
<tr>
<td><b>No es fácil, pequeña ardilla!</b></td>
<td><span style="font-weight: 400;">Elisa Ramón Bofarull</span></td>
<td><span style="font-weight: 400;">Més de 3 anys</span></td>
</tr>
<tr>
<td><b>Per què no vivim per sempre?</b></td>
<td><span style="font-weight: 400;">Katie Daynes, Ed. Usborne</span></td>
<td><span style="font-weight: 400;">A partir de 4 anys</span></td>
</tr>
<tr>
<td><b>Siempre</b></td>
<td><span style="font-weight: 400;">Ana Galán</span></td>
<td><span style="font-weight: 400;">De 3 a 5 anys</span></td>
</tr>
<tr>
<td><b>Mi abuelo es una estrella </b></td>
<td><span style="font-weight: 400;">Sacha Azcona</span></td>
<td><span style="font-weight: 400;">De 3 a 5 anys</span></td>
</tr>
<tr>
<td><b>Para siempre</b></td>
<td><span style="font-weight: 400;">Camino García</span></td>
<td><span style="font-weight: 400;">De 3 a 6 anys</span></td>
</tr>
<tr>
<td><b>Així és la vida</b></td>
<td><span style="font-weight: 400;">Ana-Luisa Ramírez Giménez</span></td>
<td><span style="font-weight: 400;">De 3 a 7 anys</span></td>
</tr>
<tr>
<td><b>Cuerpo de nube</b></td>
<td><span style="font-weight: 400;">Ana Eulate</span></td>
<td><span style="font-weight: 400;">De 4 a 8 anys</span></td>
</tr>
<tr>
<td><b>Un pellizco en la barriga</b></td>
<td><span style="font-weight: 400;">Almudena Serra González</span></td>
<td><span style="font-weight: 400;">A partir de 5 anys</span></td>
</tr>
<tr>
<td><b>La Carla ara és la nostra estrella</b></td>
<td><span style="font-weight: 400;">Pagès editors</span></td>
<td><span style="font-weight: 400;">A partir de 5 anys</span></td>
</tr>
<tr>
<td><b>El Buit</b></td>
<td><span style="font-weight: 400;">Anna Llenas</span></td>
<td><span style="font-weight: 400;">Més de 5 anys</span></td>
</tr>
<tr>
<td><b>L’illa de l’avi</b></td>
<td><span style="font-weight: 400;">Benji Davies</span></td>
<td><span style="font-weight: 400;">Més de 5 anys</span></td>
</tr>
<tr>
<td><b>El cor i la botella</b></td>
<td><span style="font-weight: 400;">Oliver Jeffers</span></td>
<td><span style="font-weight: 400;">De 5 a 6 anys</span></td>
</tr>
<tr>
<td><b>Como es posible??!</b></td>
<td><span style="font-weight: 400;">Peter Schössow</span></td>
<td><span style="font-weight: 400;">De 6 a 8 anys</span></td>
</tr>
<tr>
<td><b>El vaixell de l’avi</b></td>
<td><span style="font-weight: 400;">Michael Catchpool</span></td>
<td><span style="font-weight: 400;">Més de 6 anys</span></td>
</tr>
<tr>
<td><b>La gota d’aigua</b></td>
<td><span style="font-weight: 400;">Inés Castel-Branco, Ed. Akiara Books</span></td>
<td><span style="font-weight: 400;">A partir de 7 anys</span></td>
</tr>
</tbody>
</table>
<p>&nbsp;</p>
<p><span style="font-weight: 400;">Per a qualsevol dubte que tingueu, restem a la vostra disposició per ajudar-vos en allò que us calgui.</span></p>
<p><span style="font-weight: 400;">Coordinadora COCOBE </span></p>
<p><a href="https://agora.xtec.cat/ceip-drseres-alpicat/wp-content/uploads/usu1665/2024/05/22a7aee6-19aa-4b24-a46e-d9366354325b.jpg"><img loading="lazy" decoding="async" class="alignnone size-large wp-image-3328" src="https://agora.xtec.cat/ceip-drseres-alpicat/wp-content/uploads/usu1665/2024/05/22a7aee6-19aa-4b24-a46e-d9366354325b-1024x768.jpg" alt="" width="1024" height="768" srcset="https://agora.xtec.cat/ceip-drseres-alpicat/wp-content/uploads/usu1665/2024/05/22a7aee6-19aa-4b24-a46e-d9366354325b-1024x768.jpg 1024w, https://agora.xtec.cat/ceip-drseres-alpicat/wp-content/uploads/usu1665/2024/05/22a7aee6-19aa-4b24-a46e-d9366354325b-300x225.jpg 300w, https://agora.xtec.cat/ceip-drseres-alpicat/wp-content/uploads/usu1665/2024/05/22a7aee6-19aa-4b24-a46e-d9366354325b-768x576.jpg 768w, https://agora.xtec.cat/ceip-drseres-alpicat/wp-content/uploads/usu1665/2024/05/22a7aee6-19aa-4b24-a46e-d9366354325b-1536x1152.jpg 1536w, https://agora.xtec.cat/ceip-drseres-alpicat/wp-content/uploads/usu1665/2024/05/22a7aee6-19aa-4b24-a46e-d9366354325b-200x150.jpg 200w, https://agora.xtec.cat/ceip-drseres-alpicat/wp-content/uploads/usu1665/2024/05/22a7aee6-19aa-4b24-a46e-d9366354325b.jpg 1600w" sizes="auto, (max-width: 1024px) 100vw, 1024px" /></a></p>
<p>El <strong>curs 2025/26</strong> hem participat a una trobada organitzada per l&#8217;ICE del dol a la UdL:</p>
<p><a href="https://agora.xtec.cat/ceip-drseres-alpicat/wp-content/uploads/usu1665/2026/03/TROBADA-ESCOLES-VIDA-I-MORT_page-0001-scaled.jpg"><img loading="lazy" decoding="async" class="aligncenter size-large wp-image-4699" src="https://agora.xtec.cat/ceip-drseres-alpicat/wp-content/uploads/usu1665/2026/03/TROBADA-ESCOLES-VIDA-I-MORT_page-0001-1024x576.jpg" alt="" width="1024" height="576" srcset="https://agora.xtec.cat/ceip-drseres-alpicat/wp-content/uploads/usu1665/2026/03/TROBADA-ESCOLES-VIDA-I-MORT_page-0001-1024x576.jpg 1024w, https://agora.xtec.cat/ceip-drseres-alpicat/wp-content/uploads/usu1665/2026/03/TROBADA-ESCOLES-VIDA-I-MORT_page-0001-300x169.jpg 300w, https://agora.xtec.cat/ceip-drseres-alpicat/wp-content/uploads/usu1665/2026/03/TROBADA-ESCOLES-VIDA-I-MORT_page-0001-768x432.jpg 768w, https://agora.xtec.cat/ceip-drseres-alpicat/wp-content/uploads/usu1665/2026/03/TROBADA-ESCOLES-VIDA-I-MORT_page-0001-1536x864.jpg 1536w, https://agora.xtec.cat/ceip-drseres-alpicat/wp-content/uploads/usu1665/2026/03/TROBADA-ESCOLES-VIDA-I-MORT_page-0001-2048x1152.jpg 2048w" sizes="auto, (max-width: 1024px) 100vw, 1024px" /></a></p>
<p><a href="https://agora.xtec.cat/ceip-drseres-alpicat/wp-content/uploads/usu1665/2026/03/bb01179b-bd7e-4a58-aaea-32c9602be1ec.jpg"><img loading="lazy" decoding="async" class="aligncenter size-large wp-image-4700" src="https://agora.xtec.cat/ceip-drseres-alpicat/wp-content/uploads/usu1665/2026/03/bb01179b-bd7e-4a58-aaea-32c9602be1ec-1024x768.jpg" alt="" width="1024" height="768" srcset="https://agora.xtec.cat/ceip-drseres-alpicat/wp-content/uploads/usu1665/2026/03/bb01179b-bd7e-4a58-aaea-32c9602be1ec-1024x768.jpg 1024w, https://agora.xtec.cat/ceip-drseres-alpicat/wp-content/uploads/usu1665/2026/03/bb01179b-bd7e-4a58-aaea-32c9602be1ec-300x225.jpg 300w, https://agora.xtec.cat/ceip-drseres-alpicat/wp-content/uploads/usu1665/2026/03/bb01179b-bd7e-4a58-aaea-32c9602be1ec-768x576.jpg 768w, https://agora.xtec.cat/ceip-drseres-alpicat/wp-content/uploads/usu1665/2026/03/bb01179b-bd7e-4a58-aaea-32c9602be1ec-1536x1152.jpg 1536w, https://agora.xtec.cat/ceip-drseres-alpicat/wp-content/uploads/usu1665/2026/03/bb01179b-bd7e-4a58-aaea-32c9602be1ec-200x150.jpg 200w, https://agora.xtec.cat/ceip-drseres-alpicat/wp-content/uploads/usu1665/2026/03/bb01179b-bd7e-4a58-aaea-32c9602be1ec.jpg 1600w" sizes="auto, (max-width: 1024px) 100vw, 1024px" /></a></p>

<p>Afrontar la mort i el dol amb nens i nenes no és fàcil tot i ser inevitable.<br />
A l’escola en volem parlar respectant els sentiments de cadascú, amb la finalitat de poder acompanyar i ajudar als nens i nenes en moments difícils.<br />
És probable que en algun&hellip;  <a href="https://agora.xtec.cat/ceip-drseres-alpicat/el-raco-dels-records/" title="Read El racó dels records">Llegeix més»</a></p>
