{"id":3910,"date":"2025-04-29T23:28:42","date_gmt":"2025-04-29T21:28:42","guid":{"rendered":"https:\/\/agora.xtec.cat\/ceip-drseres-alpicat\/?page_id=3910"},"modified":"2025-05-22T22:36:20","modified_gmt":"2025-05-22T20:36:20","slug":"bustia-de-suggeriments","status":"publish","type":"page","link":"https:\/\/agora.xtec.cat\/ceip-drseres-alpicat\/bustia-de-suggeriments\/","title":{"rendered":"B\u00fastia de suggeriments"},"content":{"rendered":"<p>A l\u2019escola comptem amb dues b\u00fasties de suggeriments.<\/p>\n<p dir=\"ltr\">Les b\u00fasties ens serveixen per recollir propostes, suggeriments i comentaris de la comunitat educativa.<\/p>\n<p dir=\"ltr\">El Grup de treball COCOBE (Conviv\u00e8ncia, Coeducaci\u00f3 i Benestar emocional) \u00e9s l\u2019encarregat de recollir totes les propostes constructives de les b\u00fasties i fer-ne difusi\u00f3 a les fam\u00edlies i als\/les docents.<\/p>\n<p dir=\"ltr\">Aquestes b\u00fasties es podem trobar:<\/p>\n<ul>\n<li dir=\"ltr\">\n<p dir=\"ltr\" role=\"presentation\">La b\u00fastia de l\u2019alumnat est\u00e0 ubicada al vest\u00edbul de l\u2019escola.<\/p>\n<\/li>\n<li dir=\"ltr\">\n<p dir=\"ltr\" role=\"presentation\">La b\u00fastia de les fam\u00edlies a la porta d\u2019entrada principal (c\/ cam\u00ed de Malpartit)<\/p>\n<\/li>\n<\/ul>\n<p>&nbsp;<\/p>\n<p dir=\"ltr\">Per qu\u00e8 ho fem?<\/p>\n<p dir=\"ltr\">Ens agrada escoltar totes les veus que formem part de l\u2019escola. Aix\u00ed, entre tots\/es constru\u00efm, compartim i creem l\u2019escola Doctor Ser\u00e9s.<\/p>\n<p>&nbsp;<\/p>\n<p><img loading=\"lazy\" decoding=\"async\" class=\"wp-image-3933 aligncenter\" src=\"https:\/\/agora.xtec.cat\/ceip-drseres-alpicat\/wp-content\/uploads\/usu1665\/2025\/05\/IMG_2-768x1024.jpg\" alt=\"\" width=\"315\" height=\"420\" srcset=\"https:\/\/agora.xtec.cat\/ceip-drseres-alpicat\/wp-content\/uploads\/usu1665\/2025\/05\/IMG_2-768x1024.jpg 768w, https:\/\/agora.xtec.cat\/ceip-drseres-alpicat\/wp-content\/uploads\/usu1665\/2025\/05\/IMG_2-225x300.jpg 225w, https:\/\/agora.xtec.cat\/ceip-drseres-alpicat\/wp-content\/uploads\/usu1665\/2025\/05\/IMG_2-rotated.jpg 1024w\" sizes=\"auto, (max-width: 315px) 100vw, 315px\" \/><\/p>\n<p><a href=\"https:\/\/agora.xtec.cat\/ceip-drseres-alpicat\/wp-content\/uploads\/usu1665\/2025\/05\/IMG_1-rotated.jpg\"><img loading=\"lazy\" decoding=\"async\" class=\"wp-image-3932 aligncenter\" src=\"https:\/\/agora.xtec.cat\/ceip-drseres-alpicat\/wp-content\/uploads\/usu1665\/2025\/05\/IMG_1-768x1024.jpg\" alt=\"\" width=\"309\" height=\"412\" srcset=\"https:\/\/agora.xtec.cat\/ceip-drseres-alpicat\/wp-content\/uploads\/usu1665\/2025\/05\/IMG_1-768x1024.jpg 768w, https:\/\/agora.xtec.cat\/ceip-drseres-alpicat\/wp-content\/uploads\/usu1665\/2025\/05\/IMG_1-225x300.jpg 225w, https:\/\/agora.xtec.cat\/ceip-drseres-alpicat\/wp-content\/uploads\/usu1665\/2025\/05\/IMG_1-rotated.jpg 1024w\" sizes=\"auto, (max-width: 309px) 100vw, 309px\" \/><\/a><\/p>\n<p>&nbsp;<\/p>\n","protected":false},"excerpt":{"rendered":"<p>A l\u2019escola comptem amb dues b\u00fasties de suggeriments.<br \/>\nLes b\u00fasties ens serveixen per recollir propostes, suggeriments i comentaris de la comunitat educativa.<br \/>\nEl Grup de treball COCOBE (Conviv\u00e8ncia, Coeducaci\u00f3 i Benestar emocional) \u00e9s l\u2019encarregat de recollir totes les propostes constructives de les b\u00fasties i fer-ne difusi\u00f3 a&hellip;  <a href=\"https:\/\/agora.xtec.cat\/ceip-drseres-alpicat\/bustia-de-suggeriments\/\" title=\"Read B\u00fastia de suggeriments\">Llegeix m\u00e9s\u00bb<\/a><\/p>\n","protected":false},"author":1,"featured_media":0,"parent":0,"menu_order":0,"comment_status":"closed","ping_status":"closed","template":"","meta":{"_bbp_topic_count":0,"_bbp_reply_count":0,"_bbp_total_topic_count":0,"_bbp_total_reply_count":0,"_bbp_voice_count":0,"_bbp_anonymous_reply_count":0,"_bbp_topic_count_hidden":0,"_bbp_reply_count_hidden":0,"_bbp_forum_subforum_count":0,"footnotes":""},"class_list":["post-3910","page","type-page","status-publish","hentry"],"post_mailing_queue_ids":[],"_links":{"self":[{"href":"https:\/\/agora.xtec.cat\/ceip-drseres-alpicat\/wp-json\/wp\/v2\/pages\/3910","targetHints":{"allow":["GET"]}}],"collection":[{"href":"https:\/\/agora.xtec.cat\/ceip-drseres-alpicat\/wp-json\/wp\/v2\/pages"}],"about":[{"href":"https:\/\/agora.xtec.cat\/ceip-drseres-alpicat\/wp-json\/wp\/v2\/types\/page"}],"author":[{"embeddable":true,"href":"https:\/\/agora.xtec.cat\/ceip-drseres-alpicat\/wp-json\/wp\/v2\/users\/1"}],"replies":[{"embeddable":true,"href":"https:\/\/agora.xtec.cat\/ceip-drseres-alpicat\/wp-json\/wp\/v2\/comments?post=3910"}],"version-history":[{"count":2,"href":"https:\/\/agora.xtec.cat\/ceip-drseres-alpicat\/wp-json\/wp\/v2\/pages\/3910\/revisions"}],"predecessor-version":[{"id":3947,"href":"https:\/\/agora.xtec.cat\/ceip-drseres-alpicat\/wp-json\/wp\/v2\/pages\/3910\/revisions\/3947"}],"wp:attachment":[{"href":"https:\/\/agora.xtec.cat\/ceip-drseres-alpicat\/wp-json\/wp\/v2\/media?parent=3910"}],"curies":[{"name":"wp","href":"https:\/\/api.w.org\/{rel}","templated":true}]}}

Bústia de suggeriments

<p>A l’escola comptem amb dues bústies de suggeriments.</p>
<p dir="ltr">Les bústies ens serveixen per recollir propostes, suggeriments i comentaris de la comunitat educativa.</p>
<p dir="ltr">El Grup de treball COCOBE (Convivència, Coeducació i Benestar emocional) és l’encarregat de recollir totes les propostes constructives de les bústies i fer-ne difusió a les famílies i als/les docents.</p>
<p dir="ltr">Aquestes bústies es podem trobar:</p>
<ul>
<li dir="ltr">
<p dir="ltr" role="presentation">La bústia de l’alumnat està ubicada al vestíbul de l’escola.</p>
</li>
<li dir="ltr">
<p dir="ltr" role="presentation">La bústia de les famílies a la porta d’entrada principal (c/ camí de Malpartit)</p>
</li>
</ul>
<p>&nbsp;</p>
<p dir="ltr">Per què ho fem?</p>
<p dir="ltr">Ens agrada escoltar totes les veus que formem part de l’escola. Així, entre tots/es construïm, compartim i creem l’escola Doctor Serés.</p>
<p>&nbsp;</p>
<p><img loading="lazy" decoding="async" class="wp-image-3933 aligncenter" src="https://agora.xtec.cat/ceip-drseres-alpicat/wp-content/uploads/usu1665/2025/05/IMG_2-768x1024.jpg" alt="" width="315" height="420" srcset="https://agora.xtec.cat/ceip-drseres-alpicat/wp-content/uploads/usu1665/2025/05/IMG_2-768x1024.jpg 768w, https://agora.xtec.cat/ceip-drseres-alpicat/wp-content/uploads/usu1665/2025/05/IMG_2-225x300.jpg 225w, https://agora.xtec.cat/ceip-drseres-alpicat/wp-content/uploads/usu1665/2025/05/IMG_2-rotated.jpg 1024w" sizes="auto, (max-width: 315px) 100vw, 315px" /></p>
<p><a href="https://agora.xtec.cat/ceip-drseres-alpicat/wp-content/uploads/usu1665/2025/05/IMG_1-rotated.jpg"><img loading="lazy" decoding="async" class="wp-image-3932 aligncenter" src="https://agora.xtec.cat/ceip-drseres-alpicat/wp-content/uploads/usu1665/2025/05/IMG_1-768x1024.jpg" alt="" width="309" height="412" srcset="https://agora.xtec.cat/ceip-drseres-alpicat/wp-content/uploads/usu1665/2025/05/IMG_1-768x1024.jpg 768w, https://agora.xtec.cat/ceip-drseres-alpicat/wp-content/uploads/usu1665/2025/05/IMG_1-225x300.jpg 225w, https://agora.xtec.cat/ceip-drseres-alpicat/wp-content/uploads/usu1665/2025/05/IMG_1-rotated.jpg 1024w" sizes="auto, (max-width: 309px) 100vw, 309px" /></a></p>
<p>&nbsp;</p>

<p>A l’escola comptem amb dues bústies de suggeriments.<br />
Les bústies ens serveixen per recollir propostes, suggeriments i comentaris de la comunitat educativa.<br />
El Grup de treball COCOBE (Convivència, Coeducació i Benestar emocional) és l’encarregat de recollir totes les propostes constructives de les bústies i fer-ne difusió a&hellip;  <a href="https://agora.xtec.cat/ceip-drseres-alpicat/bustia-de-suggeriments/" title="Read Bústia de suggeriments">Llegeix més»</a></p>
