{"id":36,"date":"2014-09-18T12:33:11","date_gmt":"2014-09-18T10:33:11","guid":{"rendered":"http:\/\/agora.xtec.cat\/ceip-drseres-alpicat\/?page_id=36"},"modified":"2023-09-29T10:03:11","modified_gmt":"2023-09-29T08:03:11","slug":"material-escolar","status":"publish","type":"page","link":"https:\/\/agora.xtec.cat\/ceip-drseres-alpicat\/ampa\/material-escolar\/","title":{"rendered":"Projecte de socialitzaci\u00f3 de llibres i material escolar"},"content":{"rendered":"<p>Per tal de dur-lo a terme, per cada alumne\/a es paga l&#8217;anomenada quota d&#8217;\u00fas, que permetr\u00e0 crear un fons per a subvencionar els canvis de material escolar i de llibres per raons pedag\u00f2giques o d&#8217;\u00fas. Al comen\u00e7ar el curs, totes les fam\u00edlies pagaran a l&#8217;AFA la quota d&#8217;\u00fas ponderada en relaci\u00f3 al curs que estiguin cursant els seus fills.<\/p>\n<p>La finalitat \u00e9s aprofitar els llibres de text d&#8217;un any per l&#8217;altre per un per\u00edode m\u00ednim de 4 anys i crear un fons de llibres de text, diccionaris i llibres de lectura que puguin ser utilitzats pels alumnes en qualitat de pr\u00e9stec, curs rere curs. No tots els llibres s\u00f3n susceptibles de ser socialitzats, donat que n&#8217;hi ha que s&#8217;utilitzen com a suport de treball. El llibre de text i el material passa a ser un b\u00e9 com\u00fa i l&#8217;alumne n&#8217;\u00e9s usuari durant el curs que el fa servir.<\/p>\n<p>&nbsp;<\/p>\n<h3><em>Objectius de la socialitzaci\u00f3<\/em><\/h3>\n<ul>\n<li>Afavorir la igualtat de d&#8217;oportunitats.<\/li>\n<li>Fomentar l&#8217;\u00e0mbit pedag\u00f2gic, la responsabilitat i la cura del material did\u00e0ctic.<\/li>\n<li>Promoure la cultura del reciclatge i la reutilitzaci\u00f3 dels recursos.<\/li>\n<li>Ensenyar els valors de solidaritat, capacitat de compartir i respecte dels b\u00e9ns comuns.<\/li>\n<li>Conscienciar per un estalvi ecol\u00f2gic i econ\u00f2mic.<\/li>\n<li>Potenciar la cooperaci\u00f3 entre l&#8217;alumnat, les fam\u00edlies i el professorat.<\/li>\n<li>Posar en marxa projectes educatius de centre, compartits i gestionats per la comunitat educativa.<\/li>\n<li>Millorar quantitativa i qualitativament els recursos did\u00e0ctics disponibles als centres educatius.<\/li>\n<li>Reduir significativament la despesa familiar en concepte de llibres de text i de material did\u00e0ctic complementari.<\/li>\n<\/ul>\n<p>&nbsp;<\/p>\n<h3><em>Conceptes b\u00e0sics<\/em><\/h3>\n<p><strong>\u00c9s imprescindible ser socis de l&#8217;AFA per participar en el projecte de socialitzaci\u00f3.<\/strong><\/p>\n<p>Els part\u00edcips aporten una quantitat anual que serveix per proveir els llibres de text, llibres fungibles, material i sortides. Aquesta quota es paga en tres vegades i, aquesta, es revisa anualment, d&#8217;acord amb les previsions elaborades per la comissi\u00f3 de socialitzaci\u00f3.<\/p>\n<p>L&#8217;Ajuntament d&#8217;Alpicat tamb\u00e9 realitza una aportaci\u00f3 econ\u00f2mica anual per tal de donar continu\u00eftat a aquest projecte.<\/p>\n<p><strong>La propietat dels llibres de text \u00e9s de l&#8217;AFA<\/strong>\u00a0que, juntament amb l&#8217;escola, en gestionaran un bon \u00fas.<\/p>\n<p>A final de curs, <strong>els llibres de text es queden a l&#8217;escola per ser reutilitzats durant el curs seg\u00fcent<\/strong>.<\/p>\n<p>Tot llibre de text o material malm\u00e8s intencionadament o perdut ha de ser reposat, sota la responsabilitat dels progenitors o tutors legals de l&#8217;alumne i s&#8217;ha de comunicar al mestre el m\u00e9s aviat possible.<\/p>\n<p>S&#8217;ha de ser conscient que els llibres, el material d&#8217;aula i alumne esdevenen un recurs compartit i que no es poden malmetre.<\/p>\n","protected":false},"excerpt":{"rendered":"<p>Per tal de dur-lo a terme, per cada alumne\/a es paga l&#8217;anomenada quota d&#8217;\u00fas, que permetr\u00e0 crear un fons per a subvencionar els canvis de material escolar i de llibres per raons pedag\u00f2giques o d&#8217;\u00fas. Al comen\u00e7ar el curs, totes les fam\u00edlies pagaran a l&#8217;AFA&hellip;  <a href=\"https:\/\/agora.xtec.cat\/ceip-drseres-alpicat\/ampa\/material-escolar\/\" title=\"Read Projecte de socialitzaci\u00f3 de llibres i material escolar\">Llegeix m\u00e9s\u00bb<\/a><\/p>\n","protected":false},"author":1,"featured_media":0,"parent":616,"menu_order":70,"comment_status":"closed","ping_status":"closed","template":"page-templates\/side-menu.php","meta":{"_bbp_topic_count":0,"_bbp_reply_count":0,"_bbp_total_topic_count":0,"_bbp_total_reply_count":0,"_bbp_voice_count":0,"_bbp_anonymous_reply_count":0,"_bbp_topic_count_hidden":0,"_bbp_reply_count_hidden":0,"_bbp_forum_subforum_count":0,"footnotes":""},"class_list":["post-36","page","type-page","status-publish","hentry"],"post_mailing_queue_ids":[],"_links":{"self":[{"href":"https:\/\/agora.xtec.cat\/ceip-drseres-alpicat\/wp-json\/wp\/v2\/pages\/36","targetHints":{"allow":["GET"]}}],"collection":[{"href":"https:\/\/agora.xtec.cat\/ceip-drseres-alpicat\/wp-json\/wp\/v2\/pages"}],"about":[{"href":"https:\/\/agora.xtec.cat\/ceip-drseres-alpicat\/wp-json\/wp\/v2\/types\/page"}],"author":[{"embeddable":true,"href":"https:\/\/agora.xtec.cat\/ceip-drseres-alpicat\/wp-json\/wp\/v2\/users\/1"}],"replies":[{"embeddable":true,"href":"https:\/\/agora.xtec.cat\/ceip-drseres-alpicat\/wp-json\/wp\/v2\/comments?post=36"}],"version-history":[{"count":5,"href":"https:\/\/agora.xtec.cat\/ceip-drseres-alpicat\/wp-json\/wp\/v2\/pages\/36\/revisions"}],"predecessor-version":[{"id":2925,"href":"https:\/\/agora.xtec.cat\/ceip-drseres-alpicat\/wp-json\/wp\/v2\/pages\/36\/revisions\/2925"}],"up":[{"embeddable":true,"href":"https:\/\/agora.xtec.cat\/ceip-drseres-alpicat\/wp-json\/wp\/v2\/pages\/616"}],"wp:attachment":[{"href":"https:\/\/agora.xtec.cat\/ceip-drseres-alpicat\/wp-json\/wp\/v2\/media?parent=36"}],"curies":[{"name":"wp","href":"https:\/\/api.w.org\/{rel}","templated":true}]}}

Projecte de socialització de llibres i material escolar

<p>Per tal de dur-lo a terme, per cada alumne/a es paga l&#8217;anomenada quota d&#8217;ús, que permetrà crear un fons per a subvencionar els canvis de material escolar i de llibres per raons pedagògiques o d&#8217;ús. Al començar el curs, totes les famílies pagaran a l&#8217;AFA la quota d&#8217;ús ponderada en relació al curs que estiguin cursant els seus fills.</p>
<p>La finalitat és aprofitar els llibres de text d&#8217;un any per l&#8217;altre per un període mínim de 4 anys i crear un fons de llibres de text, diccionaris i llibres de lectura que puguin ser utilitzats pels alumnes en qualitat de préstec, curs rere curs. No tots els llibres són susceptibles de ser socialitzats, donat que n&#8217;hi ha que s&#8217;utilitzen com a suport de treball. El llibre de text i el material passa a ser un bé comú i l&#8217;alumne n&#8217;és usuari durant el curs que el fa servir.</p>
<p>&nbsp;</p>
<h3><em>Objectius de la socialització</em></h3>
<ul>
<li>Afavorir la igualtat de d&#8217;oportunitats.</li>
<li>Fomentar l&#8217;àmbit pedagògic, la responsabilitat i la cura del material didàctic.</li>
<li>Promoure la cultura del reciclatge i la reutilització dels recursos.</li>
<li>Ensenyar els valors de solidaritat, capacitat de compartir i respecte dels béns comuns.</li>
<li>Conscienciar per un estalvi ecològic i econòmic.</li>
<li>Potenciar la cooperació entre l&#8217;alumnat, les famílies i el professorat.</li>
<li>Posar en marxa projectes educatius de centre, compartits i gestionats per la comunitat educativa.</li>
<li>Millorar quantitativa i qualitativament els recursos didàctics disponibles als centres educatius.</li>
<li>Reduir significativament la despesa familiar en concepte de llibres de text i de material didàctic complementari.</li>
</ul>
<p>&nbsp;</p>
<h3><em>Conceptes bàsics</em></h3>
<p><strong>És imprescindible ser socis de l&#8217;AFA per participar en el projecte de socialització.</strong></p>
<p>Els partícips aporten una quantitat anual que serveix per proveir els llibres de text, llibres fungibles, material i sortides. Aquesta quota es paga en tres vegades i, aquesta, es revisa anualment, d&#8217;acord amb les previsions elaborades per la comissió de socialització.</p>
<p>L&#8217;Ajuntament d&#8217;Alpicat també realitza una aportació econòmica anual per tal de donar continuïtat a aquest projecte.</p>
<p><strong>La propietat dels llibres de text és de l&#8217;AFA</strong> que, juntament amb l&#8217;escola, en gestionaran un bon ús.</p>
<p>A final de curs, <strong>els llibres de text es queden a l&#8217;escola per ser reutilitzats durant el curs següent</strong>.</p>
<p>Tot llibre de text o material malmès intencionadament o perdut ha de ser reposat, sota la responsabilitat dels progenitors o tutors legals de l&#8217;alumne i s&#8217;ha de comunicar al mestre el més aviat possible.</p>
<p>S&#8217;ha de ser conscient que els llibres, el material d&#8217;aula i alumne esdevenen un recurs compartit i que no es poden malmetre.</p>

<p>Per tal de dur-lo a terme, per cada alumne/a es paga l&#8217;anomenada quota d&#8217;ús, que permetrà crear un fons per a subvencionar els canvis de material escolar i de llibres per raons pedagògiques o d&#8217;ús. Al començar el curs, totes les famílies pagaran a l&#8217;AFA&hellip;  <a href="https://agora.xtec.cat/ceip-drseres-alpicat/ampa/material-escolar/" title="Read Projecte de socialització de llibres i material escolar">Llegeix més»</a></p>
