{"id":3067,"date":"2023-10-17T15:21:58","date_gmt":"2023-10-17T13:21:58","guid":{"rendered":"https:\/\/agora.xtec.cat\/ceip-drseres-alpicat\/?page_id=3067"},"modified":"2026-01-27T20:15:34","modified_gmt":"2026-01-27T19:15:34","slug":"programa-infadimed-a-i3-i-i4-2","status":"publish","type":"page","link":"https:\/\/agora.xtec.cat\/ceip-drseres-alpicat\/programa-infadimed-a-i3-i-i4-2\/","title":{"rendered":"Programa INFADIMED a Educaci\u00f3 Infantil i 1r de Prim\u00e0ria"},"content":{"rendered":"<p><strong>INFADIMED<\/strong> \u00e9s un programa dut a terme per infermeres d\u2019atenci\u00f3 prim\u00e0ria que promou la dieta mediterr\u00e0nia entre els alumnes d\u2019educaci\u00f3 infantil i prim\u00e0ria amb l\u2019objectiu de donar eines als nens perqu\u00e8 puguin decidir qu\u00e8 \u00e9s m\u00e9s benefici\u00f3s per a la seva salut. Aquest curs el programa es realitza a I3 i I4 d&#8217;Infantil.<\/p>\n<p>&nbsp;<\/p>\n<p><a href=\"https:\/\/agora.xtec.cat\/ceip-drseres-alpicat\/wp-content\/uploads\/usu1665\/2023\/10\/Carta-presentacio_families_Infadimed.pdf\">Carta presentaci\u00f3_fam\u00edlies_Infadimed<\/a><\/p>\n<p><a href=\"https:\/\/agora.xtec.cat\/ceip-drseres-alpicat\/wp-content\/uploads\/usu1665\/2023\/10\/CASTconsentiment-InformatKIDMED-2022-2023.docx\">CAST consentiment Informat<\/a><\/p>\n<p><a href=\"https:\/\/agora.xtec.cat\/ceip-drseres-alpicat\/wp-content\/uploads\/usu1665\/2023\/10\/CATconsentiment-Informat-2022-2023KIDMED.docx\">CAT consentiment Informat<\/a><\/p>\n<p><a href=\"https:\/\/agora.xtec.cat\/ceip-drseres-alpicat\/wp-content\/uploads\/usu1665\/2023\/10\/INFADIMED-300x169-1.jpg\"><img loading=\"lazy\" decoding=\"async\" class=\"aligncenter wp-image-3071 \" src=\"https:\/\/agora.xtec.cat\/ceip-drseres-alpicat\/wp-content\/uploads\/usu1665\/2023\/10\/INFADIMED-300x169-1.jpg\" alt=\"\" width=\"485\" height=\"273\" \/><\/a><\/p>\n<p>&nbsp;<\/p>\n","protected":false},"excerpt":{"rendered":"<p>INFADIMED \u00e9s un programa dut a terme per infermeres d\u2019atenci\u00f3 prim\u00e0ria que promou la dieta mediterr\u00e0nia entre els alumnes d\u2019educaci\u00f3 infantil i prim\u00e0ria amb l\u2019objectiu de donar eines als nens perqu\u00e8 puguin decidir qu\u00e8 \u00e9s m\u00e9s benefici\u00f3s per a la seva salut. Aquest curs el&hellip;  <a href=\"https:\/\/agora.xtec.cat\/ceip-drseres-alpicat\/programa-infadimed-a-i3-i-i4-2\/\" title=\"Read Programa INFADIMED a Educaci\u00f3 Infantil i 1r de Prim\u00e0ria\">Llegeix m\u00e9s\u00bb<\/a><\/p>\n","protected":false},"author":1,"featured_media":0,"parent":0,"menu_order":0,"comment_status":"closed","ping_status":"closed","template":"","meta":{"_bbp_topic_count":0,"_bbp_reply_count":0,"_bbp_total_topic_count":0,"_bbp_total_reply_count":0,"_bbp_voice_count":0,"_bbp_anonymous_reply_count":0,"_bbp_topic_count_hidden":0,"_bbp_reply_count_hidden":0,"_bbp_forum_subforum_count":0,"footnotes":""},"class_list":["post-3067","page","type-page","status-publish","hentry"],"post_mailing_queue_ids":[],"_links":{"self":[{"href":"https:\/\/agora.xtec.cat\/ceip-drseres-alpicat\/wp-json\/wp\/v2\/pages\/3067","targetHints":{"allow":["GET"]}}],"collection":[{"href":"https:\/\/agora.xtec.cat\/ceip-drseres-alpicat\/wp-json\/wp\/v2\/pages"}],"about":[{"href":"https:\/\/agora.xtec.cat\/ceip-drseres-alpicat\/wp-json\/wp\/v2\/types\/page"}],"author":[{"embeddable":true,"href":"https:\/\/agora.xtec.cat\/ceip-drseres-alpicat\/wp-json\/wp\/v2\/users\/1"}],"replies":[{"embeddable":true,"href":"https:\/\/agora.xtec.cat\/ceip-drseres-alpicat\/wp-json\/wp\/v2\/comments?post=3067"}],"version-history":[{"count":6,"href":"https:\/\/agora.xtec.cat\/ceip-drseres-alpicat\/wp-json\/wp\/v2\/pages\/3067\/revisions"}],"predecessor-version":[{"id":4462,"href":"https:\/\/agora.xtec.cat\/ceip-drseres-alpicat\/wp-json\/wp\/v2\/pages\/3067\/revisions\/4462"}],"wp:attachment":[{"href":"https:\/\/agora.xtec.cat\/ceip-drseres-alpicat\/wp-json\/wp\/v2\/media?parent=3067"}],"curies":[{"name":"wp","href":"https:\/\/api.w.org\/{rel}","templated":true}]}}

Programa INFADIMED a Educació Infantil i 1r de Primària

<p><strong>INFADIMED</strong> és un programa dut a terme per infermeres d’atenció primària que promou la dieta mediterrània entre els alumnes d’educació infantil i primària amb l’objectiu de donar eines als nens perquè puguin decidir què és més beneficiós per a la seva salut. Aquest curs el programa es realitza a I3 i I4 d&#8217;Infantil.</p>
<p>&nbsp;</p>
<p><a href="https://agora.xtec.cat/ceip-drseres-alpicat/wp-content/uploads/usu1665/2023/10/Carta-presentacio_families_Infadimed.pdf">Carta presentació_famílies_Infadimed</a></p>
<p><a href="https://agora.xtec.cat/ceip-drseres-alpicat/wp-content/uploads/usu1665/2023/10/CASTconsentiment-InformatKIDMED-2022-2023.docx">CAST consentiment Informat</a></p>
<p><a href="https://agora.xtec.cat/ceip-drseres-alpicat/wp-content/uploads/usu1665/2023/10/CATconsentiment-Informat-2022-2023KIDMED.docx">CAT consentiment Informat</a></p>
<p><a href="https://agora.xtec.cat/ceip-drseres-alpicat/wp-content/uploads/usu1665/2023/10/INFADIMED-300x169-1.jpg"><img loading="lazy" decoding="async" class="aligncenter wp-image-3071 " src="https://agora.xtec.cat/ceip-drseres-alpicat/wp-content/uploads/usu1665/2023/10/INFADIMED-300x169-1.jpg" alt="" width="485" height="273" /></a></p>
<p>&nbsp;</p>

<p>INFADIMED és un programa dut a terme per infermeres d’atenció primària que promou la dieta mediterrània entre els alumnes d’educació infantil i primària amb l’objectiu de donar eines als nens perquè puguin decidir què és més beneficiós per a la seva salut. Aquest curs el&hellip;  <a href="https://agora.xtec.cat/ceip-drseres-alpicat/programa-infadimed-a-i3-i-i4-2/" title="Read Programa INFADIMED a Educació Infantil i 1r de Primària">Llegeix més»</a></p>
