{"id":2724,"date":"2023-05-17T10:44:10","date_gmt":"2023-05-17T08:44:10","guid":{"rendered":"https:\/\/agora.xtec.cat\/ceip-drseres-alpicat\/?page_id=2724"},"modified":"2026-03-29T22:33:16","modified_gmt":"2026-03-29T20:33:16","slug":"programa-escola-lliure-de-violencies-fcb","status":"publish","type":"page","link":"https:\/\/agora.xtec.cat\/ceip-drseres-alpicat\/programa-escola-lliure-de-violencies-fcb\/","title":{"rendered":"Pla catal\u00e0 de l&#8217;esport"},"content":{"rendered":"<p>El Pla Catal\u00e0 de l\u2019Esport a l\u2019Escola, \u00e9s un programa de la Generalitat que va n\u00e9ixer al 2005 amb l\u2019objectiu de posar a l\u2019abast de tot\u00a0 l\u2019alumnat\u00a0 dels centres educatius de Catalunya la pr\u00e0ctica d\u2019activitats f\u00edsiques i esportives fora d\u2019horari lectiu, \u00e9s a dir un cop acabades les classes a l\u2019escola.<\/p>\n<p>El <strong>curs 2023-2024<\/strong> l\u2019escola Doctor Ser\u00e9s es va adherir al Pla Catal\u00e0 de l\u2019Esport a l\u2019Escola, tot beneficiant-se dels seus avantatges en:<\/p>\n<p>&#8211; Assessorament esportiu i de monitoratge.<\/p>\n<p>&#8211; En la participaci\u00f3 dels i les alumnes en tallers relacionats amb l\u2019esport i la salut.<\/p>\n<p>&#8211; I amb un ajut econ\u00f2mic per a la tasca d\u2019activitats extraescolars.<\/p>\n<p>Aquesta iniciativa pretenia i pret\u00e9n augmentar l\u2019\u00edndex de participaci\u00f3 dels i les alumnes en l\u2019esport escolar i lluitar contra l\u2019increment dels h\u00e0bits sedentaris i de l\u2019obesitat en la poblaci\u00f3 infantil i juvenil.<\/p>\n<p>D\u2019aquesta manera es fomenta la demanda social en mat\u00e8ria de salut i benestar.<\/p>\n<p>Aquest curs, des de l\u2019escola, s\u2019ofereixen un total de 11 activitats esportives en horari extraescolar. Aquestes s\u00f3n: ball esportiu, break dance, escacs, escola de ciclisme, gimn\u00e0stica r\u00edtmica, karate, urban dance, futbol sala, p\u00e0del, tennis i patinatge.<\/p>\n<p>L\u2019escola Doctor Ser\u00e9s aposta per a renovar anualment la participaci\u00f3 en el Pla Catal\u00e0 de l\u2019Esport a l\u2019Escola per tal que l&#8217;alumnat pugui gaudir i beneficiar-se dels seus avantatges.<\/p>\n<p><a href=\"https:\/\/agora.xtec.cat\/ceip-drseres-alpicat\/wp-content\/uploads\/usu1665\/2024\/09\/image003.jpg\"><img loading=\"lazy\" decoding=\"async\" class=\"aligncenter wp-image-3397 \" src=\"https:\/\/agora.xtec.cat\/ceip-drseres-alpicat\/wp-content\/uploads\/usu1665\/2024\/09\/image003.jpg\" alt=\"\" width=\"334\" height=\"198\" \/><\/a><\/p>\n<p>El <strong>curs 2025\/26<\/strong> la nostra escola s\u2019ha sumat amb il\u00b7lusi\u00f3 a la lligueta escolar de <strong>datchbol<\/strong>, una competici\u00f3 organitzada pel Consell Esportiu del Segri\u00e0.<\/p>\n<p>En aquesta lliga, un total de 13 centres de la comarca ens trobem al pavell\u00f3 de l\u2019INEFC de Lleida (a la Caparrella) durant cinc jornades clau: l\u2019\u00faltim dissabte dels mesos de novembre, gener, febrer, mar\u00e7 i abril.<\/p>\n<p>M\u00e9s enll\u00e0 de la competici\u00f3, aquestes trobades s\u00f3n una oportunitat d\u2019or per descobrir un esport minoritari d\u2019all\u00f2 m\u00e9s divertit. El datchbol ens permet interactuar amb nens i nenes d\u2019altres escoles, tot reafirmant el nostre comprom\u00eds amb l\u2019esport base i posant en pr\u00e0ctica valors essencials com el respecte, el treball en equip i el joc net.<\/p>\n<p><a href=\"https:\/\/agora.xtec.cat\/ceip-drseres-alpicat\/wp-content\/uploads\/usu1665\/2026\/03\/IMG_3942-2-scaled.jpg\"><img loading=\"lazy\" decoding=\"async\" class=\"aligncenter size-large wp-image-4590\" src=\"https:\/\/agora.xtec.cat\/ceip-drseres-alpicat\/wp-content\/uploads\/usu1665\/2026\/03\/IMG_3942-2-1024x768.jpg\" alt=\"\" width=\"1024\" height=\"768\" srcset=\"https:\/\/agora.xtec.cat\/ceip-drseres-alpicat\/wp-content\/uploads\/usu1665\/2026\/03\/IMG_3942-2-1024x768.jpg 1024w, https:\/\/agora.xtec.cat\/ceip-drseres-alpicat\/wp-content\/uploads\/usu1665\/2026\/03\/IMG_3942-2-300x225.jpg 300w, https:\/\/agora.xtec.cat\/ceip-drseres-alpicat\/wp-content\/uploads\/usu1665\/2026\/03\/IMG_3942-2-768x576.jpg 768w, https:\/\/agora.xtec.cat\/ceip-drseres-alpicat\/wp-content\/uploads\/usu1665\/2026\/03\/IMG_3942-2-1536x1152.jpg 1536w, https:\/\/agora.xtec.cat\/ceip-drseres-alpicat\/wp-content\/uploads\/usu1665\/2026\/03\/IMG_3942-2-2048x1536.jpg 2048w, https:\/\/agora.xtec.cat\/ceip-drseres-alpicat\/wp-content\/uploads\/usu1665\/2026\/03\/IMG_3942-2-200x150.jpg 200w\" sizes=\"auto, (max-width: 1024px) 100vw, 1024px\" \/><\/a><\/p>\n<p><a href=\"https:\/\/agora.xtec.cat\/ceip-drseres-alpicat\/wp-content\/uploads\/usu1665\/2026\/03\/IMG_4239-scaled.jpg\"><img loading=\"lazy\" decoding=\"async\" class=\"aligncenter size-large wp-image-4682\" src=\"https:\/\/agora.xtec.cat\/ceip-drseres-alpicat\/wp-content\/uploads\/usu1665\/2026\/03\/IMG_4239-1024x768.jpg\" alt=\"\" width=\"1024\" height=\"768\" srcset=\"https:\/\/agora.xtec.cat\/ceip-drseres-alpicat\/wp-content\/uploads\/usu1665\/2026\/03\/IMG_4239-1024x768.jpg 1024w, https:\/\/agora.xtec.cat\/ceip-drseres-alpicat\/wp-content\/uploads\/usu1665\/2026\/03\/IMG_4239-300x225.jpg 300w, https:\/\/agora.xtec.cat\/ceip-drseres-alpicat\/wp-content\/uploads\/usu1665\/2026\/03\/IMG_4239-768x576.jpg 768w, https:\/\/agora.xtec.cat\/ceip-drseres-alpicat\/wp-content\/uploads\/usu1665\/2026\/03\/IMG_4239-1536x1152.jpg 1536w, https:\/\/agora.xtec.cat\/ceip-drseres-alpicat\/wp-content\/uploads\/usu1665\/2026\/03\/IMG_4239-2048x1536.jpg 2048w, https:\/\/agora.xtec.cat\/ceip-drseres-alpicat\/wp-content\/uploads\/usu1665\/2026\/03\/IMG_4239-200x150.jpg 200w\" sizes=\"auto, (max-width: 1024px) 100vw, 1024px\" \/><\/a> <a href=\"https:\/\/agora.xtec.cat\/ceip-drseres-alpicat\/wp-content\/uploads\/usu1665\/2026\/03\/IMG_4240-scaled.jpg\"><img loading=\"lazy\" decoding=\"async\" class=\"aligncenter size-large wp-image-4683\" src=\"https:\/\/agora.xtec.cat\/ceip-drseres-alpicat\/wp-content\/uploads\/usu1665\/2026\/03\/IMG_4240-1024x768.jpg\" alt=\"\" width=\"1024\" height=\"768\" srcset=\"https:\/\/agora.xtec.cat\/ceip-drseres-alpicat\/wp-content\/uploads\/usu1665\/2026\/03\/IMG_4240-1024x768.jpg 1024w, https:\/\/agora.xtec.cat\/ceip-drseres-alpicat\/wp-content\/uploads\/usu1665\/2026\/03\/IMG_4240-300x225.jpg 300w, https:\/\/agora.xtec.cat\/ceip-drseres-alpicat\/wp-content\/uploads\/usu1665\/2026\/03\/IMG_4240-768x576.jpg 768w, https:\/\/agora.xtec.cat\/ceip-drseres-alpicat\/wp-content\/uploads\/usu1665\/2026\/03\/IMG_4240-1536x1152.jpg 1536w, https:\/\/agora.xtec.cat\/ceip-drseres-alpicat\/wp-content\/uploads\/usu1665\/2026\/03\/IMG_4240-2048x1536.jpg 2048w, https:\/\/agora.xtec.cat\/ceip-drseres-alpicat\/wp-content\/uploads\/usu1665\/2026\/03\/IMG_4240-200x150.jpg 200w\" sizes=\"auto, (max-width: 1024px) 100vw, 1024px\" \/><\/a> <a href=\"https:\/\/agora.xtec.cat\/ceip-drseres-alpicat\/wp-content\/uploads\/usu1665\/2026\/03\/IMG_4245-scaled.jpg\"><img loading=\"lazy\" decoding=\"async\" class=\"aligncenter size-large wp-image-4684\" src=\"https:\/\/agora.xtec.cat\/ceip-drseres-alpicat\/wp-content\/uploads\/usu1665\/2026\/03\/IMG_4245-1024x768.jpg\" alt=\"\" width=\"1024\" height=\"768\" srcset=\"https:\/\/agora.xtec.cat\/ceip-drseres-alpicat\/wp-content\/uploads\/usu1665\/2026\/03\/IMG_4245-1024x768.jpg 1024w, https:\/\/agora.xtec.cat\/ceip-drseres-alpicat\/wp-content\/uploads\/usu1665\/2026\/03\/IMG_4245-300x225.jpg 300w, https:\/\/agora.xtec.cat\/ceip-drseres-alpicat\/wp-content\/uploads\/usu1665\/2026\/03\/IMG_4245-768x576.jpg 768w, https:\/\/agora.xtec.cat\/ceip-drseres-alpicat\/wp-content\/uploads\/usu1665\/2026\/03\/IMG_4245-1536x1152.jpg 1536w, https:\/\/agora.xtec.cat\/ceip-drseres-alpicat\/wp-content\/uploads\/usu1665\/2026\/03\/IMG_4245-2048x1536.jpg 2048w, https:\/\/agora.xtec.cat\/ceip-drseres-alpicat\/wp-content\/uploads\/usu1665\/2026\/03\/IMG_4245-200x150.jpg 200w\" sizes=\"auto, (max-width: 1024px) 100vw, 1024px\" \/><\/a><\/p>\n","protected":false},"excerpt":{"rendered":"<p>El Pla Catal\u00e0 de l\u2019Esport a l\u2019Escola, \u00e9s un programa de la Generalitat que va n\u00e9ixer al 2005 amb l\u2019objectiu de posar a l\u2019abast de tot\u00a0 l\u2019alumnat\u00a0 dels centres educatius de Catalunya la pr\u00e0ctica d\u2019activitats f\u00edsiques i esportives fora d\u2019horari lectiu, \u00e9s a dir un&hellip;  <a href=\"https:\/\/agora.xtec.cat\/ceip-drseres-alpicat\/programa-escola-lliure-de-violencies-fcb\/\" title=\"Read Pla catal\u00e0 de l&#8217;esport\">Llegeix m\u00e9s\u00bb<\/a><\/p>\n","protected":false},"author":1,"featured_media":0,"parent":0,"menu_order":0,"comment_status":"closed","ping_status":"closed","template":"","meta":{"_bbp_topic_count":0,"_bbp_reply_count":0,"_bbp_total_topic_count":0,"_bbp_total_reply_count":0,"_bbp_voice_count":0,"_bbp_anonymous_reply_count":0,"_bbp_topic_count_hidden":0,"_bbp_reply_count_hidden":0,"_bbp_forum_subforum_count":0,"footnotes":""},"class_list":["post-2724","page","type-page","status-publish","hentry"],"post_mailing_queue_ids":[],"_links":{"self":[{"href":"https:\/\/agora.xtec.cat\/ceip-drseres-alpicat\/wp-json\/wp\/v2\/pages\/2724","targetHints":{"allow":["GET"]}}],"collection":[{"href":"https:\/\/agora.xtec.cat\/ceip-drseres-alpicat\/wp-json\/wp\/v2\/pages"}],"about":[{"href":"https:\/\/agora.xtec.cat\/ceip-drseres-alpicat\/wp-json\/wp\/v2\/types\/page"}],"author":[{"embeddable":true,"href":"https:\/\/agora.xtec.cat\/ceip-drseres-alpicat\/wp-json\/wp\/v2\/users\/1"}],"replies":[{"embeddable":true,"href":"https:\/\/agora.xtec.cat\/ceip-drseres-alpicat\/wp-json\/wp\/v2\/comments?post=2724"}],"version-history":[{"count":7,"href":"https:\/\/agora.xtec.cat\/ceip-drseres-alpicat\/wp-json\/wp\/v2\/pages\/2724\/revisions"}],"predecessor-version":[{"id":4702,"href":"https:\/\/agora.xtec.cat\/ceip-drseres-alpicat\/wp-json\/wp\/v2\/pages\/2724\/revisions\/4702"}],"wp:attachment":[{"href":"https:\/\/agora.xtec.cat\/ceip-drseres-alpicat\/wp-json\/wp\/v2\/media?parent=2724"}],"curies":[{"name":"wp","href":"https:\/\/api.w.org\/{rel}","templated":true}]}}