{"id":2714,"date":"2023-05-16T13:43:10","date_gmt":"2023-05-16T11:43:10","guid":{"rendered":"https:\/\/agora.xtec.cat\/ceip-drseres-alpicat\/?page_id=2714"},"modified":"2026-04-01T13:08:05","modified_gmt":"2026-04-01T11:08:05","slug":"cantania-a-lauditori-de-barcelona","status":"publish","type":"page","link":"https:\/\/agora.xtec.cat\/ceip-drseres-alpicat\/cantania-a-lauditori-de-barcelona\/","title":{"rendered":"Cant\u00e0nia a 5\u00e8 de Prim\u00e0ria"},"content":{"rendered":"<h1><strong><span style=\"color: #800080;\">CANT\u00c0NIA a 5\u00e8 de Prim\u00e0ria<\/span><\/strong><\/h1>\n<p style=\"font-weight: 400;\">El curs 1989 \u2013 1990 va n\u00e9ixer Cant\u00e0nia a partir de la voluntat de les mestres de m\u00fasica de les 9 escoles municipals de Barcelona de fer alguna activitat conjunta. L\u2019any 1997 es van afegir totes les escoles de la ciutat. L\u2019\u00e8xit va ser tal, que l\u2019any 2002 va comen\u00e7ar a implantar-se a d\u2019altres ciutats de Catalunya per a, l\u2019any 2005, comen\u00e7ar a cr\u00e9ixer arreu del m\u00f3n. Cant\u00e0nia \u00e9s una activitat participativa dirigida a escolars de cicle mitj\u00e0 i superior de prim\u00e0ria. Cada temporada s\u2019encarrega una obra nova per a un gran cor de nens i nenes, a compositors i escriptors catalans de reconegut prestigi. Durant tot el curs escolar es treballa tant des de L\u2019Auditori com des de l\u2019escola. L\u2019objectiu \u00e9s organitzar un acte per als alumnes que, per les caracter\u00edstiques globals pensades exclusivament per a ells, per la qualitat i per la implicaci\u00f3 personal i col\u00b7lectiva en l\u2019acte, es converteixi en una viv\u00e8ncia musical inoblidable per a tots.<\/p>\n<p style=\"font-weight: 400;\">Fins a dia d\u2019avui, Cant\u00e0nia s\u2019ha realitzat a m\u00e9s de 20 ciutats de 6 pa\u00efsos tant europeus com americans. A Espanya: Argentona, Burgos, C\u00e0diz, El Vendrell, Figueres, Girona, Granollers, Madrid, Manresa, Matar\u00f3, Olot, Parla, Reus, Salamanca, Sant Cugat del Vall\u00e8s, Saragossa, Sevilla, Valladolid, Vic i Vilafranca del Pened\u00e8s. A Alemanya: Mainz, Bremen, Biefeld, Neustadt i Koblenz. A B\u00e8lgica: Brussel\u00b7les. A Portugal: Guimaraes. A Vene\u00e7uela: Caracas. A It\u00e0lia: Alexandria. I a M\u00e8xic. Les xifres anuals s\u00f3n espectaculars! Al llarg d\u2019un curs escolar passen pels escenaris de totes les ciutats participants aproximadament 50.000 nens i nenes, 1.000 mestres de m\u00fasica de m\u00e9s de 1.000 escoles i 100.000 espectadors.<\/p>\n<p style=\"font-weight: 400;\">Cant\u00e0nia vetlla per l\u2019educaci\u00f3 musical dels nens i nenes a trav\u00e9s d\u2019un cam\u00ed acompanyat de m\u00fasica, cultura i emoci\u00f3.<\/p>\n<h5><a href=\"https:\/\/drive.google.com\/file\/d\/1hCYfxCaYOngeayDzJNdLn8R4b4onvTuM\/view?usp=share_link\"><strong>. Cant\u00e0nia 2026 L&#8217;\u00faltim rellotge<\/strong><\/a><\/h5>\n<p><a href=\"https:\/\/drive.google.com\/file\/d\/1hCYfxCaYOngeayDzJNdLn8R4b4onvTuM\/view?usp=share_link\"><img loading=\"lazy\" decoding=\"async\" class=\"alignleft wp-image-4535 size-thumbnail\" src=\"https:\/\/agora.xtec.cat\/ceip-drseres-alpicat\/wp-content\/uploads\/usu1665\/2026\/02\/Cantania-2024-El-naufragI.pptx-150x150.jpg\" alt=\"\" width=\"150\" height=\"150\" \/><\/a><\/p>\n<p>&nbsp;<\/p>\n<p>&nbsp;<\/p>\n<p>&nbsp;<\/p>\n<p>&nbsp;<\/p>\n<p><a href=\"https:\/\/agora.xtec.cat\/ceip-drseres-alpicat\/wp-content\/uploads\/usu1665\/2025\/03\/Cantania-2025-Real.pdf\">. Cant\u00e0nia 2025 Real<\/a><\/p>\n<p><a href=\"https:\/\/drive.google.com\/file\/d\/1xVGhGrE_V4l_vH2GiWKAFS5UolbyyW_y\/view?usp=share_link\">. Cant\u00e0nia 2024 El naufragi<\/a><\/p>\n<p><a href=\"https:\/\/www.auditori.cat\/ca\/album\/el-naufragi\/\">. <\/a><a href=\"https:\/\/agora.xtec.cat\/ceip-drseres-alpicat\/wp-content\/uploads\/usu1665\/2023\/05\/Cantania-2023.pdf\">Cant\u00e0nia 2023 Les portes del mon<\/a><\/p>\n<p><a href=\"https:\/\/agora.xtec.cat\/ceip-drseres-alpicat\/wp-content\/uploads\/usu1665\/2023\/05\/Cantania-2023.pdf\">. <\/a><a href=\"https:\/\/agora.xtec.cat\/ceip-drseres-alpicat\/wp-content\/uploads\/usu1665\/2023\/05\/Presentacio-cantata-2022.pdf\">Cant\u00e0nia 2022 Clara, l&#8217;art per dins<\/a><\/p>\n<p><a href=\"https:\/\/agora.xtec.cat\/ceip-drseres-alpicat\/wp-content\/uploads\/usu1665\/2023\/05\/Presentacio-cantata-2022.pdf\">. <\/a><a href=\"https:\/\/agora.xtec.cat\/ceip-drseres-alpicat\/wp-content\/uploads\/usu1665\/2023\/05\/Presentacio-cantata-Virtual-2020.pdf\">Cant\u00e0nia 2020 Virtual<\/a><\/p>\n<p>P\u00f2ster realitzat per nens i nenes de 5\u00e8 de Prim\u00e0ria:<\/p>\n<p><a href=\"https:\/\/agora.xtec.cat\/ceip-drseres-alpicat\/wp-content\/uploads\/usu1665\/2025\/03\/CANTANIA-i-LA-CLIKA_page-0001-scaled.jpg\"><img loading=\"lazy\" decoding=\"async\" class=\"aligncenter wp-image-3788 size-full\" src=\"https:\/\/agora.xtec.cat\/ceip-drseres-alpicat\/wp-content\/uploads\/usu1665\/2025\/03\/CANTANIA-i-LA-CLIKA_page-0001-scaled.jpg\" alt=\"\" width=\"2560\" height=\"1440\" srcset=\"https:\/\/agora.xtec.cat\/ceip-drseres-alpicat\/wp-content\/uploads\/usu1665\/2025\/03\/CANTANIA-i-LA-CLIKA_page-0001-scaled.jpg 2560w, https:\/\/agora.xtec.cat\/ceip-drseres-alpicat\/wp-content\/uploads\/usu1665\/2025\/03\/CANTANIA-i-LA-CLIKA_page-0001-300x169.jpg 300w, https:\/\/agora.xtec.cat\/ceip-drseres-alpicat\/wp-content\/uploads\/usu1665\/2025\/03\/CANTANIA-i-LA-CLIKA_page-0001-1024x576.jpg 1024w, https:\/\/agora.xtec.cat\/ceip-drseres-alpicat\/wp-content\/uploads\/usu1665\/2025\/03\/CANTANIA-i-LA-CLIKA_page-0001-768x432.jpg 768w, https:\/\/agora.xtec.cat\/ceip-drseres-alpicat\/wp-content\/uploads\/usu1665\/2025\/03\/CANTANIA-i-LA-CLIKA_page-0001-1536x864.jpg 1536w, https:\/\/agora.xtec.cat\/ceip-drseres-alpicat\/wp-content\/uploads\/usu1665\/2025\/03\/CANTANIA-i-LA-CLIKA_page-0001-2048x1152.jpg 2048w\" sizes=\"auto, (max-width: 2560px) 100vw, 2560px\" \/><\/a><\/p>\n<p>&nbsp;<\/p>\n","protected":false},"excerpt":{"rendered":"<p>CANT\u00c0NIA a 5\u00e8 de Prim\u00e0ria<br \/>\nEl curs 1989 \u2013 1990 va n\u00e9ixer Cant\u00e0nia a partir de la voluntat de les mestres de m\u00fasica de les 9 escoles municipals de Barcelona de fer alguna activitat conjunta. L\u2019any 1997 es van afegir totes les escoles de la ciutat.&hellip;  <a href=\"https:\/\/agora.xtec.cat\/ceip-drseres-alpicat\/cantania-a-lauditori-de-barcelona\/\" title=\"Read Cant\u00e0nia a 5\u00e8 de Prim\u00e0ria\">Llegeix m\u00e9s\u00bb<\/a><\/p>\n","protected":false},"author":1,"featured_media":0,"parent":0,"menu_order":0,"comment_status":"closed","ping_status":"closed","template":"","meta":{"_bbp_topic_count":0,"_bbp_reply_count":0,"_bbp_total_topic_count":0,"_bbp_total_reply_count":0,"_bbp_voice_count":0,"_bbp_anonymous_reply_count":0,"_bbp_topic_count_hidden":0,"_bbp_reply_count_hidden":0,"_bbp_forum_subforum_count":0,"footnotes":""},"class_list":["post-2714","page","type-page","status-publish","hentry"],"post_mailing_queue_ids":[],"_links":{"self":[{"href":"https:\/\/agora.xtec.cat\/ceip-drseres-alpicat\/wp-json\/wp\/v2\/pages\/2714","targetHints":{"allow":["GET"]}}],"collection":[{"href":"https:\/\/agora.xtec.cat\/ceip-drseres-alpicat\/wp-json\/wp\/v2\/pages"}],"about":[{"href":"https:\/\/agora.xtec.cat\/ceip-drseres-alpicat\/wp-json\/wp\/v2\/types\/page"}],"author":[{"embeddable":true,"href":"https:\/\/agora.xtec.cat\/ceip-drseres-alpicat\/wp-json\/wp\/v2\/users\/1"}],"replies":[{"embeddable":true,"href":"https:\/\/agora.xtec.cat\/ceip-drseres-alpicat\/wp-json\/wp\/v2\/comments?post=2714"}],"version-history":[{"count":6,"href":"https:\/\/agora.xtec.cat\/ceip-drseres-alpicat\/wp-json\/wp\/v2\/pages\/2714\/revisions"}],"predecessor-version":[{"id":4703,"href":"https:\/\/agora.xtec.cat\/ceip-drseres-alpicat\/wp-json\/wp\/v2\/pages\/2714\/revisions\/4703"}],"wp:attachment":[{"href":"https:\/\/agora.xtec.cat\/ceip-drseres-alpicat\/wp-json\/wp\/v2\/media?parent=2714"}],"curies":[{"name":"wp","href":"https:\/\/api.w.org\/{rel}","templated":true}]}}

Cantània a 5è de Primària

<h1><strong><span style="color: #800080;">CANTÀNIA a 5è de Primària</span></strong></h1>
<p style="font-weight: 400;">El curs 1989 – 1990 va néixer Cantània a partir de la voluntat de les mestres de música de les 9 escoles municipals de Barcelona de fer alguna activitat conjunta. L’any 1997 es van afegir totes les escoles de la ciutat. L’èxit va ser tal, que l’any 2002 va començar a implantar-se a d’altres ciutats de Catalunya per a, l’any 2005, començar a créixer arreu del món. Cantània és una activitat participativa dirigida a escolars de cicle mitjà i superior de primària. Cada temporada s’encarrega una obra nova per a un gran cor de nens i nenes, a compositors i escriptors catalans de reconegut prestigi. Durant tot el curs escolar es treballa tant des de L’Auditori com des de l’escola. L’objectiu és organitzar un acte per als alumnes que, per les característiques globals pensades exclusivament per a ells, per la qualitat i per la implicació personal i col·lectiva en l’acte, es converteixi en una vivència musical inoblidable per a tots.</p>
<p style="font-weight: 400;">Fins a dia d’avui, Cantània s’ha realitzat a més de 20 ciutats de 6 països tant europeus com americans. A Espanya: Argentona, Burgos, Càdiz, El Vendrell, Figueres, Girona, Granollers, Madrid, Manresa, Mataró, Olot, Parla, Reus, Salamanca, Sant Cugat del Vallès, Saragossa, Sevilla, Valladolid, Vic i Vilafranca del Penedès. A Alemanya: Mainz, Bremen, Biefeld, Neustadt i Koblenz. A Bèlgica: Brussel·les. A Portugal: Guimaraes. A Veneçuela: Caracas. A Itàlia: Alexandria. I a Mèxic. Les xifres anuals són espectaculars! Al llarg d’un curs escolar passen pels escenaris de totes les ciutats participants aproximadament 50.000 nens i nenes, 1.000 mestres de música de més de 1.000 escoles i 100.000 espectadors.</p>
<p style="font-weight: 400;">Cantània vetlla per l’educació musical dels nens i nenes a través d’un camí acompanyat de música, cultura i emoció.</p>
<h5><a href="https://drive.google.com/file/d/1hCYfxCaYOngeayDzJNdLn8R4b4onvTuM/view?usp=share_link"><strong>. Cantània 2026 L&#8217;últim rellotge</strong></a></h5>
<p><a href="https://drive.google.com/file/d/1hCYfxCaYOngeayDzJNdLn8R4b4onvTuM/view?usp=share_link"><img loading="lazy" decoding="async" class="alignleft wp-image-4535 size-thumbnail" src="https://agora.xtec.cat/ceip-drseres-alpicat/wp-content/uploads/usu1665/2026/02/Cantania-2024-El-naufragI.pptx-150x150.jpg" alt="" width="150" height="150" /></a></p>
<p>&nbsp;</p>
<p>&nbsp;</p>
<p>&nbsp;</p>
<p>&nbsp;</p>
<p><a href="https://agora.xtec.cat/ceip-drseres-alpicat/wp-content/uploads/usu1665/2025/03/Cantania-2025-Real.pdf">. Cantània 2025 Real</a></p>
<p><a href="https://drive.google.com/file/d/1xVGhGrE_V4l_vH2GiWKAFS5UolbyyW_y/view?usp=share_link">. Cantània 2024 El naufragi</a></p>
<p><a href="https://www.auditori.cat/ca/album/el-naufragi/">. </a><a href="https://agora.xtec.cat/ceip-drseres-alpicat/wp-content/uploads/usu1665/2023/05/Cantania-2023.pdf">Cantània 2023 Les portes del mon</a></p>
<p><a href="https://agora.xtec.cat/ceip-drseres-alpicat/wp-content/uploads/usu1665/2023/05/Cantania-2023.pdf">. </a><a href="https://agora.xtec.cat/ceip-drseres-alpicat/wp-content/uploads/usu1665/2023/05/Presentacio-cantata-2022.pdf">Cantània 2022 Clara, l&#8217;art per dins</a></p>
<p><a href="https://agora.xtec.cat/ceip-drseres-alpicat/wp-content/uploads/usu1665/2023/05/Presentacio-cantata-2022.pdf">. </a><a href="https://agora.xtec.cat/ceip-drseres-alpicat/wp-content/uploads/usu1665/2023/05/Presentacio-cantata-Virtual-2020.pdf">Cantània 2020 Virtual</a></p>
<p>Pòster realitzat per nens i nenes de 5è de Primària:</p>
<p><a href="https://agora.xtec.cat/ceip-drseres-alpicat/wp-content/uploads/usu1665/2025/03/CANTANIA-i-LA-CLIKA_page-0001-scaled.jpg"><img loading="lazy" decoding="async" class="aligncenter wp-image-3788 size-full" src="https://agora.xtec.cat/ceip-drseres-alpicat/wp-content/uploads/usu1665/2025/03/CANTANIA-i-LA-CLIKA_page-0001-scaled.jpg" alt="" width="2560" height="1440" srcset="https://agora.xtec.cat/ceip-drseres-alpicat/wp-content/uploads/usu1665/2025/03/CANTANIA-i-LA-CLIKA_page-0001-scaled.jpg 2560w, https://agora.xtec.cat/ceip-drseres-alpicat/wp-content/uploads/usu1665/2025/03/CANTANIA-i-LA-CLIKA_page-0001-300x169.jpg 300w, https://agora.xtec.cat/ceip-drseres-alpicat/wp-content/uploads/usu1665/2025/03/CANTANIA-i-LA-CLIKA_page-0001-1024x576.jpg 1024w, https://agora.xtec.cat/ceip-drseres-alpicat/wp-content/uploads/usu1665/2025/03/CANTANIA-i-LA-CLIKA_page-0001-768x432.jpg 768w, https://agora.xtec.cat/ceip-drseres-alpicat/wp-content/uploads/usu1665/2025/03/CANTANIA-i-LA-CLIKA_page-0001-1536x864.jpg 1536w, https://agora.xtec.cat/ceip-drseres-alpicat/wp-content/uploads/usu1665/2025/03/CANTANIA-i-LA-CLIKA_page-0001-2048x1152.jpg 2048w" sizes="auto, (max-width: 2560px) 100vw, 2560px" /></a></p>
<p>&nbsp;</p>

<p>CANTÀNIA a 5è de Primària<br />
El curs 1989 – 1990 va néixer Cantània a partir de la voluntat de les mestres de música de les 9 escoles municipals de Barcelona de fer alguna activitat conjunta. L’any 1997 es van afegir totes les escoles de la ciutat.&hellip;  <a href="https://agora.xtec.cat/ceip-drseres-alpicat/cantania-a-lauditori-de-barcelona/" title="Read Cantània a 5è de Primària">Llegeix més»</a></p>
