{"id":2218,"date":"2022-02-23T11:20:14","date_gmt":"2022-02-23T10:20:14","guid":{"rendered":"https:\/\/agora.xtec.cat\/ceip-drseres-alpicat\/?page_id=2218"},"modified":"2026-01-27T20:40:21","modified_gmt":"2026-01-27T19:40:21","slug":"metodologia","status":"publish","type":"page","link":"https:\/\/agora.xtec.cat\/ceip-drseres-alpicat\/metodologia\/","title":{"rendered":"El dia a dia a l&#8217;escola"},"content":{"rendered":"<p>Als seg\u00fcent enlla\u00e7os podreu trobar diferents d\u00edptics i tr\u00edptics on s&#8217;explica la metodologia que apliquem a l&#8217;escola:<\/p>\n<h3>. Com treballem a Educaci\u00f3 Infantil:<\/h3>\n<pre><a href=\"https:\/\/agora.xtec.cat\/ceip-drseres-alpicat\/wp-content\/uploads\/usu1665\/2025\/09\/EI.jpg\"><img loading=\"lazy\" decoding=\"async\" class=\"aligncenter wp-image-4096 size-large\" src=\"https:\/\/agora.xtec.cat\/ceip-drseres-alpicat\/wp-content\/uploads\/usu1665\/2025\/09\/EI-724x1024.jpg\" alt=\"\" width=\"724\" height=\"1024\" srcset=\"https:\/\/agora.xtec.cat\/ceip-drseres-alpicat\/wp-content\/uploads\/usu1665\/2025\/09\/EI-724x1024.jpg 724w, https:\/\/agora.xtec.cat\/ceip-drseres-alpicat\/wp-content\/uploads\/usu1665\/2025\/09\/EI-212x300.jpg 212w, https:\/\/agora.xtec.cat\/ceip-drseres-alpicat\/wp-content\/uploads\/usu1665\/2025\/09\/EI-768x1086.jpg 768w, https:\/\/agora.xtec.cat\/ceip-drseres-alpicat\/wp-content\/uploads\/usu1665\/2025\/09\/EI-1086x1536.jpg 1086w, https:\/\/agora.xtec.cat\/ceip-drseres-alpicat\/wp-content\/uploads\/usu1665\/2025\/09\/EI.jpg 1414w\" sizes=\"auto, (max-width: 724px) 100vw, 724px\" \/><\/a><\/pre>\n<h3>. Com treballem a Cicle Inicial:<\/h3>\n<p><a href=\"https:\/\/agora.xtec.cat\/ceip-drseres-alpicat\/wp-content\/uploads\/usu1665\/2025\/09\/CI.jpg\"><img loading=\"lazy\" decoding=\"async\" class=\"aligncenter wp-image-4093 size-large\" src=\"https:\/\/agora.xtec.cat\/ceip-drseres-alpicat\/wp-content\/uploads\/usu1665\/2025\/09\/CI-724x1024.jpg\" alt=\"\" width=\"724\" height=\"1024\" srcset=\"https:\/\/agora.xtec.cat\/ceip-drseres-alpicat\/wp-content\/uploads\/usu1665\/2025\/09\/CI-724x1024.jpg 724w, https:\/\/agora.xtec.cat\/ceip-drseres-alpicat\/wp-content\/uploads\/usu1665\/2025\/09\/CI-212x300.jpg 212w, https:\/\/agora.xtec.cat\/ceip-drseres-alpicat\/wp-content\/uploads\/usu1665\/2025\/09\/CI-768x1086.jpg 768w, https:\/\/agora.xtec.cat\/ceip-drseres-alpicat\/wp-content\/uploads\/usu1665\/2025\/09\/CI-1086x1536.jpg 1086w, https:\/\/agora.xtec.cat\/ceip-drseres-alpicat\/wp-content\/uploads\/usu1665\/2025\/09\/CI.jpg 1414w\" sizes=\"auto, (max-width: 724px) 100vw, 724px\" \/><\/a><\/p>\n<h3>. Com treballem a Cicle Mitj\u00e0:<\/h3>\n<p><a href=\"https:\/\/agora.xtec.cat\/ceip-drseres-alpicat\/wp-content\/uploads\/usu1665\/2025\/09\/CM.jpg\"><img loading=\"lazy\" decoding=\"async\" class=\"aligncenter wp-image-4094 size-large\" src=\"https:\/\/agora.xtec.cat\/ceip-drseres-alpicat\/wp-content\/uploads\/usu1665\/2025\/09\/CM-724x1024.jpg\" alt=\"\" width=\"724\" height=\"1024\" srcset=\"https:\/\/agora.xtec.cat\/ceip-drseres-alpicat\/wp-content\/uploads\/usu1665\/2025\/09\/CM-724x1024.jpg 724w, https:\/\/agora.xtec.cat\/ceip-drseres-alpicat\/wp-content\/uploads\/usu1665\/2025\/09\/CM-212x300.jpg 212w, https:\/\/agora.xtec.cat\/ceip-drseres-alpicat\/wp-content\/uploads\/usu1665\/2025\/09\/CM-768x1086.jpg 768w, https:\/\/agora.xtec.cat\/ceip-drseres-alpicat\/wp-content\/uploads\/usu1665\/2025\/09\/CM-1086x1536.jpg 1086w, https:\/\/agora.xtec.cat\/ceip-drseres-alpicat\/wp-content\/uploads\/usu1665\/2025\/09\/CM.jpg 1414w\" sizes=\"auto, (max-width: 724px) 100vw, 724px\" \/><\/a><\/p>\n<h3>. Com treballem a Cicle Superior:<\/h3>\n<p><a href=\"https:\/\/agora.xtec.cat\/ceip-drseres-alpicat\/wp-content\/uploads\/usu1665\/2025\/09\/CS.jpg\"><img loading=\"lazy\" decoding=\"async\" class=\"aligncenter wp-image-4095 size-large\" src=\"https:\/\/agora.xtec.cat\/ceip-drseres-alpicat\/wp-content\/uploads\/usu1665\/2025\/09\/CS-724x1024.jpg\" alt=\"\" width=\"724\" height=\"1024\" srcset=\"https:\/\/agora.xtec.cat\/ceip-drseres-alpicat\/wp-content\/uploads\/usu1665\/2025\/09\/CS-724x1024.jpg 724w, https:\/\/agora.xtec.cat\/ceip-drseres-alpicat\/wp-content\/uploads\/usu1665\/2025\/09\/CS-212x300.jpg 212w, https:\/\/agora.xtec.cat\/ceip-drseres-alpicat\/wp-content\/uploads\/usu1665\/2025\/09\/CS-768x1086.jpg 768w, https:\/\/agora.xtec.cat\/ceip-drseres-alpicat\/wp-content\/uploads\/usu1665\/2025\/09\/CS-1086x1536.jpg 1086w, https:\/\/agora.xtec.cat\/ceip-drseres-alpicat\/wp-content\/uploads\/usu1665\/2025\/09\/CS.jpg 1414w\" sizes=\"auto, (max-width: 724px) 100vw, 724px\" \/><\/a><\/p>\n","protected":false},"excerpt":{"rendered":"<p>Als seg\u00fcent enlla\u00e7os podreu trobar diferents d\u00edptics i tr\u00edptics on s&#8217;explica la metodologia que apliquem a l&#8217;escola:<br \/>\n. Com treballem a Educaci\u00f3 Infantil:<br \/>\n<a href=\"https:\/\/agora.xtec.cat\/ceip-drseres-alpicat\/wp-content\/uploads\/usu1665\/2025\/09\/EI.jpg\"><\/a><br \/>\n. Com treballem a Cicle Inicial:<br \/>\n<a href=\"https:\/\/agora.xtec.cat\/ceip-drseres-alpicat\/wp-content\/uploads\/usu1665\/2025\/09\/CI.jpg\"><\/a><br \/>\n. Com treballem a Cicle Mitj\u00e0:<br \/>\n<a href=\"https:\/\/agora.xtec.cat\/ceip-drseres-alpicat\/wp-content\/uploads\/usu1665\/2025\/09\/CM.jpg\"><\/a><br \/>\n. Com treballem a Cicle Superior:<br \/>\n<a href=\"https:\/\/agora.xtec.cat\/ceip-drseres-alpicat\/wp-content\/uploads\/usu1665\/2025\/09\/CS.jpg\"><\/a><\/p>\n","protected":false},"author":1,"featured_media":0,"parent":0,"menu_order":0,"comment_status":"closed","ping_status":"closed","template":"","meta":{"_bbp_topic_count":0,"_bbp_reply_count":0,"_bbp_total_topic_count":0,"_bbp_total_reply_count":0,"_bbp_voice_count":0,"_bbp_anonymous_reply_count":0,"_bbp_topic_count_hidden":0,"_bbp_reply_count_hidden":0,"_bbp_forum_subforum_count":0,"footnotes":""},"class_list":["post-2218","page","type-page","status-publish","hentry"],"post_mailing_queue_ids":[],"_links":{"self":[{"href":"https:\/\/agora.xtec.cat\/ceip-drseres-alpicat\/wp-json\/wp\/v2\/pages\/2218","targetHints":{"allow":["GET"]}}],"collection":[{"href":"https:\/\/agora.xtec.cat\/ceip-drseres-alpicat\/wp-json\/wp\/v2\/pages"}],"about":[{"href":"https:\/\/agora.xtec.cat\/ceip-drseres-alpicat\/wp-json\/wp\/v2\/types\/page"}],"author":[{"embeddable":true,"href":"https:\/\/agora.xtec.cat\/ceip-drseres-alpicat\/wp-json\/wp\/v2\/users\/1"}],"replies":[{"embeddable":true,"href":"https:\/\/agora.xtec.cat\/ceip-drseres-alpicat\/wp-json\/wp\/v2\/comments?post=2218"}],"version-history":[{"count":6,"href":"https:\/\/agora.xtec.cat\/ceip-drseres-alpicat\/wp-json\/wp\/v2\/pages\/2218\/revisions"}],"predecessor-version":[{"id":4468,"href":"https:\/\/agora.xtec.cat\/ceip-drseres-alpicat\/wp-json\/wp\/v2\/pages\/2218\/revisions\/4468"}],"wp:attachment":[{"href":"https:\/\/agora.xtec.cat\/ceip-drseres-alpicat\/wp-json\/wp\/v2\/media?parent=2218"}],"curies":[{"name":"wp","href":"https:\/\/api.w.org\/{rel}","templated":true}]}}

<p>Als següent enllaços podreu trobar diferents díptics i tríptics on s&#8217;explica la metodologia que apliquem a l&#8217;escola:</p>
<h3>. Com treballem a Educació Infantil:</h3>
<pre><a href="https://agora.xtec.cat/ceip-drseres-alpicat/wp-content/uploads/usu1665/2025/09/EI.jpg"><img loading="lazy" decoding="async" class="aligncenter wp-image-4096 size-large" src="https://agora.xtec.cat/ceip-drseres-alpicat/wp-content/uploads/usu1665/2025/09/EI-724x1024.jpg" alt="" width="724" height="1024" srcset="https://agora.xtec.cat/ceip-drseres-alpicat/wp-content/uploads/usu1665/2025/09/EI-724x1024.jpg 724w, https://agora.xtec.cat/ceip-drseres-alpicat/wp-content/uploads/usu1665/2025/09/EI-212x300.jpg 212w, https://agora.xtec.cat/ceip-drseres-alpicat/wp-content/uploads/usu1665/2025/09/EI-768x1086.jpg 768w, https://agora.xtec.cat/ceip-drseres-alpicat/wp-content/uploads/usu1665/2025/09/EI-1086x1536.jpg 1086w, https://agora.xtec.cat/ceip-drseres-alpicat/wp-content/uploads/usu1665/2025/09/EI.jpg 1414w" sizes="auto, (max-width: 724px) 100vw, 724px" /></a></pre>
<h3>. Com treballem a Cicle Inicial:</h3>
<p><a href="https://agora.xtec.cat/ceip-drseres-alpicat/wp-content/uploads/usu1665/2025/09/CI.jpg"><img loading="lazy" decoding="async" class="aligncenter wp-image-4093 size-large" src="https://agora.xtec.cat/ceip-drseres-alpicat/wp-content/uploads/usu1665/2025/09/CI-724x1024.jpg" alt="" width="724" height="1024" srcset="https://agora.xtec.cat/ceip-drseres-alpicat/wp-content/uploads/usu1665/2025/09/CI-724x1024.jpg 724w, https://agora.xtec.cat/ceip-drseres-alpicat/wp-content/uploads/usu1665/2025/09/CI-212x300.jpg 212w, https://agora.xtec.cat/ceip-drseres-alpicat/wp-content/uploads/usu1665/2025/09/CI-768x1086.jpg 768w, https://agora.xtec.cat/ceip-drseres-alpicat/wp-content/uploads/usu1665/2025/09/CI-1086x1536.jpg 1086w, https://agora.xtec.cat/ceip-drseres-alpicat/wp-content/uploads/usu1665/2025/09/CI.jpg 1414w" sizes="auto, (max-width: 724px) 100vw, 724px" /></a></p>
<h3>. Com treballem a Cicle Mitjà:</h3>
<p><a href="https://agora.xtec.cat/ceip-drseres-alpicat/wp-content/uploads/usu1665/2025/09/CM.jpg"><img loading="lazy" decoding="async" class="aligncenter wp-image-4094 size-large" src="https://agora.xtec.cat/ceip-drseres-alpicat/wp-content/uploads/usu1665/2025/09/CM-724x1024.jpg" alt="" width="724" height="1024" srcset="https://agora.xtec.cat/ceip-drseres-alpicat/wp-content/uploads/usu1665/2025/09/CM-724x1024.jpg 724w, https://agora.xtec.cat/ceip-drseres-alpicat/wp-content/uploads/usu1665/2025/09/CM-212x300.jpg 212w, https://agora.xtec.cat/ceip-drseres-alpicat/wp-content/uploads/usu1665/2025/09/CM-768x1086.jpg 768w, https://agora.xtec.cat/ceip-drseres-alpicat/wp-content/uploads/usu1665/2025/09/CM-1086x1536.jpg 1086w, https://agora.xtec.cat/ceip-drseres-alpicat/wp-content/uploads/usu1665/2025/09/CM.jpg 1414w" sizes="auto, (max-width: 724px) 100vw, 724px" /></a></p>
<h3>. Com treballem a Cicle Superior:</h3>
<p><a href="https://agora.xtec.cat/ceip-drseres-alpicat/wp-content/uploads/usu1665/2025/09/CS.jpg"><img loading="lazy" decoding="async" class="aligncenter wp-image-4095 size-large" src="https://agora.xtec.cat/ceip-drseres-alpicat/wp-content/uploads/usu1665/2025/09/CS-724x1024.jpg" alt="" width="724" height="1024" srcset="https://agora.xtec.cat/ceip-drseres-alpicat/wp-content/uploads/usu1665/2025/09/CS-724x1024.jpg 724w, https://agora.xtec.cat/ceip-drseres-alpicat/wp-content/uploads/usu1665/2025/09/CS-212x300.jpg 212w, https://agora.xtec.cat/ceip-drseres-alpicat/wp-content/uploads/usu1665/2025/09/CS-768x1086.jpg 768w, https://agora.xtec.cat/ceip-drseres-alpicat/wp-content/uploads/usu1665/2025/09/CS-1086x1536.jpg 1086w, https://agora.xtec.cat/ceip-drseres-alpicat/wp-content/uploads/usu1665/2025/09/CS.jpg 1414w" sizes="auto, (max-width: 724px) 100vw, 724px" /></a></p>

<p>Als següent enllaços podreu trobar diferents díptics i tríptics on s&#8217;explica la metodologia que apliquem a l&#8217;escola:<br />
. Com treballem a Educació Infantil:<br />
<a href="https://agora.xtec.cat/ceip-drseres-alpicat/wp-content/uploads/usu1665/2025/09/EI.jpg"></a><br />
. Com treballem a Cicle Inicial:<br />
<a href="https://agora.xtec.cat/ceip-drseres-alpicat/wp-content/uploads/usu1665/2025/09/CI.jpg"></a><br />
. Com treballem a Cicle Mitjà:<br />
<a href="https://agora.xtec.cat/ceip-drseres-alpicat/wp-content/uploads/usu1665/2025/09/CM.jpg"></a><br />
. Com treballem a Cicle Superior:<br />
<a href="https://agora.xtec.cat/ceip-drseres-alpicat/wp-content/uploads/usu1665/2025/09/CS.jpg"></a></p>
