{"id":1648,"date":"2020-08-26T09:35:07","date_gmt":"2020-08-26T07:35:07","guid":{"rendered":"https:\/\/agora.xtec.cat\/ceip-drseres-alpicat\/?page_id=1648"},"modified":"2025-09-23T15:35:48","modified_gmt":"2025-09-23T13:35:48","slug":"admissio-curs-2020-2021","status":"publish","type":"page","link":"https:\/\/agora.xtec.cat\/ceip-drseres-alpicat\/secretaria\/admissio-curs-2020-2021\/","title":{"rendered":"Admissi\u00f3 curs 2025-2026"},"content":{"rendered":"<p><strong>Les fam\u00edlies han de formalitzar aquest tr\u00e0mit quan sol\u00b7liciten,\u00a0fora del proc\u00e9s de preinscripci\u00f3 escolar, una pla\u00e7a per al fill o filla en un centre educatiu sufragat amb fons p\u00fablics per a l&#8217;educaci\u00f3 infantil (3-6 anys) o prim\u00e0ria.<\/strong><\/p>\n<p>Aquesta sol\u00b7licitud nom\u00e9s s&#8217;at\u00e9n si la fam\u00edlia acredita algun dels sup\u00f2sits seg\u00fcents:<\/p>\n<ul>\n<li>Es tracta d&#8217;alumnat no escolaritzat a Catalunya.<\/li>\n<li>S&#8217;ha produ\u00eft un canvi de resid\u00e8ncia a un altre municipi o districte, en el cas de Barcelona.<\/li>\n<li>Hi ha la conveni\u00e8ncia d&#8217;un canvi de centre motivat per actes de viol\u00e8ncia de g\u00e8nere o d&#8217;assetjament escolar.<\/li>\n<li>Es tracta d&#8217;un canvi de centre a conseq\u00fc\u00e8ncia de la imposici\u00f3 d&#8217;una sanci\u00f3 disciplin\u00e0ria, que consisteix en la inhabilitaci\u00f3 definitiva per cursar estudis al centre.<\/li>\n<li>Est\u00e0 motivat per l&#8217;inici d&#8217;una mesura d&#8217;acolliment.<\/li>\n<li>Alumnat que no ha participat en la preinscripci\u00f3 i no pot continuar en el centre on est\u00e0 escolaritzat, at\u00e8s que no ofereix els ensenyaments de la seg\u00fcent etapa educativa.<\/li>\n<\/ul>\n<p><strong style=\"font-family: inherit; font-size: 1em;\">Per al curs 2025-2026<\/strong><span style=\"font-family: inherit; font-size: 1em;\">, la sol\u00b7licitud d&#8217;admissi\u00f3 es presenta en l\u00ednia.<\/span><\/p>\n<p>Amb la sol\u00b7licitud, a m\u00e9s de la documentaci\u00f3 identificativa que correspongui, cal adjuntar la documentaci\u00f3 justificativa de la situaci\u00f3 exposada per demanar pla\u00e7a.<\/p>\n<p>La comissi\u00f3 de garanties d&#8217;admissi\u00f3 del territori de resid\u00e8ncia s&#8217;encarrega d&#8217;analitzar la sol\u00b7licitud i determina el centre d&#8217;assignaci\u00f3, tenint en compte la disponibilitat de llocs escolars, les prefer\u00e8ncies de la fam\u00edlia, l&#8217;equilibri en la distribuci\u00f3 de l&#8217;alumnat i la proporci\u00f3 m\u00e0xima d&#8217;alumnat amb necessitats educatives espec\u00edfiques que s&#8217;hagi determinat per als centres educatius de la zona.<\/p>\n<p><strong>De manera excepcional<\/strong>, per als casos en qu\u00e8 el sol\u00b7licitant no pugui fer la presentaci\u00f3 telem\u00e0tica, s\u2019haur\u00e0 de demanar <strong>cita pr\u00e8via<\/strong> trucant al tel\u00e8fon 973 73 64 64 en l&#8217;horari establert:<\/p>\n<p>&#8211; Horari d&#8217;hivern (d&#8217;octubre a maig): de dilluns a divendres de 8.30 a 14h i de 14.45h a 16.45h.<\/p>\n<p>&#8211; Horari d&#8217;estiu (de juny a setembre): de dilluns a divendres de 8.30 a 15h.<\/p>\n<h1><a href=\"https:\/\/educacio.gencat.cat\/ca\/tramits\/tramits-temes\/admissio-centre-fora-proces-preinscripcio\" target=\"_blank\" rel=\"noopener\"><span style=\"color: #ff6600;\">Presentar la sol\u00b7licitud d&#8217;admissi\u00f3<\/span><\/a><\/h1>\n","protected":false},"excerpt":{"rendered":"<p>Les fam\u00edlies han de formalitzar aquest tr\u00e0mit quan sol\u00b7liciten,\u00a0fora del proc\u00e9s de preinscripci\u00f3 escolar, una pla\u00e7a per al fill o filla en un centre educatiu sufragat amb fons p\u00fablics per a l&#8217;educaci\u00f3 infantil (3-6 anys) o prim\u00e0ria.<br \/>\nAquesta sol\u00b7licitud nom\u00e9s s&#8217;at\u00e9n si la fam\u00edlia acredita algun&hellip;  <a href=\"https:\/\/agora.xtec.cat\/ceip-drseres-alpicat\/secretaria\/admissio-curs-2020-2021\/\" title=\"Read Admissi\u00f3 curs 2025-2026\">Llegeix m\u00e9s\u00bb<\/a><\/p>\n","protected":false},"author":1,"featured_media":0,"parent":625,"menu_order":0,"comment_status":"closed","ping_status":"closed","template":"page-templates\/side-menu.php","meta":{"_bbp_topic_count":0,"_bbp_reply_count":0,"_bbp_total_topic_count":0,"_bbp_total_reply_count":0,"_bbp_voice_count":0,"_bbp_anonymous_reply_count":0,"_bbp_topic_count_hidden":0,"_bbp_reply_count_hidden":0,"_bbp_forum_subforum_count":0,"footnotes":""},"class_list":["post-1648","page","type-page","status-publish","hentry"],"post_mailing_queue_ids":[],"_links":{"self":[{"href":"https:\/\/agora.xtec.cat\/ceip-drseres-alpicat\/wp-json\/wp\/v2\/pages\/1648","targetHints":{"allow":["GET"]}}],"collection":[{"href":"https:\/\/agora.xtec.cat\/ceip-drseres-alpicat\/wp-json\/wp\/v2\/pages"}],"about":[{"href":"https:\/\/agora.xtec.cat\/ceip-drseres-alpicat\/wp-json\/wp\/v2\/types\/page"}],"author":[{"embeddable":true,"href":"https:\/\/agora.xtec.cat\/ceip-drseres-alpicat\/wp-json\/wp\/v2\/users\/1"}],"replies":[{"embeddable":true,"href":"https:\/\/agora.xtec.cat\/ceip-drseres-alpicat\/wp-json\/wp\/v2\/comments?post=1648"}],"version-history":[{"count":5,"href":"https:\/\/agora.xtec.cat\/ceip-drseres-alpicat\/wp-json\/wp\/v2\/pages\/1648\/revisions"}],"predecessor-version":[{"id":4071,"href":"https:\/\/agora.xtec.cat\/ceip-drseres-alpicat\/wp-json\/wp\/v2\/pages\/1648\/revisions\/4071"}],"up":[{"embeddable":true,"href":"https:\/\/agora.xtec.cat\/ceip-drseres-alpicat\/wp-json\/wp\/v2\/pages\/625"}],"wp:attachment":[{"href":"https:\/\/agora.xtec.cat\/ceip-drseres-alpicat\/wp-json\/wp\/v2\/media?parent=1648"}],"curies":[{"name":"wp","href":"https:\/\/api.w.org\/{rel}","templated":true}]}}

Admissió curs 2025-2026

<p><strong>Les famílies han de formalitzar aquest tràmit quan sol·liciten, fora del procés de preinscripció escolar, una plaça per al fill o filla en un centre educatiu sufragat amb fons públics per a l&#8217;educació infantil (3-6 anys) o primària.</strong></p>
<p>Aquesta sol·licitud només s&#8217;atén si la família acredita algun dels supòsits següents:</p>
<ul>
<li>Es tracta d&#8217;alumnat no escolaritzat a Catalunya.</li>
<li>S&#8217;ha produït un canvi de residència a un altre municipi o districte, en el cas de Barcelona.</li>
<li>Hi ha la conveniència d&#8217;un canvi de centre motivat per actes de violència de gènere o d&#8217;assetjament escolar.</li>
<li>Es tracta d&#8217;un canvi de centre a conseqüència de la imposició d&#8217;una sanció disciplinària, que consisteix en la inhabilitació definitiva per cursar estudis al centre.</li>
<li>Està motivat per l&#8217;inici d&#8217;una mesura d&#8217;acolliment.</li>
<li>Alumnat que no ha participat en la preinscripció i no pot continuar en el centre on està escolaritzat, atès que no ofereix els ensenyaments de la següent etapa educativa.</li>
</ul>
<p><strong style="font-family: inherit; font-size: 1em;">Per al curs 2025-2026</strong><span style="font-family: inherit; font-size: 1em;">, la sol·licitud d&#8217;admissió es presenta en línia.</span></p>
<p>Amb la sol·licitud, a més de la documentació identificativa que correspongui, cal adjuntar la documentació justificativa de la situació exposada per demanar plaça.</p>
<p>La comissió de garanties d&#8217;admissió del territori de residència s&#8217;encarrega d&#8217;analitzar la sol·licitud i determina el centre d&#8217;assignació, tenint en compte la disponibilitat de llocs escolars, les preferències de la família, l&#8217;equilibri en la distribució de l&#8217;alumnat i la proporció màxima d&#8217;alumnat amb necessitats educatives específiques que s&#8217;hagi determinat per als centres educatius de la zona.</p>
<p><strong>De manera excepcional</strong>, per als casos en què el sol·licitant no pugui fer la presentació telemàtica, s’haurà de demanar <strong>cita prèvia</strong> trucant al telèfon 973 73 64 64 en l&#8217;horari establert:</p>
<p>&#8211; Horari d&#8217;hivern (d&#8217;octubre a maig): de dilluns a divendres de 8.30 a 14h i de 14.45h a 16.45h.</p>
<p>&#8211; Horari d&#8217;estiu (de juny a setembre): de dilluns a divendres de 8.30 a 15h.</p>
<h1><a href="https://educacio.gencat.cat/ca/tramits/tramits-temes/admissio-centre-fora-proces-preinscripcio" target="_blank" rel="noopener"><span style="color: #ff6600;">Presentar la sol·licitud d&#8217;admissió</span></a></h1>

<p>Les famílies han de formalitzar aquest tràmit quan sol·liciten, fora del procés de preinscripció escolar, una plaça per al fill o filla en un centre educatiu sufragat amb fons públics per a l&#8217;educació infantil (3-6 anys) o primària.<br />
Aquesta sol·licitud només s&#8217;atén si la família acredita algun&hellip;  <a href="https://agora.xtec.cat/ceip-drseres-alpicat/secretaria/admissio-curs-2020-2021/" title="Read Admissió curs 2025-2026">Llegeix més»</a></p>
