{"id":77,"date":"2014-09-18T14:05:08","date_gmt":"2014-09-18T13:05:08","guid":{"rendered":"http:\/\/agora.xtec.cat\/ceip-dolorsalmeda-cornella\/?page_id=77"},"modified":"2025-09-30T13:23:38","modified_gmt":"2025-09-30T11:23:38","slug":"acollida","status":"publish","type":"page","link":"https:\/\/agora.xtec.cat\/ceip-dolorsalmeda-cornella\/serveis\/acollida\/","title":{"rendered":"Acollida"},"content":{"rendered":"<p>L&#8217;escola disposa d&#8217;un servei d&#8217;acollida que comen\u00e7a a les 7:30 del mat\u00ed amb diferents preus segons la freq\u00fc\u00e8ncia (nombre de dies\/setmana) i estona que es queden els i les alumnes (en franges de 30 minuts).<br \/>\n\u200b<br \/>\nAquest curs tamb\u00e9 s&#8217;ofereix el servei d&#8217;acollida de tarda. El preu per a l&#8217;alumnat fixe ser\u00e0 de 20\u20ac\/mes i per a l&#8217;espor\u00e0dic de 2\u20ac\/dia. Caldr\u00e0 avisar al \u00a0645 94 75 37\u00a0 abans de les 15h.<\/p>\n<p>Per m\u00e9s informaci\u00f3 cliqueu <a href=\"https:\/\/menjadordolorsalmeda.wordpress.com\/enllac-formulari-inscripcio-acollida\/\" target=\"_blank\" rel=\"noopener\">aqu\u00ed.<\/a><\/p>\n","protected":false},"excerpt":{"rendered":"<p>L&#8217;escola disposa d&#8217;un servei d&#8217;acollida que comen\u00e7a a les 7:30 del mat\u00ed amb diferents preus segons la freq\u00fc\u00e8ncia (nombre de dies\/setmana) i estona que es queden els i les alumnes (en franges de 30 minuts).<br \/>\n\u200b<br \/>\nAquest curs tamb\u00e9 s&#8217;ofereix el servei d&#8217;acollida de tarda. El preu&hellip;  <a href=\"https:\/\/agora.xtec.cat\/ceip-dolorsalmeda-cornella\/serveis\/acollida\/\" title=\"Read Acollida\">Llegeix m\u00e9s\u00bb<\/a><\/p>\n","protected":false},"author":1,"featured_media":0,"parent":66,"menu_order":20,"comment_status":"closed","ping_status":"closed","template":"page-templates\/side-menu.php","meta":{"_bbp_topic_count":0,"_bbp_reply_count":0,"_bbp_total_topic_count":0,"_bbp_total_reply_count":0,"_bbp_voice_count":0,"_bbp_anonymous_reply_count":0,"_bbp_topic_count_hidden":0,"_bbp_reply_count_hidden":0,"_bbp_forum_subforum_count":0,"footnotes":""},"class_list":["post-77","page","type-page","status-publish","hentry"],"post_mailing_queue_ids":[],"_links":{"self":[{"href":"https:\/\/agora.xtec.cat\/ceip-dolorsalmeda-cornella\/wp-json\/wp\/v2\/pages\/77","targetHints":{"allow":["GET"]}}],"collection":[{"href":"https:\/\/agora.xtec.cat\/ceip-dolorsalmeda-cornella\/wp-json\/wp\/v2\/pages"}],"about":[{"href":"https:\/\/agora.xtec.cat\/ceip-dolorsalmeda-cornella\/wp-json\/wp\/v2\/types\/page"}],"author":[{"embeddable":true,"href":"https:\/\/agora.xtec.cat\/ceip-dolorsalmeda-cornella\/wp-json\/wp\/v2\/users\/1"}],"replies":[{"embeddable":true,"href":"https:\/\/agora.xtec.cat\/ceip-dolorsalmeda-cornella\/wp-json\/wp\/v2\/comments?post=77"}],"version-history":[{"count":4,"href":"https:\/\/agora.xtec.cat\/ceip-dolorsalmeda-cornella\/wp-json\/wp\/v2\/pages\/77\/revisions"}],"predecessor-version":[{"id":8184,"href":"https:\/\/agora.xtec.cat\/ceip-dolorsalmeda-cornella\/wp-json\/wp\/v2\/pages\/77\/revisions\/8184"}],"up":[{"embeddable":true,"href":"https:\/\/agora.xtec.cat\/ceip-dolorsalmeda-cornella\/wp-json\/wp\/v2\/pages\/66"}],"wp:attachment":[{"href":"https:\/\/agora.xtec.cat\/ceip-dolorsalmeda-cornella\/wp-json\/wp\/v2\/media?parent=77"}],"curies":[{"name":"wp","href":"https:\/\/api.w.org\/{rel}","templated":true}]}}

<p>L&#8217;escola disposa d&#8217;un servei d&#8217;acollida que comença a les 7:30 del matí amb diferents preus segons la freqüència (nombre de dies/setmana) i estona que es queden els i les alumnes (en franges de 30 minuts).<br />
​<br />
Aquest curs també s&#8217;ofereix el servei d&#8217;acollida de tarda. El preu per a l&#8217;alumnat fixe serà de 20€/mes i per a l&#8217;esporàdic de 2€/dia. Caldrà avisar al  645 94 75 37  abans de les 15h.</p>
<p>Per més informació cliqueu <a href="https://menjadordolorsalmeda.wordpress.com/enllac-formulari-inscripcio-acollida/" target="_blank" rel="noopener">aquí.</a></p>

<p>L&#8217;escola disposa d&#8217;un servei d&#8217;acollida que comença a les 7:30 del matí amb diferents preus segons la freqüència (nombre de dies/setmana) i estona que es queden els i les alumnes (en franges de 30 minuts).<br />
​<br />
Aquest curs també s&#8217;ofereix el servei d&#8217;acollida de tarda. El preu&hellip;  <a href="https://agora.xtec.cat/ceip-dolorsalmeda-cornella/serveis/acollida/" title="Read Acollida">Llegeix més»</a></p>
