{"id":73,"date":"2014-09-18T14:01:51","date_gmt":"2014-09-18T13:01:51","guid":{"rendered":"http:\/\/agora.xtec.cat\/ceip-dolorsalmeda-cornella\/?page_id=73"},"modified":"2025-09-30T13:11:32","modified_gmt":"2025-09-30T11:11:32","slug":"menjador-escolar","status":"publish","type":"page","link":"https:\/\/agora.xtec.cat\/ceip-dolorsalmeda-cornella\/serveis\/menjador-escolar\/","title":{"rendered":"Menjador escolar"},"content":{"rendered":"<p>L&#8217;escola Dolors Almeda disposa de cuina pr\u00f2pia la gesti\u00f3 de la qual est\u00e0 contractada a l&#8217;empresa &#8220;Plat de Colors&#8221;.<br \/>\n\u200b<br \/>\nA part de l&#8217;estona del menjador, &#8220;Plat de Colors&#8221; s&#8217;encarrega de fer activitats i tallers engrescadors amb als petits per despr\u00e9s del dinar (excepte I3 que descansen).<br \/>\n\u200b<br \/>\nPeri\u00f2dicament, la comissi\u00f3 de menjador de l&#8217;AFA es reuneix amb el gestor del menjador i la direcci\u00f3 de l&#8217;escola per comentar, millorar i tractar tots els temes relacionats amb el bon funcionament del menjador.<\/p>\n<p><a href=\"https:\/\/afadolorsalmeda.cat\/#menjador\" target=\"_blank\" rel=\"noopener noreferrer\">INFORMACI\u00d3<\/a><\/p>\n<p>&nbsp;<\/p>\n","protected":false},"excerpt":{"rendered":"<p>L&#8217;escola Dolors Almeda disposa de cuina pr\u00f2pia la gesti\u00f3 de la qual est\u00e0 contractada a l&#8217;empresa &#8220;Plat de Colors&#8221;.<br \/>\n\u200b<br \/>\nA part de l&#8217;estona del menjador, &#8220;Plat de Colors&#8221; s&#8217;encarrega de fer activitats i tallers engrescadors amb als petits per despr\u00e9s del dinar (excepte I3 que descansen).<br \/>\n\u200b<br \/>\nPeri\u00f2dicament,&hellip;  <a href=\"https:\/\/agora.xtec.cat\/ceip-dolorsalmeda-cornella\/serveis\/menjador-escolar\/\" title=\"Read Menjador escolar\">Llegeix m\u00e9s\u00bb<\/a><\/p>\n","protected":false},"author":1,"featured_media":0,"parent":66,"menu_order":30,"comment_status":"closed","ping_status":"closed","template":"page-templates\/side-menu.php","meta":{"_bbp_topic_count":0,"_bbp_reply_count":0,"_bbp_total_topic_count":0,"_bbp_total_reply_count":0,"_bbp_voice_count":0,"_bbp_anonymous_reply_count":0,"_bbp_topic_count_hidden":0,"_bbp_reply_count_hidden":0,"_bbp_forum_subforum_count":0,"footnotes":""},"class_list":["post-73","page","type-page","status-publish","hentry"],"post_mailing_queue_ids":[],"_links":{"self":[{"href":"https:\/\/agora.xtec.cat\/ceip-dolorsalmeda-cornella\/wp-json\/wp\/v2\/pages\/73","targetHints":{"allow":["GET"]}}],"collection":[{"href":"https:\/\/agora.xtec.cat\/ceip-dolorsalmeda-cornella\/wp-json\/wp\/v2\/pages"}],"about":[{"href":"https:\/\/agora.xtec.cat\/ceip-dolorsalmeda-cornella\/wp-json\/wp\/v2\/types\/page"}],"author":[{"embeddable":true,"href":"https:\/\/agora.xtec.cat\/ceip-dolorsalmeda-cornella\/wp-json\/wp\/v2\/users\/1"}],"replies":[{"embeddable":true,"href":"https:\/\/agora.xtec.cat\/ceip-dolorsalmeda-cornella\/wp-json\/wp\/v2\/comments?post=73"}],"version-history":[{"count":4,"href":"https:\/\/agora.xtec.cat\/ceip-dolorsalmeda-cornella\/wp-json\/wp\/v2\/pages\/73\/revisions"}],"predecessor-version":[{"id":8167,"href":"https:\/\/agora.xtec.cat\/ceip-dolorsalmeda-cornella\/wp-json\/wp\/v2\/pages\/73\/revisions\/8167"}],"up":[{"embeddable":true,"href":"https:\/\/agora.xtec.cat\/ceip-dolorsalmeda-cornella\/wp-json\/wp\/v2\/pages\/66"}],"wp:attachment":[{"href":"https:\/\/agora.xtec.cat\/ceip-dolorsalmeda-cornella\/wp-json\/wp\/v2\/media?parent=73"}],"curies":[{"name":"wp","href":"https:\/\/api.w.org\/{rel}","templated":true}]}}

<p>L&#8217;escola Dolors Almeda disposa de cuina pròpia la gestió de la qual està contractada a l&#8217;empresa &#8220;Plat de Colors&#8221;.<br />
​<br />
A part de l&#8217;estona del menjador, &#8220;Plat de Colors&#8221; s&#8217;encarrega de fer activitats i tallers engrescadors amb als petits per després del dinar (excepte I3 que descansen).<br />
​<br />
Periòdicament, la comissió de menjador de l&#8217;AFA es reuneix amb el gestor del menjador i la direcció de l&#8217;escola per comentar, millorar i tractar tots els temes relacionats amb el bon funcionament del menjador.</p>
<p><a href="https://afadolorsalmeda.cat/#menjador" target="_blank" rel="noopener noreferrer">INFORMACIÓ</a></p>
<p>&nbsp;</p>

<p>L&#8217;escola Dolors Almeda disposa de cuina pròpia la gestió de la qual està contractada a l&#8217;empresa &#8220;Plat de Colors&#8221;.<br />
​<br />
A part de l&#8217;estona del menjador, &#8220;Plat de Colors&#8221; s&#8217;encarrega de fer activitats i tallers engrescadors amb als petits per després del dinar (excepte I3 que descansen).<br />
​<br />
Periòdicament,&hellip;  <a href="https://agora.xtec.cat/ceip-dolorsalmeda-cornella/serveis/menjador-escolar/" title="Read Menjador escolar">Llegeix més»</a></p>
