{"id":524,"date":"2017-10-27T15:38:26","date_gmt":"2017-10-27T13:38:26","guid":{"rendered":"http:\/\/agora.xtec.cat\/ceip-dolorsalmeda-cornella\/?page_id=524"},"modified":"2025-09-30T13:04:08","modified_gmt":"2025-09-30T11:04:08","slug":"apadrinament-lector","status":"publish","type":"page","link":"https:\/\/agora.xtec.cat\/ceip-dolorsalmeda-cornella\/projecte-educatiu\/apadrinament-lector\/","title":{"rendered":"Apadrinament lector"},"content":{"rendered":"<p><span style=\"font-weight: 400;\">En els nivells de 1r, 2n, 5\u00e8 i 6\u00e8, durant els primers mesos del curs, inicien el projecte \u201cApadrinament lector\u201d que es duu a terme durant 30 minuts un cop a la setmana. Aquesta estona de lectura s\u2019organitza entre els grups 2n-6\u00e8 i 1r-5\u00e8. Gr\u00e0cies a\u00a0 aquest projecte desenvolupem els seg\u00fcents objectius en l&#8217;alumnat:<\/span><\/p>\n<ul>\n<li style=\"font-weight: 400;\" aria-level=\"1\"><span style=\"font-weight: 400;\">Guiar l\u2019activitat lectora d\u2019infants en proc\u00e9s d\u2019aprenentatge a partir d\u2019alumnes m\u00e9s experts.<\/span><\/li>\n<li style=\"font-weight: 400;\" aria-level=\"1\"><span style=\"font-weight: 400;\">Promoure el gust per la lectura, motivant i tenint en compte els diferents ritmes dels infants.<\/span><\/li>\n<li style=\"font-weight: 400;\" aria-level=\"1\"><span style=\"font-weight: 400;\">Refor\u00e7ar l\u2019h\u00e0bit lector.<\/span><\/li>\n<li style=\"font-weight: 400;\" aria-level=\"1\"><span style=\"font-weight: 400;\">Establir relacions personals entre els i les alumnes de diferents cicles.<\/span><\/li>\n<\/ul>\n<p><span style=\"font-weight: 400;\">Abans d\u2019iniciar-se el projecte, padrins\/padrines i fillols\/filloles signen un contracte en el qual adquireixen uns compromisos. En finalitzar cada sessi\u00f3, els fillols junt amb els seus padrins, omplen el seu \u201ccarnet lector\u201d. Els m\u00e9s petits fan una autoavaluaci\u00f3 del seu esfor\u00e7 i els padrins els reforcen amb anotacions positives del proc\u00e9s lector.\u00a0<\/span><\/p>\n<p><span style=\"font-weight: 400;\">D\u2019aquesta manera es potencien aspectes com la responsabilitat i el comprom\u00eds, la diversitat, l\u2019autoestima, la conviv\u00e8ncia, la motivaci\u00f3 i el rigor en l\u2019\u00fas de la llengua catalana.<\/span><\/p>\n<p><img loading=\"lazy\" decoding=\"async\" class=\"wp-image-3523 alignleft\" src=\"https:\/\/agora.xtec.cat\/ceip-dolorsalmeda-cornella\/wp-content\/uploads\/usu30\/2021\/02\/DSC02480-1024x768.jpg\" alt=\"\" width=\"331\" height=\"248\" srcset=\"https:\/\/agora.xtec.cat\/ceip-dolorsalmeda-cornella\/wp-content\/uploads\/usu30\/2021\/02\/DSC02480-1024x768.jpg 1024w, https:\/\/agora.xtec.cat\/ceip-dolorsalmeda-cornella\/wp-content\/uploads\/usu30\/2021\/02\/DSC02480-300x225.jpg 300w, https:\/\/agora.xtec.cat\/ceip-dolorsalmeda-cornella\/wp-content\/uploads\/usu30\/2021\/02\/DSC02480-768x576.jpg 768w, https:\/\/agora.xtec.cat\/ceip-dolorsalmeda-cornella\/wp-content\/uploads\/usu30\/2021\/02\/DSC02480-200x150.jpg 200w\" sizes=\"auto, (max-width: 331px) 100vw, 331px\" \/><a href=\"https:\/\/agora.xtec.cat\/ceip-dolorsalmeda-cornella\/wp-content\/uploads\/usu30\/2021\/02\/DSC02470.jpg\"><img loading=\"lazy\" decoding=\"async\" class=\"wp-image-3522 alignright\" src=\"https:\/\/agora.xtec.cat\/ceip-dolorsalmeda-cornella\/wp-content\/uploads\/usu30\/2021\/02\/DSC02470-1024x768.jpg\" alt=\"\" width=\"335\" height=\"251\" srcset=\"https:\/\/agora.xtec.cat\/ceip-dolorsalmeda-cornella\/wp-content\/uploads\/usu30\/2021\/02\/DSC02470-1024x768.jpg 1024w, https:\/\/agora.xtec.cat\/ceip-dolorsalmeda-cornella\/wp-content\/uploads\/usu30\/2021\/02\/DSC02470-300x225.jpg 300w, https:\/\/agora.xtec.cat\/ceip-dolorsalmeda-cornella\/wp-content\/uploads\/usu30\/2021\/02\/DSC02470-768x576.jpg 768w, https:\/\/agora.xtec.cat\/ceip-dolorsalmeda-cornella\/wp-content\/uploads\/usu30\/2021\/02\/DSC02470-200x150.jpg 200w\" sizes=\"auto, (max-width: 335px) 100vw, 335px\" \/><\/a><\/p>\n<p>&nbsp;<\/p>\n","protected":false},"excerpt":{"rendered":"<p>En els nivells de 1r, 2n, 5\u00e8 i 6\u00e8, durant els primers mesos del curs, inicien el projecte \u201cApadrinament lector\u201d que es duu a terme durant 30 minuts un cop a la setmana. Aquesta estona de lectura s\u2019organitza entre els grups 2n-6\u00e8 i 1r-5\u00e8. Gr\u00e0cies&hellip;  <a href=\"https:\/\/agora.xtec.cat\/ceip-dolorsalmeda-cornella\/projecte-educatiu\/apadrinament-lector\/\" title=\"Read Apadrinament lector\">Llegeix m\u00e9s\u00bb<\/a><\/p>\n","protected":false},"author":1,"featured_media":0,"parent":64,"menu_order":70,"comment_status":"closed","ping_status":"closed","template":"page-templates\/side-menu.php","meta":{"_bbp_topic_count":0,"_bbp_reply_count":0,"_bbp_total_topic_count":0,"_bbp_total_reply_count":0,"_bbp_voice_count":0,"_bbp_anonymous_reply_count":0,"_bbp_topic_count_hidden":0,"_bbp_reply_count_hidden":0,"_bbp_forum_subforum_count":0,"footnotes":""},"class_list":["post-524","page","type-page","status-publish","hentry"],"post_mailing_queue_ids":[],"_links":{"self":[{"href":"https:\/\/agora.xtec.cat\/ceip-dolorsalmeda-cornella\/wp-json\/wp\/v2\/pages\/524","targetHints":{"allow":["GET"]}}],"collection":[{"href":"https:\/\/agora.xtec.cat\/ceip-dolorsalmeda-cornella\/wp-json\/wp\/v2\/pages"}],"about":[{"href":"https:\/\/agora.xtec.cat\/ceip-dolorsalmeda-cornella\/wp-json\/wp\/v2\/types\/page"}],"author":[{"embeddable":true,"href":"https:\/\/agora.xtec.cat\/ceip-dolorsalmeda-cornella\/wp-json\/wp\/v2\/users\/1"}],"replies":[{"embeddable":true,"href":"https:\/\/agora.xtec.cat\/ceip-dolorsalmeda-cornella\/wp-json\/wp\/v2\/comments?post=524"}],"version-history":[{"count":5,"href":"https:\/\/agora.xtec.cat\/ceip-dolorsalmeda-cornella\/wp-json\/wp\/v2\/pages\/524\/revisions"}],"predecessor-version":[{"id":8164,"href":"https:\/\/agora.xtec.cat\/ceip-dolorsalmeda-cornella\/wp-json\/wp\/v2\/pages\/524\/revisions\/8164"}],"up":[{"embeddable":true,"href":"https:\/\/agora.xtec.cat\/ceip-dolorsalmeda-cornella\/wp-json\/wp\/v2\/pages\/64"}],"wp:attachment":[{"href":"https:\/\/agora.xtec.cat\/ceip-dolorsalmeda-cornella\/wp-json\/wp\/v2\/media?parent=524"}],"curies":[{"name":"wp","href":"https:\/\/api.w.org\/{rel}","templated":true}]}}

<p><span style="font-weight: 400;">En els nivells de 1r, 2n, 5è i 6è, durant els primers mesos del curs, inicien el projecte “Apadrinament lector” que es duu a terme durant 30 minuts un cop a la setmana. Aquesta estona de lectura s’organitza entre els grups 2n-6è i 1r-5è. Gràcies a  aquest projecte desenvolupem els següents objectius en l&#8217;alumnat:</span></p>
<ul>
<li style="font-weight: 400;" aria-level="1"><span style="font-weight: 400;">Guiar l’activitat lectora d’infants en procés d’aprenentatge a partir d’alumnes més experts.</span></li>
<li style="font-weight: 400;" aria-level="1"><span style="font-weight: 400;">Promoure el gust per la lectura, motivant i tenint en compte els diferents ritmes dels infants.</span></li>
<li style="font-weight: 400;" aria-level="1"><span style="font-weight: 400;">Reforçar l’hàbit lector.</span></li>
<li style="font-weight: 400;" aria-level="1"><span style="font-weight: 400;">Establir relacions personals entre els i les alumnes de diferents cicles.</span></li>
</ul>
<p><span style="font-weight: 400;">Abans d’iniciar-se el projecte, padrins/padrines i fillols/filloles signen un contracte en el qual adquireixen uns compromisos. En finalitzar cada sessió, els fillols junt amb els seus padrins, omplen el seu “carnet lector”. Els més petits fan una autoavaluació del seu esforç i els padrins els reforcen amb anotacions positives del procés lector. </span></p>
<p><span style="font-weight: 400;">D’aquesta manera es potencien aspectes com la responsabilitat i el compromís, la diversitat, l’autoestima, la convivència, la motivació i el rigor en l’ús de la llengua catalana.</span></p>
<p><img loading="lazy" decoding="async" class="wp-image-3523 alignleft" src="https://agora.xtec.cat/ceip-dolorsalmeda-cornella/wp-content/uploads/usu30/2021/02/DSC02480-1024x768.jpg" alt="" width="331" height="248" srcset="https://agora.xtec.cat/ceip-dolorsalmeda-cornella/wp-content/uploads/usu30/2021/02/DSC02480-1024x768.jpg 1024w, https://agora.xtec.cat/ceip-dolorsalmeda-cornella/wp-content/uploads/usu30/2021/02/DSC02480-300x225.jpg 300w, https://agora.xtec.cat/ceip-dolorsalmeda-cornella/wp-content/uploads/usu30/2021/02/DSC02480-768x576.jpg 768w, https://agora.xtec.cat/ceip-dolorsalmeda-cornella/wp-content/uploads/usu30/2021/02/DSC02480-200x150.jpg 200w" sizes="auto, (max-width: 331px) 100vw, 331px" /><a href="https://agora.xtec.cat/ceip-dolorsalmeda-cornella/wp-content/uploads/usu30/2021/02/DSC02470.jpg"><img loading="lazy" decoding="async" class="wp-image-3522 alignright" src="https://agora.xtec.cat/ceip-dolorsalmeda-cornella/wp-content/uploads/usu30/2021/02/DSC02470-1024x768.jpg" alt="" width="335" height="251" srcset="https://agora.xtec.cat/ceip-dolorsalmeda-cornella/wp-content/uploads/usu30/2021/02/DSC02470-1024x768.jpg 1024w, https://agora.xtec.cat/ceip-dolorsalmeda-cornella/wp-content/uploads/usu30/2021/02/DSC02470-300x225.jpg 300w, https://agora.xtec.cat/ceip-dolorsalmeda-cornella/wp-content/uploads/usu30/2021/02/DSC02470-768x576.jpg 768w, https://agora.xtec.cat/ceip-dolorsalmeda-cornella/wp-content/uploads/usu30/2021/02/DSC02470-200x150.jpg 200w" sizes="auto, (max-width: 335px) 100vw, 335px" /></a></p>
<p>&nbsp;</p>

<p>En els nivells de 1r, 2n, 5è i 6è, durant els primers mesos del curs, inicien el projecte “Apadrinament lector” que es duu a terme durant 30 minuts un cop a la setmana. Aquesta estona de lectura s’organitza entre els grups 2n-6è i 1r-5è. Gràcies&hellip;  <a href="https://agora.xtec.cat/ceip-dolorsalmeda-cornella/projecte-educatiu/apadrinament-lector/" title="Read Apadrinament lector">Llegeix més»</a></p>
