{"id":514,"date":"2017-10-27T15:22:54","date_gmt":"2017-10-27T13:22:54","guid":{"rendered":"http:\/\/agora.xtec.cat\/ceip-dolorsalmeda-cornella\/?page_id=514"},"modified":"2025-03-10T12:21:31","modified_gmt":"2025-03-10T11:21:31","slug":"biblioteca","status":"publish","type":"page","link":"https:\/\/agora.xtec.cat\/ceip-dolorsalmeda-cornella\/projecte-educatiu\/biblioteca\/","title":{"rendered":"Biblioteca"},"content":{"rendered":"<p><a href=\"https:\/\/blocs.xtec.cat\/sbec\/\"><img loading=\"lazy\" decoding=\"async\" class=\"alignnone wp-image-515 size-full\" src=\"https:\/\/agora.xtec.cat\/ceip-dolorsalmeda-cornella\/wp-content\/uploads\/usu30\/2017\/10\/cropped-BEC1a.jpg\" alt=\"\" width=\"940\" height=\"198\" srcset=\"https:\/\/agora.xtec.cat\/ceip-dolorsalmeda-cornella\/wp-content\/uploads\/usu30\/2017\/10\/cropped-BEC1a.jpg 940w, https:\/\/agora.xtec.cat\/ceip-dolorsalmeda-cornella\/wp-content\/uploads\/usu30\/2017\/10\/cropped-BEC1a-300x63.jpg 300w, https:\/\/agora.xtec.cat\/ceip-dolorsalmeda-cornella\/wp-content\/uploads\/usu30\/2017\/10\/cropped-BEC1a-768x162.jpg 768w\" sizes=\"auto, (max-width: 940px) 100vw, 940px\" \/><\/a><\/p>\n<p><span style=\"font-weight: 400;\">El projecte de Biblioteques Escolars (BE) t\u00e9 com a objectiu potenciar l&#8217;\u00fas de la biblioteca com a espai de suport a la promoci\u00f3 de la lectura, d&#8217;acc\u00e9s a la informaci\u00f3, la recerca i la innovaci\u00f3 en el context escolar. Des de la nostra escola, fomentem el gust per la lectura amb la potenciaci\u00f3 de l\u2019\u00fas de la Biblioteca Escolar que t\u00e9 ja m\u00e9s de 4500 t\u00edtols.<\/span><\/p>\n<p><span style=\"font-weight: 400;\">En els diferents nivells educatius es <\/span><b>fomenta l\u2019h\u00e0bit lector<\/b><span style=\"font-weight: 400;\"> entre l\u2019alumnat promovent que el llibre i la lectura formin part de la realitat quotidiana del centre. Les propostes que es duen a terme s\u00f3n les seg\u00fcents:<\/span><\/p>\n<ul>\n<li style=\"font-weight: 400;\" aria-level=\"1\"><span style=\"font-weight: 400;\">Facilitem el pr\u00e9stec de llibres, durant dos dies a l&#8217;hora d&#8217;esbarjo est\u00e0 la biblioteca oberta, i tamb\u00e9 disposem d&#8217;una biblioteca d&#8217;aula on comparteixen llibres i experi\u00e8ncies entre ells i elles.<\/span><\/li>\n<li style=\"font-weight: 400;\" aria-level=\"1\"><span style=\"font-weight: 400;\">Dediquem 30 minuts diaris a la lectura, fent servir diferents t\u00e8cniques amb les quals es practiquen diferents estrat\u00e8gies lectores: infer\u00e8ncies, deduccions, realitzaci\u00f3 d&#8217;esquemes, ampliar vocabulari, estrat\u00e8gies de lectura i cerca r\u00e0pida d\u2019informaci\u00f3.<\/span><\/li>\n<li style=\"font-weight: 400;\" aria-level=\"1\"><span style=\"font-weight: 400;\">Participem en el Concurs Catal\u00e0 de Lectura en Veu Alta en la categoria de Grumets verds (cicle superior).<\/span><\/li>\n<li style=\"font-weight: 400;\" aria-level=\"1\"><span style=\"font-weight: 400;\">Potenciem la visita d\u2019il\u00b7lustradors i autors a les aules.<\/span><\/li>\n<li style=\"font-weight: 400;\" aria-level=\"1\"><span style=\"font-weight: 400;\">S\u2019organitzen Jocs Florals, on segons el nivell en el qual es troben els i les alumnes, es creen poemes, rodolins, endevinalles i cal\u00b7ligrames. Posteriorment, dies abans de Sant Jordi, una comissi\u00f3 formada per diferents membres (fam\u00edlies, exmestres, exalumnes\u2026)<\/span> <span style=\"font-weight: 400;\">llegeixen i decideixen els guanyadors i les guanyadores de cada nivell. La mateixa tarda de Sant Jordi, s\u2019ajunta tota l&#8217;escola i els i les alumnes guanyadores llegeixen i comparteixen les seves produccions amb la resta de l\u2019escola.<\/span><\/li>\n<li style=\"font-weight: 400;\" aria-level=\"1\"><span style=\"font-weight: 400;\">Tenim un Pla de Lectura de Centre que recull totes les accions que es fan relacionades amb la lectura i que vetlla per millorar any rere any.<\/span><\/li>\n<li style=\"font-weight: 400;\" aria-level=\"1\"><span style=\"font-weight: 400;\">Es fa l\u2019apadrinament lector on els alumnes de 6\u00e8 s\u00f3n els padrins i padrines dels alumnes de 1r. Els i les alumnes de 5\u00e8 s\u00f3n els padrins i padrines dels alumnes de 2n i l&#8217;activitat es realitza setmanalment fins al Carnestoltes.<\/span><\/li>\n<\/ul>\n<p>Intentem que el llibre i la lectura formin part de la realitat quotidiana del centre.<\/p>\n<p style=\"text-align: center;\"><a href=\"https:\/\/agora.xtec.cat\/ceip-dolorsalmeda-cornella\/wp-content\/uploads\/usu30\/2019\/02\/segell_directoriblogs1819_fons_blanc_300x314.fw_.png\"><img loading=\"lazy\" decoding=\"async\" class=\"alignnone size-full wp-image-1818\" src=\"https:\/\/agora.xtec.cat\/ceip-dolorsalmeda-cornella\/wp-content\/uploads\/usu30\/2019\/02\/segell_directoriblogs1819_fons_blanc_300x314.fw_.png\" alt=\"\" width=\"300\" height=\"314\" srcset=\"https:\/\/agora.xtec.cat\/ceip-dolorsalmeda-cornella\/wp-content\/uploads\/usu30\/2019\/02\/segell_directoriblogs1819_fons_blanc_300x314.fw_.png 300w, https:\/\/agora.xtec.cat\/ceip-dolorsalmeda-cornella\/wp-content\/uploads\/usu30\/2019\/02\/segell_directoriblogs1819_fons_blanc_300x314.fw_-287x300.png 287w\" sizes=\"auto, (max-width: 300px) 100vw, 300px\" \/><\/a><\/p>\n<p>&nbsp;<\/p>\n","protected":false},"excerpt":{"rendered":"<p><a href=\"https:\/\/blocs.xtec.cat\/sbec\/\"><\/a><br \/>\nEl projecte de Biblioteques Escolars (BE) t\u00e9 com a objectiu potenciar l&#8217;\u00fas de la biblioteca com a espai de suport a la promoci\u00f3 de la lectura, d&#8217;acc\u00e9s a la informaci\u00f3, la recerca i la innovaci\u00f3 en el context escolar. Des de la nostra escola,&hellip;  <a href=\"https:\/\/agora.xtec.cat\/ceip-dolorsalmeda-cornella\/projecte-educatiu\/biblioteca\/\" title=\"Read Biblioteca\">Llegeix m\u00e9s\u00bb<\/a><\/p>\n","protected":false},"author":1,"featured_media":0,"parent":64,"menu_order":70,"comment_status":"closed","ping_status":"closed","template":"page-templates\/side-menu.php","meta":{"_bbp_topic_count":0,"_bbp_reply_count":0,"_bbp_total_topic_count":0,"_bbp_total_reply_count":0,"_bbp_voice_count":0,"_bbp_anonymous_reply_count":0,"_bbp_topic_count_hidden":0,"_bbp_reply_count_hidden":0,"_bbp_forum_subforum_count":0,"footnotes":""},"class_list":["post-514","page","type-page","status-publish","hentry"],"post_mailing_queue_ids":[],"_links":{"self":[{"href":"https:\/\/agora.xtec.cat\/ceip-dolorsalmeda-cornella\/wp-json\/wp\/v2\/pages\/514","targetHints":{"allow":["GET"]}}],"collection":[{"href":"https:\/\/agora.xtec.cat\/ceip-dolorsalmeda-cornella\/wp-json\/wp\/v2\/pages"}],"about":[{"href":"https:\/\/agora.xtec.cat\/ceip-dolorsalmeda-cornella\/wp-json\/wp\/v2\/types\/page"}],"author":[{"embeddable":true,"href":"https:\/\/agora.xtec.cat\/ceip-dolorsalmeda-cornella\/wp-json\/wp\/v2\/users\/1"}],"replies":[{"embeddable":true,"href":"https:\/\/agora.xtec.cat\/ceip-dolorsalmeda-cornella\/wp-json\/wp\/v2\/comments?post=514"}],"version-history":[{"count":3,"href":"https:\/\/agora.xtec.cat\/ceip-dolorsalmeda-cornella\/wp-json\/wp\/v2\/pages\/514\/revisions"}],"predecessor-version":[{"id":7938,"href":"https:\/\/agora.xtec.cat\/ceip-dolorsalmeda-cornella\/wp-json\/wp\/v2\/pages\/514\/revisions\/7938"}],"up":[{"embeddable":true,"href":"https:\/\/agora.xtec.cat\/ceip-dolorsalmeda-cornella\/wp-json\/wp\/v2\/pages\/64"}],"wp:attachment":[{"href":"https:\/\/agora.xtec.cat\/ceip-dolorsalmeda-cornella\/wp-json\/wp\/v2\/media?parent=514"}],"curies":[{"name":"wp","href":"https:\/\/api.w.org\/{rel}","templated":true}]}}

<p><a href="https://blocs.xtec.cat/sbec/"><img loading="lazy" decoding="async" class="alignnone wp-image-515 size-full" src="https://agora.xtec.cat/ceip-dolorsalmeda-cornella/wp-content/uploads/usu30/2017/10/cropped-BEC1a.jpg" alt="" width="940" height="198" srcset="https://agora.xtec.cat/ceip-dolorsalmeda-cornella/wp-content/uploads/usu30/2017/10/cropped-BEC1a.jpg 940w, https://agora.xtec.cat/ceip-dolorsalmeda-cornella/wp-content/uploads/usu30/2017/10/cropped-BEC1a-300x63.jpg 300w, https://agora.xtec.cat/ceip-dolorsalmeda-cornella/wp-content/uploads/usu30/2017/10/cropped-BEC1a-768x162.jpg 768w" sizes="auto, (max-width: 940px) 100vw, 940px" /></a></p>
<p><span style="font-weight: 400;">El projecte de Biblioteques Escolars (BE) té com a objectiu potenciar l&#8217;ús de la biblioteca com a espai de suport a la promoció de la lectura, d&#8217;accés a la informació, la recerca i la innovació en el context escolar. Des de la nostra escola, fomentem el gust per la lectura amb la potenciació de l’ús de la Biblioteca Escolar que té ja més de 4500 títols.</span></p>
<p><span style="font-weight: 400;">En els diferents nivells educatius es </span><b>fomenta l’hàbit lector</b><span style="font-weight: 400;"> entre l’alumnat promovent que el llibre i la lectura formin part de la realitat quotidiana del centre. Les propostes que es duen a terme són les següents:</span></p>
<ul>
<li style="font-weight: 400;" aria-level="1"><span style="font-weight: 400;">Facilitem el préstec de llibres, durant dos dies a l&#8217;hora d&#8217;esbarjo està la biblioteca oberta, i també disposem d&#8217;una biblioteca d&#8217;aula on comparteixen llibres i experiències entre ells i elles.</span></li>
<li style="font-weight: 400;" aria-level="1"><span style="font-weight: 400;">Dediquem 30 minuts diaris a la lectura, fent servir diferents tècniques amb les quals es practiquen diferents estratègies lectores: inferències, deduccions, realització d&#8217;esquemes, ampliar vocabulari, estratègies de lectura i cerca ràpida d’informació.</span></li>
<li style="font-weight: 400;" aria-level="1"><span style="font-weight: 400;">Participem en el Concurs Català de Lectura en Veu Alta en la categoria de Grumets verds (cicle superior).</span></li>
<li style="font-weight: 400;" aria-level="1"><span style="font-weight: 400;">Potenciem la visita d’il·lustradors i autors a les aules.</span></li>
<li style="font-weight: 400;" aria-level="1"><span style="font-weight: 400;">S’organitzen Jocs Florals, on segons el nivell en el qual es troben els i les alumnes, es creen poemes, rodolins, endevinalles i cal·ligrames. Posteriorment, dies abans de Sant Jordi, una comissió formada per diferents membres (famílies, exmestres, exalumnes…)</span> <span style="font-weight: 400;">llegeixen i decideixen els guanyadors i les guanyadores de cada nivell. La mateixa tarda de Sant Jordi, s’ajunta tota l&#8217;escola i els i les alumnes guanyadores llegeixen i comparteixen les seves produccions amb la resta de l’escola.</span></li>
<li style="font-weight: 400;" aria-level="1"><span style="font-weight: 400;">Tenim un Pla de Lectura de Centre que recull totes les accions que es fan relacionades amb la lectura i que vetlla per millorar any rere any.</span></li>
<li style="font-weight: 400;" aria-level="1"><span style="font-weight: 400;">Es fa l’apadrinament lector on els alumnes de 6è són els padrins i padrines dels alumnes de 1r. Els i les alumnes de 5è són els padrins i padrines dels alumnes de 2n i l&#8217;activitat es realitza setmanalment fins al Carnestoltes.</span></li>
</ul>
<p>Intentem que el llibre i la lectura formin part de la realitat quotidiana del centre.</p>
<p style="text-align: center;"><a href="https://agora.xtec.cat/ceip-dolorsalmeda-cornella/wp-content/uploads/usu30/2019/02/segell_directoriblogs1819_fons_blanc_300x314.fw_.png"><img loading="lazy" decoding="async" class="alignnone size-full wp-image-1818" src="https://agora.xtec.cat/ceip-dolorsalmeda-cornella/wp-content/uploads/usu30/2019/02/segell_directoriblogs1819_fons_blanc_300x314.fw_.png" alt="" width="300" height="314" srcset="https://agora.xtec.cat/ceip-dolorsalmeda-cornella/wp-content/uploads/usu30/2019/02/segell_directoriblogs1819_fons_blanc_300x314.fw_.png 300w, https://agora.xtec.cat/ceip-dolorsalmeda-cornella/wp-content/uploads/usu30/2019/02/segell_directoriblogs1819_fons_blanc_300x314.fw_-287x300.png 287w" sizes="auto, (max-width: 300px) 100vw, 300px" /></a></p>
<p>&nbsp;</p>

<p><a href="https://blocs.xtec.cat/sbec/"></a><br />
El projecte de Biblioteques Escolars (BE) té com a objectiu potenciar l&#8217;ús de la biblioteca com a espai de suport a la promoció de la lectura, d&#8217;accés a la informació, la recerca i la innovació en el context escolar. Des de la nostra escola,&hellip;  <a href="https://agora.xtec.cat/ceip-dolorsalmeda-cornella/projecte-educatiu/biblioteca/" title="Read Biblioteca">Llegeix més»</a></p>
