{"id":509,"date":"2017-10-27T15:17:41","date_gmt":"2017-10-27T13:17:41","guid":{"rendered":"http:\/\/agora.xtec.cat\/ceip-dolorsalmeda-cornella\/?page_id=509"},"modified":"2025-03-10T12:12:27","modified_gmt":"2025-03-10T11:12:27","slug":"ciencies","status":"publish","type":"page","link":"https:\/\/agora.xtec.cat\/ceip-dolorsalmeda-cornella\/projecte-educatiu\/ciencies\/","title":{"rendered":"STEAM &#8211; Ci\u00e8ncies"},"content":{"rendered":"<p style=\"text-align: justify;\">A l\u2019escola apostem per tots aquells aprenentatges que es puguin fer de manera m\u00e9s vivencial i manipulativa. La ci\u00e8ncia apareix en molts moments educatius, per\u00f2 tamb\u00e9 en moltes de les preguntes que es fan els nostres alumnes i intentem trobar junts les respostes. A l&#8217;etapa d&#8217;Infantil ja tenim preparats uns ambients d\u2019experimentaci\u00f3 i a educaci\u00f3 prim\u00e0ria disposem d\u2019una aula experimental de ci\u00e8ncies amb les eines necess\u00e0ries per garantir un bon aprenentatge tot manipulant amb diferents materials.<\/p>\n<p><a href=\"http:\/\/agora.xtec.cat\/ceip-dolorsalmeda-cornella\/wp-content\/uploads\/usu30\/2017\/10\/EXPERIMENTACIO1.jpg\"><img loading=\"lazy\" decoding=\"async\" class=\"wp-image-577 aligncenter\" src=\"http:\/\/agora.xtec.cat\/ceip-dolorsalmeda-cornella\/wp-content\/uploads\/usu30\/2017\/10\/EXPERIMENTACIO1-1024x768.jpg\" alt=\"\" width=\"336\" height=\"252\" srcset=\"https:\/\/agora.xtec.cat\/ceip-dolorsalmeda-cornella\/wp-content\/uploads\/usu30\/2017\/10\/EXPERIMENTACIO1.jpg 1024w, https:\/\/agora.xtec.cat\/ceip-dolorsalmeda-cornella\/wp-content\/uploads\/usu30\/2017\/10\/EXPERIMENTACIO1-300x225.jpg 300w, https:\/\/agora.xtec.cat\/ceip-dolorsalmeda-cornella\/wp-content\/uploads\/usu30\/2017\/10\/EXPERIMENTACIO1-768x576.jpg 768w, https:\/\/agora.xtec.cat\/ceip-dolorsalmeda-cornella\/wp-content\/uploads\/usu30\/2017\/10\/EXPERIMENTACIO1-200x150.jpg 200w\" sizes=\"auto, (max-width: 336px) 100vw, 336px\" \/><\/a><\/p>\n<p>A partir de tercer de prim\u00e0ria fem <strong>tallers STEAM<\/strong>\u00a0 &#8211; <i><b>S<\/b>cience<\/i>\u00a0(ci\u00e8ncia)<i>,\u00a0<b>T<\/b>echnology<\/i>\u00a0(tecnologia)<i>,\u00a0<b>E<\/b>ngineering<\/i>\u00a0(enginyeria)<i>,\u00a0<b>A<\/b>rt<\/i>\u00a0(art) i\u00a0<i><b>M<\/b>athematics<\/i> (matem\u00e0tiques). Busquem treballar metodologies m\u00e9s actives, significatives, centrades en els infants i que promouen un esperit cr\u00edtic, el treball col\u00b7laboratiu<span style=\"font-weight: 400;\">, <\/span><span style=\"font-weight: 400;\">la resoluci\u00f3 de problemes, la creativitat, la motivaci\u00f3 i el comprom\u00eds, tot mentre s&#8217;estan preparant per a un m\u00f3n cada cop m\u00e9s interdisciplinari i tecnol\u00f2gic.\u00a0<\/span><\/p>\n<p><span style=\"font-weight: 400;\">Els tallers STEAM es duen a terme 1 cop per setmana en qu\u00e8 els infants es divideixen en tres grups. Cada grup realitza trimestralment un taller diferent. De manera que, cada grup far\u00e0 els tres tallers al llarg del curs. A partir de 5\u00e8 curs un d\u2019aquests tallers es desenvolupa en llengua anglesa com a llengua vehicular.\u00a0<\/span><\/p>\n\n\t\t<style type=\"text\/css\">\n\t\t\t#gallery-1 {\n\t\t\t\tmargin: auto;\n\t\t\t}\n\t\t\t#gallery-1 .gallery-item {\n\t\t\t\tfloat: left;\n\t\t\t\tmargin-top: 10px;\n\t\t\t\ttext-align: center;\n\t\t\t\twidth: 50%;\n\t\t\t}\n\t\t\t#gallery-1 img {\n\t\t\t\tborder: 2px solid #cfcfcf;\n\t\t\t}\n\t\t\t#gallery-1 .gallery-caption {\n\t\t\t\tmargin-left: 0;\n\t\t\t}\n\t\t\t\/* see gallery_shortcode() in wp-includes\/media.php *\/\n\t\t<\/style>\n\t\t<div id='gallery-1' class='gallery galleryid-509 gallery-columns-2 gallery-size-medium'><dl class='gallery-item'>\n\t\t\t<dt class='gallery-icon landscape'>\n\t\t\t\t<a href='https:\/\/agora.xtec.cat\/ceip-dolorsalmeda-cornella\/projecte-educatiu\/ciencies\/attachment\/aula-de-ciencies-dolors-almeda-7\/'><img loading=\"lazy\" decoding=\"async\" width=\"300\" height=\"225\" src=\"https:\/\/agora.xtec.cat\/ceip-dolorsalmeda-cornella\/wp-content\/uploads\/usu30\/2017\/10\/Aula-de-ci\u00e8ncies-Dolors-Almeda-7-300x225.jpg\" class=\"attachment-medium size-medium\" alt=\"\" srcset=\"https:\/\/agora.xtec.cat\/ceip-dolorsalmeda-cornella\/wp-content\/uploads\/usu30\/2017\/10\/Aula-de-ci\u00e8ncies-Dolors-Almeda-7-300x225.jpg 300w, https:\/\/agora.xtec.cat\/ceip-dolorsalmeda-cornella\/wp-content\/uploads\/usu30\/2017\/10\/Aula-de-ci\u00e8ncies-Dolors-Almeda-7-200x150.jpg 200w, https:\/\/agora.xtec.cat\/ceip-dolorsalmeda-cornella\/wp-content\/uploads\/usu30\/2017\/10\/Aula-de-ci\u00e8ncies-Dolors-Almeda-7.jpg 400w\" sizes=\"auto, (max-width: 300px) 100vw, 300px\" \/><\/a>\n\t\t\t<\/dt><\/dl><dl class='gallery-item'>\n\t\t\t<dt class='gallery-icon landscape'>\n\t\t\t\t<a href='https:\/\/agora.xtec.cat\/ceip-dolorsalmeda-cornella\/projecte-educatiu\/ciencies\/attachment\/aula-de-ciencies-dolors-almeda-10\/'><img loading=\"lazy\" decoding=\"async\" width=\"300\" height=\"225\" src=\"https:\/\/agora.xtec.cat\/ceip-dolorsalmeda-cornella\/wp-content\/uploads\/usu30\/2017\/10\/Aula-de-ci\u00e8ncies-Dolors-Almeda-10-300x225.jpg\" class=\"attachment-medium size-medium\" alt=\"\" srcset=\"https:\/\/agora.xtec.cat\/ceip-dolorsalmeda-cornella\/wp-content\/uploads\/usu30\/2017\/10\/Aula-de-ci\u00e8ncies-Dolors-Almeda-10-300x225.jpg 300w, https:\/\/agora.xtec.cat\/ceip-dolorsalmeda-cornella\/wp-content\/uploads\/usu30\/2017\/10\/Aula-de-ci\u00e8ncies-Dolors-Almeda-10-200x150.jpg 200w, https:\/\/agora.xtec.cat\/ceip-dolorsalmeda-cornella\/wp-content\/uploads\/usu30\/2017\/10\/Aula-de-ci\u00e8ncies-Dolors-Almeda-10.jpg 400w\" sizes=\"auto, (max-width: 300px) 100vw, 300px\" \/><\/a>\n\t\t\t<\/dt><\/dl><br style=\"clear: both\" \/><dl class='gallery-item'>\n\t\t\t<dt class='gallery-icon portrait'>\n\t\t\t\t<a href='https:\/\/agora.xtec.cat\/ceip-dolorsalmeda-cornella\/projecte-educatiu\/ciencies\/attachment\/ciencies-2\/'><img loading=\"lazy\" decoding=\"async\" width=\"225\" height=\"300\" src=\"https:\/\/agora.xtec.cat\/ceip-dolorsalmeda-cornella\/wp-content\/uploads\/usu30\/2021\/09\/ciencies-225x300.jpeg\" class=\"attachment-medium size-medium\" alt=\"\" srcset=\"https:\/\/agora.xtec.cat\/ceip-dolorsalmeda-cornella\/wp-content\/uploads\/usu30\/2021\/09\/ciencies-225x300.jpeg 225w, https:\/\/agora.xtec.cat\/ceip-dolorsalmeda-cornella\/wp-content\/uploads\/usu30\/2021\/09\/ciencies.jpeg 768w\" sizes=\"auto, (max-width: 225px) 100vw, 225px\" \/><\/a>\n\t\t\t<\/dt><\/dl><dl class='gallery-item'>\n\t\t\t<dt class='gallery-icon landscape'>\n\t\t\t\t<a href='https:\/\/agora.xtec.cat\/ceip-dolorsalmeda-cornella\/projecte-educatiu\/ciencies\/attachment\/ciencies-2-2\/'><img loading=\"lazy\" decoding=\"async\" width=\"300\" height=\"208\" src=\"https:\/\/agora.xtec.cat\/ceip-dolorsalmeda-cornella\/wp-content\/uploads\/usu30\/2021\/09\/cie\u0300ncies-2-300x208.jpeg\" class=\"attachment-medium size-medium\" alt=\"\" srcset=\"https:\/\/agora.xtec.cat\/ceip-dolorsalmeda-cornella\/wp-content\/uploads\/usu30\/2021\/09\/cie\u0300ncies-2-300x208.jpeg 300w, https:\/\/agora.xtec.cat\/ceip-dolorsalmeda-cornella\/wp-content\/uploads\/usu30\/2021\/09\/cie\u0300ncies-2-768x532.jpeg 768w, https:\/\/agora.xtec.cat\/ceip-dolorsalmeda-cornella\/wp-content\/uploads\/usu30\/2021\/09\/cie\u0300ncies-2.jpeg 1024w\" sizes=\"auto, (max-width: 300px) 100vw, 300px\" \/><\/a>\n\t\t\t<\/dt><\/dl><br style=\"clear: both\" \/>\n\t\t<\/div>\n\n<p>&nbsp;<\/p>\n<p>&nbsp;<\/p>\n<p>&nbsp;<\/p>\n","protected":false},"excerpt":{"rendered":"<p>A l\u2019escola apostem per tots aquells aprenentatges que es puguin fer de manera m\u00e9s vivencial i manipulativa. La ci\u00e8ncia apareix en molts moments educatius, per\u00f2 tamb\u00e9 en moltes de les preguntes que es fan els nostres alumnes i intentem trobar junts les respostes. A l&#8217;etapa&hellip;  <a href=\"https:\/\/agora.xtec.cat\/ceip-dolorsalmeda-cornella\/projecte-educatiu\/ciencies\/\" title=\"Read STEAM &#8211; Ci\u00e8ncies\">Llegeix m\u00e9s\u00bb<\/a><\/p>\n","protected":false},"author":1,"featured_media":0,"parent":64,"menu_order":40,"comment_status":"closed","ping_status":"closed","template":"page-templates\/side-menu.php","meta":{"_bbp_topic_count":0,"_bbp_reply_count":0,"_bbp_total_topic_count":0,"_bbp_total_reply_count":0,"_bbp_voice_count":0,"_bbp_anonymous_reply_count":0,"_bbp_topic_count_hidden":0,"_bbp_reply_count_hidden":0,"_bbp_forum_subforum_count":0,"footnotes":""},"class_list":["post-509","page","type-page","status-publish","hentry"],"post_mailing_queue_ids":[],"_links":{"self":[{"href":"https:\/\/agora.xtec.cat\/ceip-dolorsalmeda-cornella\/wp-json\/wp\/v2\/pages\/509","targetHints":{"allow":["GET"]}}],"collection":[{"href":"https:\/\/agora.xtec.cat\/ceip-dolorsalmeda-cornella\/wp-json\/wp\/v2\/pages"}],"about":[{"href":"https:\/\/agora.xtec.cat\/ceip-dolorsalmeda-cornella\/wp-json\/wp\/v2\/types\/page"}],"author":[{"embeddable":true,"href":"https:\/\/agora.xtec.cat\/ceip-dolorsalmeda-cornella\/wp-json\/wp\/v2\/users\/1"}],"replies":[{"embeddable":true,"href":"https:\/\/agora.xtec.cat\/ceip-dolorsalmeda-cornella\/wp-json\/wp\/v2\/comments?post=509"}],"version-history":[{"count":6,"href":"https:\/\/agora.xtec.cat\/ceip-dolorsalmeda-cornella\/wp-json\/wp\/v2\/pages\/509\/revisions"}],"predecessor-version":[{"id":7935,"href":"https:\/\/agora.xtec.cat\/ceip-dolorsalmeda-cornella\/wp-json\/wp\/v2\/pages\/509\/revisions\/7935"}],"up":[{"embeddable":true,"href":"https:\/\/agora.xtec.cat\/ceip-dolorsalmeda-cornella\/wp-json\/wp\/v2\/pages\/64"}],"wp:attachment":[{"href":"https:\/\/agora.xtec.cat\/ceip-dolorsalmeda-cornella\/wp-json\/wp\/v2\/media?parent=509"}],"curies":[{"name":"wp","href":"https:\/\/api.w.org\/{rel}","templated":true}]}}