{"id":4578,"date":"2022-01-30T17:55:21","date_gmt":"2022-01-30T16:55:21","guid":{"rendered":"https:\/\/agora.xtec.cat\/ceip-dolorsalmeda-cornella\/?page_id=4578"},"modified":"2022-01-30T20:01:28","modified_gmt":"2022-01-30T19:01:28","slug":"consell-escolar","status":"publish","type":"page","link":"https:\/\/agora.xtec.cat\/ceip-dolorsalmeda-cornella\/lescola\/consell-escolar\/","title":{"rendered":"Consell Escolar"},"content":{"rendered":"<p><a href=\"https:\/\/agora.xtec.cat\/ceip-dolorsalmeda-cornella\/wp-content\/uploads\/usu30\/2022\/01\/Consell-Escolar.jpg\"><img loading=\"lazy\" decoding=\"async\" class=\"aligncenter wp-image-4585 size-medium\" src=\"https:\/\/agora.xtec.cat\/ceip-dolorsalmeda-cornella\/wp-content\/uploads\/usu30\/2022\/01\/Consell-Escolar-e1643569281319-300x213.jpg\" alt=\"\" width=\"300\" height=\"213\" srcset=\"https:\/\/agora.xtec.cat\/ceip-dolorsalmeda-cornella\/wp-content\/uploads\/usu30\/2022\/01\/Consell-Escolar-e1643569281319-300x213.jpg 300w, https:\/\/agora.xtec.cat\/ceip-dolorsalmeda-cornella\/wp-content\/uploads\/usu30\/2022\/01\/Consell-Escolar-e1643569281319-1024x726.jpg 1024w, https:\/\/agora.xtec.cat\/ceip-dolorsalmeda-cornella\/wp-content\/uploads\/usu30\/2022\/01\/Consell-Escolar-e1643569281319-768x545.jpg 768w, https:\/\/agora.xtec.cat\/ceip-dolorsalmeda-cornella\/wp-content\/uploads\/usu30\/2022\/01\/Consell-Escolar-e1643569281319.jpg 1080w\" sizes=\"auto, (max-width: 300px) 100vw, 300px\" \/><\/a><\/p>\n<p>El consell escolar del centre \u00e9s l&#8217;<strong>\u00f2rgan col\u00b7legiat de participaci\u00f3<\/strong> de la comunitat escolar en el govern del centre. En el consell escolar hi ha representats tots els col\u00b7lectius que intervenen en la comunitat educativa.<\/p>\n<p>La seva funci\u00f3 principal\u00a0 \u00e9s participar en la presa de decisions en relaci\u00f3 amb aquells temes importants per al funcionament i l&#8217;organitzaci\u00f3 del centre: el projecte educatiu, la programaci\u00f3 general, la gesti\u00f3 econ\u00f2mica, etc.<\/p>\n<p>Els membres del consell escolar s\u00f3n elegits per un per\u00edode de quatre anys i es renoven per meitats cada dos anys.<\/p>\n","protected":false},"excerpt":{"rendered":"<p><a href=\"https:\/\/agora.xtec.cat\/ceip-dolorsalmeda-cornella\/wp-content\/uploads\/usu30\/2022\/01\/Consell-Escolar.jpg\"><\/a><br \/>\nEl consell escolar del centre \u00e9s l&#8217;\u00f2rgan col\u00b7legiat de participaci\u00f3 de la comunitat escolar en el govern del centre. En el consell escolar hi ha representats tots els col\u00b7lectius que intervenen en la comunitat educativa.<br \/>\nLa seva funci\u00f3 principal\u00a0 \u00e9s participar en la presa de&hellip;  <a href=\"https:\/\/agora.xtec.cat\/ceip-dolorsalmeda-cornella\/lescola\/consell-escolar\/\" title=\"Read Consell Escolar\">Llegeix m\u00e9s\u00bb<\/a><\/p>\n","protected":false},"author":1,"featured_media":0,"parent":22,"menu_order":0,"comment_status":"closed","ping_status":"closed","template":"","meta":{"_bbp_topic_count":0,"_bbp_reply_count":0,"_bbp_total_topic_count":0,"_bbp_total_reply_count":0,"_bbp_voice_count":0,"_bbp_anonymous_reply_count":0,"_bbp_topic_count_hidden":0,"_bbp_reply_count_hidden":0,"_bbp_forum_subforum_count":0,"footnotes":""},"class_list":["post-4578","page","type-page","status-publish","hentry"],"post_mailing_queue_ids":[],"_links":{"self":[{"href":"https:\/\/agora.xtec.cat\/ceip-dolorsalmeda-cornella\/wp-json\/wp\/v2\/pages\/4578","targetHints":{"allow":["GET"]}}],"collection":[{"href":"https:\/\/agora.xtec.cat\/ceip-dolorsalmeda-cornella\/wp-json\/wp\/v2\/pages"}],"about":[{"href":"https:\/\/agora.xtec.cat\/ceip-dolorsalmeda-cornella\/wp-json\/wp\/v2\/types\/page"}],"author":[{"embeddable":true,"href":"https:\/\/agora.xtec.cat\/ceip-dolorsalmeda-cornella\/wp-json\/wp\/v2\/users\/1"}],"replies":[{"embeddable":true,"href":"https:\/\/agora.xtec.cat\/ceip-dolorsalmeda-cornella\/wp-json\/wp\/v2\/comments?post=4578"}],"version-history":[{"count":3,"href":"https:\/\/agora.xtec.cat\/ceip-dolorsalmeda-cornella\/wp-json\/wp\/v2\/pages\/4578\/revisions"}],"predecessor-version":[{"id":4598,"href":"https:\/\/agora.xtec.cat\/ceip-dolorsalmeda-cornella\/wp-json\/wp\/v2\/pages\/4578\/revisions\/4598"}],"up":[{"embeddable":true,"href":"https:\/\/agora.xtec.cat\/ceip-dolorsalmeda-cornella\/wp-json\/wp\/v2\/pages\/22"}],"wp:attachment":[{"href":"https:\/\/agora.xtec.cat\/ceip-dolorsalmeda-cornella\/wp-json\/wp\/v2\/media?parent=4578"}],"curies":[{"name":"wp","href":"https:\/\/api.w.org\/{rel}","templated":true}]}}

<p><a href="https://agora.xtec.cat/ceip-dolorsalmeda-cornella/wp-content/uploads/usu30/2022/01/Consell-Escolar.jpg"><img loading="lazy" decoding="async" class="aligncenter wp-image-4585 size-medium" src="https://agora.xtec.cat/ceip-dolorsalmeda-cornella/wp-content/uploads/usu30/2022/01/Consell-Escolar-e1643569281319-300x213.jpg" alt="" width="300" height="213" srcset="https://agora.xtec.cat/ceip-dolorsalmeda-cornella/wp-content/uploads/usu30/2022/01/Consell-Escolar-e1643569281319-300x213.jpg 300w, https://agora.xtec.cat/ceip-dolorsalmeda-cornella/wp-content/uploads/usu30/2022/01/Consell-Escolar-e1643569281319-1024x726.jpg 1024w, https://agora.xtec.cat/ceip-dolorsalmeda-cornella/wp-content/uploads/usu30/2022/01/Consell-Escolar-e1643569281319-768x545.jpg 768w, https://agora.xtec.cat/ceip-dolorsalmeda-cornella/wp-content/uploads/usu30/2022/01/Consell-Escolar-e1643569281319.jpg 1080w" sizes="auto, (max-width: 300px) 100vw, 300px" /></a></p>
<p>El consell escolar del centre és l&#8217;<strong>òrgan col·legiat de participació</strong> de la comunitat escolar en el govern del centre. En el consell escolar hi ha representats tots els col·lectius que intervenen en la comunitat educativa.</p>
<p>La seva funció principal  és participar en la presa de decisions en relació amb aquells temes importants per al funcionament i l&#8217;organització del centre: el projecte educatiu, la programació general, la gestió econòmica, etc.</p>
<p>Els membres del consell escolar són elegits per un període de quatre anys i es renoven per meitats cada dos anys.</p>

<p><a href="https://agora.xtec.cat/ceip-dolorsalmeda-cornella/wp-content/uploads/usu30/2022/01/Consell-Escolar.jpg"></a><br />
El consell escolar del centre és l&#8217;òrgan col·legiat de participació de la comunitat escolar en el govern del centre. En el consell escolar hi ha representats tots els col·lectius que intervenen en la comunitat educativa.<br />
La seva funció principal  és participar en la presa de&hellip;  <a href="https://agora.xtec.cat/ceip-dolorsalmeda-cornella/lescola/consell-escolar/" title="Read Consell Escolar">Llegeix més»</a></p>
