{"id":4364,"date":"2021-09-18T13:38:15","date_gmt":"2021-09-18T11:38:15","guid":{"rendered":"https:\/\/agora.xtec.cat\/ceip-dolorsalmeda-cornella\/?page_id=4364"},"modified":"2025-09-19T11:20:04","modified_gmt":"2025-09-19T09:20:04","slug":"horaris-de-visites-i-entrevistes-telematiques","status":"publish","type":"page","link":"https:\/\/agora.xtec.cat\/ceip-dolorsalmeda-cornella\/lescola\/horaris-de-visites-i-entrevistes-telematiques\/","title":{"rendered":"Document d&#8217;inici de curs. Informaci\u00f3 per a les fam\u00edlies."},"content":{"rendered":"<p>Aqu\u00ed us deixem el document d&#8217;inici de curs que us fem arribar a totes les fam\u00edlies amb informacions del vostre inter\u00e8s: organigrama del centre, horaris d&#8217;entrevistes, calendari escolar&#8230;<\/p>\n<p><a href=\"https:\/\/agora.xtec.cat\/ceip-dolorsalmeda-cornella\/docs\/calendari-escolar-2025-26\/?bp-attachment=Document-inici-de-curs-25_26.pdf\" target=\"_blank\" rel=\"noopener\">DOCUMENT D&#8217;INICI DE CURS<\/a><\/p>\n<p>&nbsp;<\/p>\n","protected":false},"excerpt":{"rendered":"<p>Aqu\u00ed us deixem el document d&#8217;inici de curs que us fem arribar a totes les fam\u00edlies amb informacions del vostre inter\u00e8s: organigrama del centre, horaris d&#8217;entrevistes, calendari escolar&#8230;<br \/>\n<a href=\"https:\/\/agora.xtec.cat\/ceip-dolorsalmeda-cornella\/docs\/calendari-escolar-2025-26\/?bp-attachment=Document-inici-de-curs-25_26.pdf\" target=\"_blank\" rel=\"noopener\">DOCUMENT D&#8217;INICI DE CURS<\/a><br \/>\n&nbsp;<\/p>\n","protected":false},"author":1,"featured_media":0,"parent":22,"menu_order":10,"comment_status":"closed","ping_status":"closed","template":"","meta":{"_bbp_topic_count":0,"_bbp_reply_count":0,"_bbp_total_topic_count":0,"_bbp_total_reply_count":0,"_bbp_voice_count":0,"_bbp_anonymous_reply_count":0,"_bbp_topic_count_hidden":0,"_bbp_reply_count_hidden":0,"_bbp_forum_subforum_count":0,"footnotes":""},"class_list":["post-4364","page","type-page","status-publish","hentry"],"post_mailing_queue_ids":[],"_links":{"self":[{"href":"https:\/\/agora.xtec.cat\/ceip-dolorsalmeda-cornella\/wp-json\/wp\/v2\/pages\/4364","targetHints":{"allow":["GET"]}}],"collection":[{"href":"https:\/\/agora.xtec.cat\/ceip-dolorsalmeda-cornella\/wp-json\/wp\/v2\/pages"}],"about":[{"href":"https:\/\/agora.xtec.cat\/ceip-dolorsalmeda-cornella\/wp-json\/wp\/v2\/types\/page"}],"author":[{"embeddable":true,"href":"https:\/\/agora.xtec.cat\/ceip-dolorsalmeda-cornella\/wp-json\/wp\/v2\/users\/1"}],"replies":[{"embeddable":true,"href":"https:\/\/agora.xtec.cat\/ceip-dolorsalmeda-cornella\/wp-json\/wp\/v2\/comments?post=4364"}],"version-history":[{"count":7,"href":"https:\/\/agora.xtec.cat\/ceip-dolorsalmeda-cornella\/wp-json\/wp\/v2\/pages\/4364\/revisions"}],"predecessor-version":[{"id":8158,"href":"https:\/\/agora.xtec.cat\/ceip-dolorsalmeda-cornella\/wp-json\/wp\/v2\/pages\/4364\/revisions\/8158"}],"up":[{"embeddable":true,"href":"https:\/\/agora.xtec.cat\/ceip-dolorsalmeda-cornella\/wp-json\/wp\/v2\/pages\/22"}],"wp:attachment":[{"href":"https:\/\/agora.xtec.cat\/ceip-dolorsalmeda-cornella\/wp-json\/wp\/v2\/media?parent=4364"}],"curies":[{"name":"wp","href":"https:\/\/api.w.org\/{rel}","templated":true}]}}

Document d&#8217;inici de curs. Informació per a les famílies.

<p>Aquí us deixem el document d&#8217;inici de curs que us fem arribar a totes les famílies amb informacions del vostre interès: organigrama del centre, horaris d&#8217;entrevistes, calendari escolar&#8230;</p>
<p><a href="https://agora.xtec.cat/ceip-dolorsalmeda-cornella/docs/calendari-escolar-2025-26/?bp-attachment=Document-inici-de-curs-25_26.pdf" target="_blank" rel="noopener">DOCUMENT D&#8217;INICI DE CURS</a></p>
<p>&nbsp;</p>

<p>Aquí us deixem el document d&#8217;inici de curs que us fem arribar a totes les famílies amb informacions del vostre interès: organigrama del centre, horaris d&#8217;entrevistes, calendari escolar&#8230;<br />
<a href="https://agora.xtec.cat/ceip-dolorsalmeda-cornella/docs/calendari-escolar-2025-26/?bp-attachment=Document-inici-de-curs-25_26.pdf" target="_blank" rel="noopener">DOCUMENT D&#8217;INICI DE CURS</a><br />
&nbsp;</p>
