{"id":3491,"date":"2021-02-15T23:23:56","date_gmt":"2021-02-15T22:23:56","guid":{"rendered":"https:\/\/agora.xtec.cat\/ceip-dolorsalmeda-cornella\/?page_id=3491"},"modified":"2025-03-10T11:59:40","modified_gmt":"2025-03-10T10:59:40","slug":"microespais-daprenentatge","status":"publish","type":"page","link":"https:\/\/agora.xtec.cat\/ceip-dolorsalmeda-cornella\/projecte-educatiu\/microespais-daprenentatge\/","title":{"rendered":"Microespais d&#8217;aprenentatge"},"content":{"rendered":"<p>Els infants tenen la capacitat innata de sorprendre&#8217;s, investigar i construir el seu propi coneixement a trav\u00e9s de l&#8217;acci\u00f3, la creativitat i les relacions entre iguals. \u00c9s per aquest motiu que, en sessions amb tres persones adultes, les aules d&#8217;<strong>educaci\u00f3 infantil<\/strong> i <strong>cicle inicial<\/strong> (1 sessi\u00f3 setmanal de llengua) s&#8217;organitzen per <strong>microespais<\/strong>. <span style=\"font-weight: 400;\">A cicle inicial, tamb\u00e9 s\u2019ofereix la possibilitat de participaci\u00f3 per part de les fam\u00edlies.<\/span><\/p>\n<p>Aquesta metodologia de treball ens permet fer diferents propostes simult\u00e0nies a l\u2019aula oferint la possibilitat als infants de:<\/p>\n<ul>\n<li>Desenvolupar la seva autonomia.<\/li>\n<li>Aprendre al seu ritme, ja que les propostes s\u00f3n obertes i contemplen diferents graus de dificultat.<\/li>\n<li>Desenvolupar la iniciativa, la recerca, la creativitat i l\u2019expressi\u00f3 a trav\u00e9s de diferents llenguatges.<\/li>\n<li><span style=\"font-weight: 400;\">Donar resposta als interessos de l&#8217;alumnat. <\/span><\/li>\n<\/ul>\n<p>Al llarg d&#8217;<strong>infantil<\/strong>, els infants aniran trobant diferents propostes d&#8217;entre els seg\u00fcents microespais:<\/p>\n<ul>\n<li>Matem\u00e0tic<\/li>\n<li>Comunicatiu<\/li>\n<li>Grafisme creatiu<\/li>\n<li>Sensorial\/experimentaci\u00f3<\/li>\n<\/ul>\n<p><span style=\"font-weight: 400;\">A <strong>cicle inicial<\/strong>, les diferents propostes es reparteixen en els seg\u00fcents microespais:<\/span><\/p>\n<ul>\n<li style=\"font-weight: 400;\" aria-level=\"1\"><span style=\"font-weight: 400;\">Comprensi\u00f3 lectora<\/span><\/li>\n<li style=\"font-weight: 400;\" aria-level=\"1\"><span style=\"font-weight: 400;\">Expressi\u00f3 escrita<\/span><\/li>\n<li style=\"font-weight: 400;\" aria-level=\"1\"><span style=\"font-weight: 400;\">Grafisme<\/span><\/li>\n<li style=\"font-weight: 400;\" aria-level=\"1\"><span style=\"font-weight: 400;\">Treball sistem\u00e0tic de la llengua<\/span><\/li>\n<\/ul>\n<p>La manera d&#8217;organitzar <strong>l&#8217;espai<\/strong>, juntament amb materials triats, rics i variats, esdev\u00e9 una pe\u00e7a clau per oferir experi\u00e8ncies riques en est\u00edmuls que afavoreixen la descoberta i l&#8217;experimentaci\u00f3 dels infants, juntament amb reptes que els acompanyen en el seu desenvolupament i creixement tant<span style=\"font-weight: 400;\">\u00a0individualment com a grup.<\/span><\/p>\n\n\t\t<style type=\"text\/css\">\n\t\t\t#gallery-1 {\n\t\t\t\tmargin: auto;\n\t\t\t}\n\t\t\t#gallery-1 .gallery-item {\n\t\t\t\tfloat: left;\n\t\t\t\tmargin-top: 10px;\n\t\t\t\ttext-align: center;\n\t\t\t\twidth: 33%;\n\t\t\t}\n\t\t\t#gallery-1 img {\n\t\t\t\tborder: 2px solid #cfcfcf;\n\t\t\t}\n\t\t\t#gallery-1 .gallery-caption {\n\t\t\t\tmargin-left: 0;\n\t\t\t}\n\t\t\t\/* see gallery_shortcode() in wp-includes\/media.php *\/\n\t\t<\/style>\n\t\t<div id='gallery-1' class='gallery galleryid-3491 gallery-columns-3 gallery-size-thumbnail'><dl class='gallery-item'>\n\t\t\t<dt class='gallery-icon landscape'>\n\t\t\t\t<a href='https:\/\/agora.xtec.cat\/ceip-dolorsalmeda-cornella\/projecte-educatiu\/microespais-daprenentatge\/attachment\/retallar\/'><img loading=\"lazy\" decoding=\"async\" width=\"150\" height=\"150\" src=\"https:\/\/agora.xtec.cat\/ceip-dolorsalmeda-cornella\/wp-content\/uploads\/usu30\/2021\/02\/retallar-150x150.png\" class=\"attachment-thumbnail size-thumbnail\" alt=\"\" \/><\/a>\n\t\t\t<\/dt><\/dl><dl class='gallery-item'>\n\t\t\t<dt class='gallery-icon landscape'>\n\t\t\t\t<a href='https:\/\/agora.xtec.cat\/ceip-dolorsalmeda-cornella\/projecte-educatiu\/microespais-daprenentatge\/attachment\/yfbo4563\/'><img loading=\"lazy\" decoding=\"async\" width=\"150\" height=\"150\" src=\"https:\/\/agora.xtec.cat\/ceip-dolorsalmeda-cornella\/wp-content\/uploads\/usu30\/2021\/02\/YFBO4563-150x150.jpg\" class=\"attachment-thumbnail size-thumbnail\" alt=\"\" \/><\/a>\n\t\t\t<\/dt><\/dl><dl class='gallery-item'>\n\t\t\t<dt class='gallery-icon landscape'>\n\t\t\t\t<a href='https:\/\/agora.xtec.cat\/ceip-dolorsalmeda-cornella\/projecte-educatiu\/microespais-daprenentatge\/attachment\/cartabon\/'><img loading=\"lazy\" decoding=\"async\" width=\"150\" height=\"150\" src=\"https:\/\/agora.xtec.cat\/ceip-dolorsalmeda-cornella\/wp-content\/uploads\/usu30\/2021\/02\/cartabon-150x150.jpg\" class=\"attachment-thumbnail size-thumbnail\" alt=\"\" \/><\/a>\n\t\t\t<\/dt><\/dl><br style=\"clear: both\" \/><dl class='gallery-item'>\n\t\t\t<dt class='gallery-icon landscape'>\n\t\t\t\t<a href='https:\/\/agora.xtec.cat\/ceip-dolorsalmeda-cornella\/projecte-educatiu\/microespais-daprenentatge\/attachment\/img_3919jpg\/'><img loading=\"lazy\" decoding=\"async\" width=\"150\" height=\"150\" src=\"https:\/\/agora.xtec.cat\/ceip-dolorsalmeda-cornella\/wp-content\/uploads\/usu30\/2021\/02\/IMG_3919JPG-150x150.jpg\" class=\"attachment-thumbnail size-thumbnail\" alt=\"\" \/><\/a>\n\t\t\t<\/dt><\/dl><dl class='gallery-item'>\n\t\t\t<dt class='gallery-icon landscape'>\n\t\t\t\t<a href='https:\/\/agora.xtec.cat\/ceip-dolorsalmeda-cornella\/projecte-educatiu\/microespais-daprenentatge\/attachment\/img_5422jpg\/'><img loading=\"lazy\" decoding=\"async\" width=\"150\" height=\"150\" src=\"https:\/\/agora.xtec.cat\/ceip-dolorsalmeda-cornella\/wp-content\/uploads\/usu30\/2021\/02\/IMG_5422JPG-150x150.jpg\" class=\"attachment-thumbnail size-thumbnail\" alt=\"\" \/><\/a>\n\t\t\t<\/dt><\/dl><dl class='gallery-item'>\n\t\t\t<dt class='gallery-icon landscape'>\n\t\t\t\t<a href='https:\/\/agora.xtec.cat\/ceip-dolorsalmeda-cornella\/projecte-educatiu\/microespais-daprenentatge\/attachment\/img_6145jpg\/'><img loading=\"lazy\" decoding=\"async\" width=\"150\" height=\"150\" src=\"https:\/\/agora.xtec.cat\/ceip-dolorsalmeda-cornella\/wp-content\/uploads\/usu30\/2021\/02\/IMG_6145JPG-150x150.jpg\" class=\"attachment-thumbnail size-thumbnail\" alt=\"\" \/><\/a>\n\t\t\t<\/dt><\/dl><br style=\"clear: both\" \/><dl class='gallery-item'>\n\t\t\t<dt class='gallery-icon landscape'>\n\t\t\t\t<a href='https:\/\/agora.xtec.cat\/ceip-dolorsalmeda-cornella\/projecte-educatiu\/microespais-daprenentatge\/attachment\/img_6953jpg\/'><img loading=\"lazy\" decoding=\"async\" width=\"150\" height=\"150\" src=\"https:\/\/agora.xtec.cat\/ceip-dolorsalmeda-cornella\/wp-content\/uploads\/usu30\/2021\/02\/IMG_6953JPG-150x150.jpg\" class=\"attachment-thumbnail size-thumbnail\" alt=\"\" \/><\/a>\n\t\t\t<\/dt><\/dl><dl class='gallery-item'>\n\t\t\t<dt class='gallery-icon landscape'>\n\t\t\t\t<a href='https:\/\/agora.xtec.cat\/ceip-dolorsalmeda-cornella\/projecte-educatiu\/microespais-daprenentatge\/attachment\/img_7924jpg\/'><img loading=\"lazy\" decoding=\"async\" width=\"150\" height=\"150\" src=\"https:\/\/agora.xtec.cat\/ceip-dolorsalmeda-cornella\/wp-content\/uploads\/usu30\/2021\/02\/IMG_7924JPG-150x150.jpg\" class=\"attachment-thumbnail size-thumbnail\" alt=\"\" \/><\/a>\n\t\t\t<\/dt><\/dl><dl class='gallery-item'>\n\t\t\t<dt class='gallery-icon landscape'>\n\t\t\t\t<a href='https:\/\/agora.xtec.cat\/ceip-dolorsalmeda-cornella\/projecte-educatiu\/microespais-daprenentatge\/attachment\/img_e6517jpg\/'><img loading=\"lazy\" decoding=\"async\" width=\"150\" height=\"150\" src=\"https:\/\/agora.xtec.cat\/ceip-dolorsalmeda-cornella\/wp-content\/uploads\/usu30\/2021\/02\/IMG_E6517JPG-150x150.jpg\" class=\"attachment-thumbnail size-thumbnail\" alt=\"\" \/><\/a>\n\t\t\t<\/dt><\/dl><br style=\"clear: both\" \/>\n\t\t<\/div>\n\n","protected":false},"excerpt":{"rendered":"<p>Els infants tenen la capacitat innata de sorprendre&#8217;s, investigar i construir el seu propi coneixement a trav\u00e9s de l&#8217;acci\u00f3, la creativitat i les relacions entre iguals. \u00c9s per aquest motiu que, en sessions amb tres persones adultes, les aules d&#8217;educaci\u00f3 infantil i cicle inicial (1&hellip;  <a href=\"https:\/\/agora.xtec.cat\/ceip-dolorsalmeda-cornella\/projecte-educatiu\/microespais-daprenentatge\/\" title=\"Read Microespais d&#8217;aprenentatge\">Llegeix m\u00e9s\u00bb<\/a><\/p>\n","protected":false},"author":1,"featured_media":0,"parent":64,"menu_order":20,"comment_status":"closed","ping_status":"closed","template":"page-templates\/side-menu.php","meta":{"_bbp_topic_count":0,"_bbp_reply_count":0,"_bbp_total_topic_count":0,"_bbp_total_reply_count":0,"_bbp_voice_count":0,"_bbp_anonymous_reply_count":0,"_bbp_topic_count_hidden":0,"_bbp_reply_count_hidden":0,"_bbp_forum_subforum_count":0,"footnotes":""},"class_list":["post-3491","page","type-page","status-publish","hentry"],"post_mailing_queue_ids":[],"_links":{"self":[{"href":"https:\/\/agora.xtec.cat\/ceip-dolorsalmeda-cornella\/wp-json\/wp\/v2\/pages\/3491","targetHints":{"allow":["GET"]}}],"collection":[{"href":"https:\/\/agora.xtec.cat\/ceip-dolorsalmeda-cornella\/wp-json\/wp\/v2\/pages"}],"about":[{"href":"https:\/\/agora.xtec.cat\/ceip-dolorsalmeda-cornella\/wp-json\/wp\/v2\/types\/page"}],"author":[{"embeddable":true,"href":"https:\/\/agora.xtec.cat\/ceip-dolorsalmeda-cornella\/wp-json\/wp\/v2\/users\/1"}],"replies":[{"embeddable":true,"href":"https:\/\/agora.xtec.cat\/ceip-dolorsalmeda-cornella\/wp-json\/wp\/v2\/comments?post=3491"}],"version-history":[{"count":5,"href":"https:\/\/agora.xtec.cat\/ceip-dolorsalmeda-cornella\/wp-json\/wp\/v2\/pages\/3491\/revisions"}],"predecessor-version":[{"id":7933,"href":"https:\/\/agora.xtec.cat\/ceip-dolorsalmeda-cornella\/wp-json\/wp\/v2\/pages\/3491\/revisions\/7933"}],"up":[{"embeddable":true,"href":"https:\/\/agora.xtec.cat\/ceip-dolorsalmeda-cornella\/wp-json\/wp\/v2\/pages\/64"}],"wp:attachment":[{"href":"https:\/\/agora.xtec.cat\/ceip-dolorsalmeda-cornella\/wp-json\/wp\/v2\/media?parent=3491"}],"curies":[{"name":"wp","href":"https:\/\/api.w.org\/{rel}","templated":true}]}}

<p>Els infants tenen la capacitat innata de sorprendre&#8217;s, investigar i construir el seu propi coneixement a través de l&#8217;acció, la creativitat i les relacions entre iguals. És per aquest motiu que, en sessions amb tres persones adultes, les aules d&#8217;<strong>educació infantil</strong> i <strong>cicle inicial</strong> (1 sessió setmanal de llengua) s&#8217;organitzen per <strong>microespais</strong>. <span style="font-weight: 400;">A cicle inicial, també s’ofereix la possibilitat de participació per part de les famílies.</span></p>
<p>Aquesta metodologia de treball ens permet fer diferents propostes simultànies a l’aula oferint la possibilitat als infants de:</p>
<ul>
<li>Desenvolupar la seva autonomia.</li>
<li>Aprendre al seu ritme, ja que les propostes són obertes i contemplen diferents graus de dificultat.</li>
<li>Desenvolupar la iniciativa, la recerca, la creativitat i l’expressió a través de diferents llenguatges.</li>
<li><span style="font-weight: 400;">Donar resposta als interessos de l&#8217;alumnat. </span></li>
</ul>
<p>Al llarg d&#8217;<strong>infantil</strong>, els infants aniran trobant diferents propostes d&#8217;entre els següents microespais:</p>
<ul>
<li>Matemàtic</li>
<li>Comunicatiu</li>
<li>Grafisme creatiu</li>
<li>Sensorial/experimentació</li>
</ul>
<p><span style="font-weight: 400;">A <strong>cicle inicial</strong>, les diferents propostes es reparteixen en els següents microespais:</span></p>
<ul>
<li style="font-weight: 400;" aria-level="1"><span style="font-weight: 400;">Comprensió lectora</span></li>
<li style="font-weight: 400;" aria-level="1"><span style="font-weight: 400;">Expressió escrita</span></li>
<li style="font-weight: 400;" aria-level="1"><span style="font-weight: 400;">Grafisme</span></li>
<li style="font-weight: 400;" aria-level="1"><span style="font-weight: 400;">Treball sistemàtic de la llengua</span></li>
</ul>
<p>La manera d&#8217;organitzar <strong>l&#8217;espai</strong>, juntament amb materials triats, rics i variats, esdevé una peça clau per oferir experiències riques en estímuls que afavoreixen la descoberta i l&#8217;experimentació dels infants, juntament amb reptes que els acompanyen en el seu desenvolupament i creixement tant<span style="font-weight: 400;"> individualment com a grup.</span></p>

		<style type="text/css">
			#gallery-1 {
				margin: auto;
			}
			#gallery-1 .gallery-item {
				float: left;
				margin-top: 10px;
				text-align: center;
				width: 33%;
			}
			#gallery-1 img {
				border: 2px solid #cfcfcf;
			}
			#gallery-1 .gallery-caption {
				margin-left: 0;
			}
			/* see gallery_shortcode() in wp-includes/media.php */
		</style>
		<div id='gallery-1' class='gallery galleryid-3491 gallery-columns-3 gallery-size-thumbnail'><dl class='gallery-item'>
			<dt class='gallery-icon landscape'>
				<a href='https://agora.xtec.cat/ceip-dolorsalmeda-cornella/projecte-educatiu/microespais-daprenentatge/attachment/retallar/'><img loading="lazy" decoding="async" width="150" height="150" src="https://agora.xtec.cat/ceip-dolorsalmeda-cornella/wp-content/uploads/usu30/2021/02/retallar-150x150.png" class="attachment-thumbnail size-thumbnail" alt="" /></a>
			</dt></dl><dl class='gallery-item'>
			<dt class='gallery-icon landscape'>
				<a href='https://agora.xtec.cat/ceip-dolorsalmeda-cornella/projecte-educatiu/microespais-daprenentatge/attachment/yfbo4563/'><img loading="lazy" decoding="async" width="150" height="150" src="https://agora.xtec.cat/ceip-dolorsalmeda-cornella/wp-content/uploads/usu30/2021/02/YFBO4563-150x150.jpg" class="attachment-thumbnail size-thumbnail" alt="" /></a>
			</dt></dl><dl class='gallery-item'>
			<dt class='gallery-icon landscape'>
				<a href='https://agora.xtec.cat/ceip-dolorsalmeda-cornella/projecte-educatiu/microespais-daprenentatge/attachment/cartabon/'><img loading="lazy" decoding="async" width="150" height="150" src="https://agora.xtec.cat/ceip-dolorsalmeda-cornella/wp-content/uploads/usu30/2021/02/cartabon-150x150.jpg" class="attachment-thumbnail size-thumbnail" alt="" /></a>
			</dt></dl><br style="clear: both" /><dl class='gallery-item'>
			<dt class='gallery-icon landscape'>
				<a href='https://agora.xtec.cat/ceip-dolorsalmeda-cornella/projecte-educatiu/microespais-daprenentatge/attachment/img_3919jpg/'><img loading="lazy" decoding="async" width="150" height="150" src="https://agora.xtec.cat/ceip-dolorsalmeda-cornella/wp-content/uploads/usu30/2021/02/IMG_3919JPG-150x150.jpg" class="attachment-thumbnail size-thumbnail" alt="" /></a>
			</dt></dl><dl class='gallery-item'>
			<dt class='gallery-icon landscape'>
				<a href='https://agora.xtec.cat/ceip-dolorsalmeda-cornella/projecte-educatiu/microespais-daprenentatge/attachment/img_5422jpg/'><img loading="lazy" decoding="async" width="150" height="150" src="https://agora.xtec.cat/ceip-dolorsalmeda-cornella/wp-content/uploads/usu30/2021/02/IMG_5422JPG-150x150.jpg" class="attachment-thumbnail size-thumbnail" alt="" /></a>
			</dt></dl><dl class='gallery-item'>
			<dt class='gallery-icon landscape'>
				<a href='https://agora.xtec.cat/ceip-dolorsalmeda-cornella/projecte-educatiu/microespais-daprenentatge/attachment/img_6145jpg/'><img loading="lazy" decoding="async" width="150" height="150" src="https://agora.xtec.cat/ceip-dolorsalmeda-cornella/wp-content/uploads/usu30/2021/02/IMG_6145JPG-150x150.jpg" class="attachment-thumbnail size-thumbnail" alt="" /></a>
			</dt></dl><br style="clear: both" /><dl class='gallery-item'>
			<dt class='gallery-icon landscape'>
				<a href='https://agora.xtec.cat/ceip-dolorsalmeda-cornella/projecte-educatiu/microespais-daprenentatge/attachment/img_6953jpg/'><img loading="lazy" decoding="async" width="150" height="150" src="https://agora.xtec.cat/ceip-dolorsalmeda-cornella/wp-content/uploads/usu30/2021/02/IMG_6953JPG-150x150.jpg" class="attachment-thumbnail size-thumbnail" alt="" /></a>
			</dt></dl><dl class='gallery-item'>
			<dt class='gallery-icon landscape'>
				<a href='https://agora.xtec.cat/ceip-dolorsalmeda-cornella/projecte-educatiu/microespais-daprenentatge/attachment/img_7924jpg/'><img loading="lazy" decoding="async" width="150" height="150" src="https://agora.xtec.cat/ceip-dolorsalmeda-cornella/wp-content/uploads/usu30/2021/02/IMG_7924JPG-150x150.jpg" class="attachment-thumbnail size-thumbnail" alt="" /></a>
			</dt></dl><dl class='gallery-item'>
			<dt class='gallery-icon landscape'>
				<a href='https://agora.xtec.cat/ceip-dolorsalmeda-cornella/projecte-educatiu/microespais-daprenentatge/attachment/img_e6517jpg/'><img loading="lazy" decoding="async" width="150" height="150" src="https://agora.xtec.cat/ceip-dolorsalmeda-cornella/wp-content/uploads/usu30/2021/02/IMG_E6517JPG-150x150.jpg" class="attachment-thumbnail size-thumbnail" alt="" /></a>
			</dt></dl><br style="clear: both" />
		</div>

<p>Els infants tenen la capacitat innata de sorprendre&#8217;s, investigar i construir el seu propi coneixement a través de l&#8217;acció, la creativitat i les relacions entre iguals. És per aquest motiu que, en sessions amb tres persones adultes, les aules d&#8217;educació infantil i cicle inicial (1&hellip;  <a href="https://agora.xtec.cat/ceip-dolorsalmeda-cornella/projecte-educatiu/microespais-daprenentatge/" title="Read Microespais d&#8217;aprenentatge">Llegeix més»</a></p>
