{"id":30,"date":"2014-09-18T12:30:23","date_gmt":"2014-09-18T11:30:23","guid":{"rendered":"http:\/\/agora.xtec.cat\/ceip-dolorsalmeda-cornella\/?page_id=30"},"modified":"2025-03-10T09:56:00","modified_gmt":"2025-03-10T08:56:00","slug":"instal%c2%b7lacions","status":"publish","type":"page","link":"https:\/\/agora.xtec.cat\/ceip-dolorsalmeda-cornella\/lescola\/instal%c2%b7lacions\/","title":{"rendered":"Instal\u00b7lacions"},"content":{"rendered":"<p>L\u2019escola disposa de quatre edificis:<\/p>\n<p>&#8211;<strong> Edifici principal<\/strong> (\u00e9s l&#8217;\u00fanic edifici de dues plantes): menjador, despatxos, aula d&#8217;inform\u00e0tica, aula de m\u00fasica, aula d&#8217;angl\u00e8s per a desdoblament de grups, tres aules de petits grups, sala de mestres, gimn\u00e0s, dutxes i vestidors i aules de 4t, 5\u00e8, 6\u00e8, aula d&#8217;audiovisuals i aula de ci\u00e8ncies.<\/p>\n<p>&#8211;<strong> Edifici d&#8217;Educaci\u00f3 Infantil I:<\/strong> amb les aules d&#8217; I3, lavabos i aula de psicomotricitat.<\/p>\n<p>&#8211; <strong>Edifici d\u2019Educaci\u00f3 Infantil II:<\/strong> amb aules d&#8217; I4 i d&#8217; I5, lavabos i ambient d&#8217;experimentaci\u00f3.<\/p>\n<p>&#8211; <strong>Edifici d\u2019Educaci\u00f3 Prim\u00e0ria II:<\/strong>\u00a0amb biblioteca, aula d\u2019angl\u00e8s, una tutoria, aules de 1r, 2n i 3r i lavabos.<\/p>\n<p>\u00c9s un centre sense barreres arquitect\u00f2niques i practicable per a infants i fam\u00edlies amb mobilitat redu\u00efda (ascensors, rampes i lavabos adaptats).<br \/>\nEls edificis d\u2019Educaci\u00f3 infantil es comuniquen i comparteixen un gran pati. Els edificis de Prim\u00e0ria tenen dues pistes poliesportives i un pati com\u00fa.<\/p>\n<p>Disposem d\u2019un espai on tenim tres horts urbans, utilitzats pels nens i nenes de Prim\u00e0ria. Al pati d&#8217;Educaci\u00f3 Infantil tamb\u00e9 disposem de jardineres i un petit hort.<\/p>\n<p>En una zona del pati es troba l\u2019estaci\u00f3 meteorol\u00f2gica, que ens permet treballar l\u2019observaci\u00f3 sistem\u00e0tica i la recollida de dades.<\/p>\n<p><iframe loading=\"lazy\" src=\"\/\/www.youtube.com\/embed\/P9AjF1rMVxo\" width=\"640\" height=\"359\"><\/iframe><\/p>\n","protected":false},"excerpt":{"rendered":"<p>L\u2019escola disposa de quatre edificis:<br \/>\n&#8211; Edifici principal (\u00e9s l&#8217;\u00fanic edifici de dues plantes): menjador, despatxos, aula d&#8217;inform\u00e0tica, aula de m\u00fasica, aula d&#8217;angl\u00e8s per a desdoblament de grups, tres aules de petits grups, sala de mestres, gimn\u00e0s, dutxes i vestidors i aules de 4t, 5\u00e8, 6\u00e8,&hellip;  <a href=\"https:\/\/agora.xtec.cat\/ceip-dolorsalmeda-cornella\/lescola\/instal%c2%b7lacions\/\" title=\"Read Instal\u00b7lacions\">Llegeix m\u00e9s\u00bb<\/a><\/p>\n","protected":false},"author":1,"featured_media":0,"parent":22,"menu_order":40,"comment_status":"closed","ping_status":"closed","template":"page-templates\/side-menu.php","meta":{"_bbp_topic_count":0,"_bbp_reply_count":0,"_bbp_total_topic_count":0,"_bbp_total_reply_count":0,"_bbp_voice_count":0,"_bbp_anonymous_reply_count":0,"_bbp_topic_count_hidden":0,"_bbp_reply_count_hidden":0,"_bbp_forum_subforum_count":0,"footnotes":""},"class_list":["post-30","page","type-page","status-publish","hentry"],"post_mailing_queue_ids":[],"_links":{"self":[{"href":"https:\/\/agora.xtec.cat\/ceip-dolorsalmeda-cornella\/wp-json\/wp\/v2\/pages\/30","targetHints":{"allow":["GET"]}}],"collection":[{"href":"https:\/\/agora.xtec.cat\/ceip-dolorsalmeda-cornella\/wp-json\/wp\/v2\/pages"}],"about":[{"href":"https:\/\/agora.xtec.cat\/ceip-dolorsalmeda-cornella\/wp-json\/wp\/v2\/types\/page"}],"author":[{"embeddable":true,"href":"https:\/\/agora.xtec.cat\/ceip-dolorsalmeda-cornella\/wp-json\/wp\/v2\/users\/1"}],"replies":[{"embeddable":true,"href":"https:\/\/agora.xtec.cat\/ceip-dolorsalmeda-cornella\/wp-json\/wp\/v2\/comments?post=30"}],"version-history":[{"count":5,"href":"https:\/\/agora.xtec.cat\/ceip-dolorsalmeda-cornella\/wp-json\/wp\/v2\/pages\/30\/revisions"}],"predecessor-version":[{"id":7929,"href":"https:\/\/agora.xtec.cat\/ceip-dolorsalmeda-cornella\/wp-json\/wp\/v2\/pages\/30\/revisions\/7929"}],"up":[{"embeddable":true,"href":"https:\/\/agora.xtec.cat\/ceip-dolorsalmeda-cornella\/wp-json\/wp\/v2\/pages\/22"}],"wp:attachment":[{"href":"https:\/\/agora.xtec.cat\/ceip-dolorsalmeda-cornella\/wp-json\/wp\/v2\/media?parent=30"}],"curies":[{"name":"wp","href":"https:\/\/api.w.org\/{rel}","templated":true}]}}

<p>L’escola disposa de quatre edificis:</p>
<p>&#8211;<strong> Edifici principal</strong> (és l&#8217;únic edifici de dues plantes): menjador, despatxos, aula d&#8217;informàtica, aula de música, aula d&#8217;anglès per a desdoblament de grups, tres aules de petits grups, sala de mestres, gimnàs, dutxes i vestidors i aules de 4t, 5è, 6è, aula d&#8217;audiovisuals i aula de ciències.</p>
<p>&#8211;<strong> Edifici d&#8217;Educació Infantil I:</strong> amb les aules d&#8217; I3, lavabos i aula de psicomotricitat.</p>
<p>&#8211; <strong>Edifici d’Educació Infantil II:</strong> amb aules d&#8217; I4 i d&#8217; I5, lavabos i ambient d&#8217;experimentació.</p>
<p>&#8211; <strong>Edifici d’Educació Primària II:</strong> amb biblioteca, aula d’anglès, una tutoria, aules de 1r, 2n i 3r i lavabos.</p>
<p>És un centre sense barreres arquitectòniques i practicable per a infants i famílies amb mobilitat reduïda (ascensors, rampes i lavabos adaptats).<br />
Els edificis d’Educació infantil es comuniquen i comparteixen un gran pati. Els edificis de Primària tenen dues pistes poliesportives i un pati comú.</p>
<p>Disposem d’un espai on tenim tres horts urbans, utilitzats pels nens i nenes de Primària. Al pati d&#8217;Educació Infantil també disposem de jardineres i un petit hort.</p>
<p>En una zona del pati es troba l’estació meteorològica, que ens permet treballar l’observació sistemàtica i la recollida de dades.</p>
<p><iframe loading="lazy" src="//www.youtube.com/embed/P9AjF1rMVxo" width="640" height="359"></iframe></p>

<p>L’escola disposa de quatre edificis:<br />
&#8211; Edifici principal (és l&#8217;únic edifici de dues plantes): menjador, despatxos, aula d&#8217;informàtica, aula de música, aula d&#8217;anglès per a desdoblament de grups, tres aules de petits grups, sala de mestres, gimnàs, dutxes i vestidors i aules de 4t, 5è, 6è,&hellip;  <a href="https://agora.xtec.cat/ceip-dolorsalmeda-cornella/lescola/instal%c2%b7lacions/" title="Read Instal·lacions">Llegeix més»</a></p>
