{"id":26,"date":"2014-09-18T12:24:32","date_gmt":"2014-09-18T11:24:32","guid":{"rendered":"http:\/\/agora.xtec.cat\/ceip-dolorsalmeda-cornella\/?page_id=26"},"modified":"2025-11-12T12:43:42","modified_gmt":"2025-11-12T11:43:42","slug":"qui-som","status":"publish","type":"page","link":"https:\/\/agora.xtec.cat\/ceip-dolorsalmeda-cornella\/lescola\/qui-som\/","title":{"rendered":"Qui som"},"content":{"rendered":"<p><a href=\"https:\/\/agora.xtec.cat\/ceip-dolorsalmeda-cornella\/wp-content\/uploads\/usu30\/2021\/09\/almeda-antic.jpeg\"><img loading=\"lazy\" decoding=\"async\" class=\"alignleft wp-image-4361 \" src=\"https:\/\/agora.xtec.cat\/ceip-dolorsalmeda-cornella\/wp-content\/uploads\/usu30\/2021\/09\/almeda-antic-300x201.jpeg\" alt=\"\" width=\"357\" height=\"239\" srcset=\"https:\/\/agora.xtec.cat\/ceip-dolorsalmeda-cornella\/wp-content\/uploads\/usu30\/2021\/09\/almeda-antic-300x201.jpeg 300w, https:\/\/agora.xtec.cat\/ceip-dolorsalmeda-cornella\/wp-content\/uploads\/usu30\/2021\/09\/almeda-antic-1024x685.jpeg 1024w, https:\/\/agora.xtec.cat\/ceip-dolorsalmeda-cornella\/wp-content\/uploads\/usu30\/2021\/09\/almeda-antic-768x514.jpeg 768w, https:\/\/agora.xtec.cat\/ceip-dolorsalmeda-cornella\/wp-content\/uploads\/usu30\/2021\/09\/almeda-antic-1536x1027.jpeg 1536w, https:\/\/agora.xtec.cat\/ceip-dolorsalmeda-cornella\/wp-content\/uploads\/usu30\/2021\/09\/almeda-antic.jpeg 1600w\" sizes=\"auto, (max-width: 357px) 100vw, 357px\" \/><\/a> <a href=\"https:\/\/agora.xtec.cat\/ceip-dolorsalmeda-cornella\/wp-content\/uploads\/usu30\/2021\/09\/almeda-ara.jpeg\"><img loading=\"lazy\" decoding=\"async\" class=\"alignnone wp-image-4362\" src=\"https:\/\/agora.xtec.cat\/ceip-dolorsalmeda-cornella\/wp-content\/uploads\/usu30\/2021\/09\/almeda-ara.jpeg\" alt=\"\" width=\"246\" height=\"246\" srcset=\"https:\/\/agora.xtec.cat\/ceip-dolorsalmeda-cornella\/wp-content\/uploads\/usu30\/2021\/09\/almeda-ara.jpeg 400w, https:\/\/agora.xtec.cat\/ceip-dolorsalmeda-cornella\/wp-content\/uploads\/usu30\/2021\/09\/almeda-ara-300x300.jpeg 300w, https:\/\/agora.xtec.cat\/ceip-dolorsalmeda-cornella\/wp-content\/uploads\/usu30\/2021\/09\/almeda-ara-150x150.jpeg 150w\" sizes=\"auto, (max-width: 246px) 100vw, 246px\" \/><\/a><\/p>\n<p>L\u2019Escola Dolors Almeda es troba al barri d\u2019Almeda, a Cornell\u00e0 de Llobregat.<\/p>\n<p>L\u2019escola forma part de la hist\u00f2ria del barri, aviat far\u00e0 70 anys, ambd\u00f3s han crescut plegats, s\u2019han transformat alhora.<br \/>\nActualment som un centre de doble l\u00ednia amb 400 alumnes matriculats. El nivell social i cultural de les fam\u00edlies \u00e9s divers i aquesta diversitat creiem que ens comporta beneficis a tots i totes.<br \/>\nAix\u00ed com fins fa pocs anys l\u2019alumnat era principalment aut\u00f2cton i del barri, cada cop m\u00e9s ens arriben nens i nenes d\u2019altres zones de la ciutat atrets pel nostre projecte educatiu.<\/p>\n<p>L\u2019objectiu primer i fonamental de la nostra escola \u00e9s el de proporcionar a les nenes i els nens una formaci\u00f3 plena que desenvolupi al m\u00e0xim les possibilitats individuals de cada infant i fomenti l\u2019educaci\u00f3 humana i social.<br \/>\nVolem que els infants trobin en l\u2019escola un entorn que respecti la seva diversitat i motivador per assolir aprenentatges. Volem formar nens i nenes amb valors per col\u00b7laborar, junt amb les fam\u00edlies, a qu\u00e8 siguin en un futur ciutadans i ciutadanes implicats i implicades en la societat i amb capacitat d\u2019actuar: infants cr\u00edtics, creatius, aut\u00f2noms, reflexius, competents, sociables, responsables i respectuosos.<br \/>\nBusquem el m\u00e0xim d\u2019excel\u00b7l\u00e8ncia educativa sense renunciar als nous corrents metodol\u00f2gics. Volem que els infants trobin est\u00edmuls i respostes en el seu dia a dia que els omplin de felicitat.<\/p>\n<p>&nbsp;<\/p>\n","protected":false},"excerpt":{"rendered":"<p><a href=\"https:\/\/agora.xtec.cat\/ceip-dolorsalmeda-cornella\/wp-content\/uploads\/usu30\/2021\/09\/almeda-antic.jpeg\"><\/a> <a href=\"https:\/\/agora.xtec.cat\/ceip-dolorsalmeda-cornella\/wp-content\/uploads\/usu30\/2021\/09\/almeda-ara.jpeg\"><\/a><br \/>\nL\u2019Escola Dolors Almeda es troba al barri d\u2019Almeda, a Cornell\u00e0 de Llobregat.<br \/>\nL\u2019escola forma part de la hist\u00f2ria del barri, aviat far\u00e0 70 anys, ambd\u00f3s han crescut plegats, s\u2019han transformat alhora.<br \/>\nActualment som un centre de doble l\u00ednia amb 400 alumnes matriculats. El nivell&hellip;  <a href=\"https:\/\/agora.xtec.cat\/ceip-dolorsalmeda-cornella\/lescola\/qui-som\/\" title=\"Read Qui som\">Llegeix m\u00e9s\u00bb<\/a><\/p>\n","protected":false},"author":1,"featured_media":0,"parent":22,"menu_order":20,"comment_status":"closed","ping_status":"closed","template":"page-templates\/side-menu.php","meta":{"_bbp_topic_count":0,"_bbp_reply_count":0,"_bbp_total_topic_count":0,"_bbp_total_reply_count":0,"_bbp_voice_count":0,"_bbp_anonymous_reply_count":0,"_bbp_topic_count_hidden":0,"_bbp_reply_count_hidden":0,"_bbp_forum_subforum_count":0,"footnotes":""},"class_list":["post-26","page","type-page","status-publish","hentry"],"post_mailing_queue_ids":[],"_links":{"self":[{"href":"https:\/\/agora.xtec.cat\/ceip-dolorsalmeda-cornella\/wp-json\/wp\/v2\/pages\/26","targetHints":{"allow":["GET"]}}],"collection":[{"href":"https:\/\/agora.xtec.cat\/ceip-dolorsalmeda-cornella\/wp-json\/wp\/v2\/pages"}],"about":[{"href":"https:\/\/agora.xtec.cat\/ceip-dolorsalmeda-cornella\/wp-json\/wp\/v2\/types\/page"}],"author":[{"embeddable":true,"href":"https:\/\/agora.xtec.cat\/ceip-dolorsalmeda-cornella\/wp-json\/wp\/v2\/users\/1"}],"replies":[{"embeddable":true,"href":"https:\/\/agora.xtec.cat\/ceip-dolorsalmeda-cornella\/wp-json\/wp\/v2\/comments?post=26"}],"version-history":[{"count":6,"href":"https:\/\/agora.xtec.cat\/ceip-dolorsalmeda-cornella\/wp-json\/wp\/v2\/pages\/26\/revisions"}],"predecessor-version":[{"id":8257,"href":"https:\/\/agora.xtec.cat\/ceip-dolorsalmeda-cornella\/wp-json\/wp\/v2\/pages\/26\/revisions\/8257"}],"up":[{"embeddable":true,"href":"https:\/\/agora.xtec.cat\/ceip-dolorsalmeda-cornella\/wp-json\/wp\/v2\/pages\/22"}],"wp:attachment":[{"href":"https:\/\/agora.xtec.cat\/ceip-dolorsalmeda-cornella\/wp-json\/wp\/v2\/media?parent=26"}],"curies":[{"name":"wp","href":"https:\/\/api.w.org\/{rel}","templated":true}]}}

<p><a href="https://agora.xtec.cat/ceip-dolorsalmeda-cornella/wp-content/uploads/usu30/2021/09/almeda-antic.jpeg"><img loading="lazy" decoding="async" class="alignleft wp-image-4361 " src="https://agora.xtec.cat/ceip-dolorsalmeda-cornella/wp-content/uploads/usu30/2021/09/almeda-antic-300x201.jpeg" alt="" width="357" height="239" srcset="https://agora.xtec.cat/ceip-dolorsalmeda-cornella/wp-content/uploads/usu30/2021/09/almeda-antic-300x201.jpeg 300w, https://agora.xtec.cat/ceip-dolorsalmeda-cornella/wp-content/uploads/usu30/2021/09/almeda-antic-1024x685.jpeg 1024w, https://agora.xtec.cat/ceip-dolorsalmeda-cornella/wp-content/uploads/usu30/2021/09/almeda-antic-768x514.jpeg 768w, https://agora.xtec.cat/ceip-dolorsalmeda-cornella/wp-content/uploads/usu30/2021/09/almeda-antic-1536x1027.jpeg 1536w, https://agora.xtec.cat/ceip-dolorsalmeda-cornella/wp-content/uploads/usu30/2021/09/almeda-antic.jpeg 1600w" sizes="auto, (max-width: 357px) 100vw, 357px" /></a> <a href="https://agora.xtec.cat/ceip-dolorsalmeda-cornella/wp-content/uploads/usu30/2021/09/almeda-ara.jpeg"><img loading="lazy" decoding="async" class="alignnone wp-image-4362" src="https://agora.xtec.cat/ceip-dolorsalmeda-cornella/wp-content/uploads/usu30/2021/09/almeda-ara.jpeg" alt="" width="246" height="246" srcset="https://agora.xtec.cat/ceip-dolorsalmeda-cornella/wp-content/uploads/usu30/2021/09/almeda-ara.jpeg 400w, https://agora.xtec.cat/ceip-dolorsalmeda-cornella/wp-content/uploads/usu30/2021/09/almeda-ara-300x300.jpeg 300w, https://agora.xtec.cat/ceip-dolorsalmeda-cornella/wp-content/uploads/usu30/2021/09/almeda-ara-150x150.jpeg 150w" sizes="auto, (max-width: 246px) 100vw, 246px" /></a></p>
<p>L’Escola Dolors Almeda es troba al barri d’Almeda, a Cornellà de Llobregat.</p>
<p>L’escola forma part de la història del barri, aviat farà 70 anys, ambdós han crescut plegats, s’han transformat alhora.<br />
Actualment som un centre de doble línia amb 400 alumnes matriculats. El nivell social i cultural de les famílies és divers i aquesta diversitat creiem que ens comporta beneficis a tots i totes.<br />
Així com fins fa pocs anys l’alumnat era principalment autòcton i del barri, cada cop més ens arriben nens i nenes d’altres zones de la ciutat atrets pel nostre projecte educatiu.</p>
<p>L’objectiu primer i fonamental de la nostra escola és el de proporcionar a les nenes i els nens una formació plena que desenvolupi al màxim les possibilitats individuals de cada infant i fomenti l’educació humana i social.<br />
Volem que els infants trobin en l’escola un entorn que respecti la seva diversitat i motivador per assolir aprenentatges. Volem formar nens i nenes amb valors per col·laborar, junt amb les famílies, a què siguin en un futur ciutadans i ciutadanes implicats i implicades en la societat i amb capacitat d’actuar: infants crítics, creatius, autònoms, reflexius, competents, sociables, responsables i respectuosos.<br />
Busquem el màxim d’excel·lència educativa sense renunciar als nous corrents metodològics. Volem que els infants trobin estímuls i respostes en el seu dia a dia que els omplin de felicitat.</p>
<p>&nbsp;</p>

<p><a href="https://agora.xtec.cat/ceip-dolorsalmeda-cornella/wp-content/uploads/usu30/2021/09/almeda-antic.jpeg"></a> <a href="https://agora.xtec.cat/ceip-dolorsalmeda-cornella/wp-content/uploads/usu30/2021/09/almeda-ara.jpeg"></a><br />
L’Escola Dolors Almeda es troba al barri d’Almeda, a Cornellà de Llobregat.<br />
L’escola forma part de la història del barri, aviat farà 70 anys, ambdós han crescut plegats, s’han transformat alhora.<br />
Actualment som un centre de doble línia amb 400 alumnes matriculats. El nivell&hellip;  <a href="https://agora.xtec.cat/ceip-dolorsalmeda-cornella/lescola/qui-som/" title="Read Qui som">Llegeix més»</a></p>
