{"id":11818,"date":"2022-01-14T15:58:59","date_gmt":"2022-01-14T14:58:59","guid":{"rendered":"https:\/\/agora.xtec.cat\/ceip-diputacio\/?page_id=11818"},"modified":"2024-12-05T14:00:13","modified_gmt":"2024-12-05T13:00:13","slug":"sortides-al-parc-a-lespai-migdia","status":"publish","type":"page","link":"https:\/\/agora.xtec.cat\/ceip-diputacio\/menjador-escolar\/sortides-al-parc-a-lespai-migdia\/","title":{"rendered":"Sortides al parc a l\u2019espai migdia"},"content":{"rendered":"<p>Durant l\u2019espai migdia, abans o despr\u00e9s de dinar, depenent de l\u2019horari de cada torn, els infants des de primer fins a sis\u00e8 de\u00a0 prim\u00e0ria surten als parcs propers a l\u2019escola Diputaci\u00f3. En concret,<strong>\u00a0entre les 12.30 i les 14.50\u00a0<\/strong>els<a href=\"https:\/\/ajuntament.barcelona.cat\/eixample\/ca\/el-districte-i-els-seus-barris\/la-nova-esquerra-de-leixample\/equipaments\/jardins-interior-d-illa-d-emma-de-barcelona_335195642\" target=\"_blank\" rel=\"noreferrer noopener\">\u00a0<strong>Jardins d\u2019Emma situat al Carrer del Comte Borrell, 157\u00a0<\/strong><\/a>\u00a0i els\u00a0<a href=\"https:\/\/guia.barcelona.cat\/es\/detall\/jardins-interior-d-illa-de-paula-montal_99400063147.html\" target=\"_blank\" rel=\"noreferrer noopener\"><strong>Jardins de Paula Montal, Carrer de Viladomat, 149<\/strong><\/a>, acullen diferents grups de nenes i nens de l\u2019escola.<\/p>\n<p>La sortida al parc est\u00e0 emmarcada dintre dels objectius del\u00a0 projecte de menjador de\u00a0 facilitar un espai de joc diferent al que viuen en el dia a dia;\u00a0 tamb\u00e9 persegueix afavorir l\u2019autonomia, el respecte per l\u2019entorn i el contacte amb elements m\u00e9s naturals que, ara com ara, escassegen als nostres patis. A m\u00e9s a m\u00e9s, les sortides al parc\u00a0<strong>fomenten el vincle i el descobriment del barri<\/strong>\u00a0que acull l\u2019escola.<\/p>\n<p>Aix\u00ed mateix, el benefici de l\u2019activitat es fa extensiu no nom\u00e9s als infants que gaudeixen dels parcs sin\u00f3 tamb\u00e9 a la globalitat de la comunitat educativa perqu\u00e8<strong>\u00a0ajuda a reduir la densitat d\u2019alumnes que romanen als diferents patis de l\u2019escola<\/strong>.<\/p>\n<p>La iniciativa es va engegar l\u2019any 2016, aleshores, nom\u00e9s per al cicle superior, per\u00f2\u00a0 posteriorment, amb l\u2019esclat de la crisi sanit\u00e0ria per la Covid19, les restriccions sanit\u00e0ries als centres educatius\u00a0 i les facilitats de l\u2019administraci\u00f3 local, tant l\u2019Escola com l\u2019AFA van acordar ampliar i instaurar l\u2019\u00fas d\u2019aquests espais p\u00fablics del barri tamb\u00e9 per als cicles mitj\u00e0 i inicial.<\/p>\n<p><strong>Durant el curs <em>2024\/25 <\/em> els horaris de sortida s\u00f3n els seg\u00fcents:\u00a0<\/strong><\/p>\n<ul>\n<li><strong>1er: dilluns<\/strong><\/li>\n<li><strong>2n: dimecres i divendres<\/strong><\/li>\n<li><strong>3r: dijous i divendres<\/strong><\/li>\n<li><strong>4rt: dimecres i divendres<\/strong><\/li>\n<li><strong>5\u00e8: dilluns i divendres<\/strong><\/li>\n<li><strong>6\u00e8: dimarts i dijous<\/strong><\/li>\n<\/ul>\n","protected":false},"excerpt":{"rendered":"<p>Durant l\u2019espai migdia, abans o despr\u00e9s de dinar, depenent de l\u2019horari de cada torn, els infants des de primer fins a sis\u00e8 de\u00a0 prim\u00e0ria surten als parcs propers a l\u2019escola Diputaci\u00f3. En concret,\u00a0entre les 12.30 i les 14.50\u00a0els<a href=\"https:\/\/ajuntament.barcelona.cat\/eixample\/ca\/el-districte-i-els-seus-barris\/la-nova-esquerra-de-leixample\/equipaments\/jardins-interior-d-illa-d-emma-de-barcelona_335195642\" target=\"_blank\" rel=\"noreferrer noopener\">\u00a0Jardins d\u2019Emma situat al&hellip;  <a href=\"https:\/\/agora.xtec.cat\/ceip-diputacio\/menjador-escolar\/sortides-al-parc-a-lespai-migdia\/\" title=\"Read Sortides al parc a l\u2019espai migdia\">Llegeix m\u00e9s\u00bb<\/a><\/p>\n","protected":false},"author":1,"featured_media":0,"parent":73,"menu_order":0,"comment_status":"closed","ping_status":"closed","template":"page-templates\/side-menu.php","meta":{"_bbp_topic_count":0,"_bbp_reply_count":0,"_bbp_total_topic_count":0,"_bbp_total_reply_count":0,"_bbp_voice_count":0,"_bbp_anonymous_reply_count":0,"_bbp_topic_count_hidden":0,"_bbp_reply_count_hidden":0,"_bbp_forum_subforum_count":0,"footnotes":""},"class_list":["post-11818","page","type-page","status-publish","hentry"],"post_mailing_queue_ids":[],"_links":{"self":[{"href":"https:\/\/agora.xtec.cat\/ceip-diputacio\/wp-json\/wp\/v2\/pages\/11818","targetHints":{"allow":["GET"]}}],"collection":[{"href":"https:\/\/agora.xtec.cat\/ceip-diputacio\/wp-json\/wp\/v2\/pages"}],"about":[{"href":"https:\/\/agora.xtec.cat\/ceip-diputacio\/wp-json\/wp\/v2\/types\/page"}],"author":[{"embeddable":true,"href":"https:\/\/agora.xtec.cat\/ceip-diputacio\/wp-json\/wp\/v2\/users\/1"}],"replies":[{"embeddable":true,"href":"https:\/\/agora.xtec.cat\/ceip-diputacio\/wp-json\/wp\/v2\/comments?post=11818"}],"version-history":[{"count":3,"href":"https:\/\/agora.xtec.cat\/ceip-diputacio\/wp-json\/wp\/v2\/pages\/11818\/revisions"}],"predecessor-version":[{"id":13912,"href":"https:\/\/agora.xtec.cat\/ceip-diputacio\/wp-json\/wp\/v2\/pages\/11818\/revisions\/13912"}],"up":[{"embeddable":true,"href":"https:\/\/agora.xtec.cat\/ceip-diputacio\/wp-json\/wp\/v2\/pages\/73"}],"wp:attachment":[{"href":"https:\/\/agora.xtec.cat\/ceip-diputacio\/wp-json\/wp\/v2\/media?parent=11818"}],"curies":[{"name":"wp","href":"https:\/\/api.w.org\/{rel}","templated":true}]}}