{"id":11809,"date":"2022-01-14T15:45:43","date_gmt":"2022-01-14T14:45:43","guid":{"rendered":"https:\/\/agora.xtec.cat\/ceip-diputacio\/?page_id=11809"},"modified":"2024-12-05T13:44:02","modified_gmt":"2024-12-05T12:44:02","slug":"preguntes-frequents-de-menjador","status":"publish","type":"page","link":"https:\/\/agora.xtec.cat\/ceip-diputacio\/menjador-escolar\/preguntes-frequents-de-menjador\/","title":{"rendered":"Preguntes Freq\u00fcents de Menjador"},"content":{"rendered":"<p><strong>Quin model t\u00e9 el menjador?<\/strong><\/p>\n<p>L\u2019Escola Diputaci\u00f3 t\u00e9 implantat des de l\u2019any 2018 un model d\u2019alimentaci\u00f3 agroecol\u00f2gic, en el que el 90% del men\u00fa est\u00e0 elaborat amb producte ecol\u00f2gic certificat.\u00a0 El 100% dels productes s\u00f3n frescos i un 75% dels aliments s\u00f3n de proximitat.<\/p>\n<p><strong>A quina hora\u00a0 i on dinen?<\/strong><\/p>\n<ul>\n<li><strong>L\u2019alumnat d&#8217;I3 i d&#8217;I4<\/strong> dina a partir de les 12.30h, a un espai propi a l\u2019\u00e0rea pr\u00f2xima de la ludoteca. Aix\u00ed es garanteix un \u00e0pat pausat i tranquil. L&#8217;alumnat d&#8217;I3 fa migdiada en acabar l\u2019\u00e0pat a una sala al costat de les classes. <strong>L\u2019alumnat d&#8217;I5<\/strong> dina a partir de les 13:45h al mateix espai.<\/li>\n<\/ul>\n<ul>\n<li><strong>La resta de grups<\/strong>\u00a0dinen al menjador que est\u00e0 ubicat al primer pis. Els torns s\u00f3n els seg\u00fcents:<\/li>\n<\/ul>\n<p class=\"has-text-align-center\">1r torn:\u00a0<strong>1r, 2n i 3r<\/strong> de les 12:30h a les 13:45h<\/p>\n<p class=\"has-text-align-center\">2n torn:\u00a0<strong>4t,5\u00e8 i 6\u00e8<\/strong> de les 13:45h a les 15:00h<\/p>\n<p><strong>Qu\u00e8 es fa a l\u2019espai migdia?<\/strong><\/p>\n<p>Et recomanem que segueixis l&#8217;<a href=\"https:\/\/www.instagram.com\/somvalors\/\" target=\"_blank\" rel=\"noopener\">instagram de Som Valors<\/a>, l&#8217;entitat que gestiona la cuina i el monitoratge del temps de migdia, <a href=\"https:\/\/www.somvalors.com\/\" target=\"_blank\" rel=\"noopener\">la seva p\u00e0gina web<\/a> i el <a href=\"https:\/\/ampadiputacio.wordpress.com\/menjador-i-espai-migdia\" target=\"_blank\" rel=\"noopener\">bloc de l\u2019AFA<\/a>. Tamb\u00e9 pots revisar el pla de menjador que trobareu a la web de l\u2019escola.<\/p>\n<p><strong>Quina empresa t\u00e9 assignat el servei de monitoratge i cuina?<\/strong><\/p>\n<p><a href=\"https:\/\/www.somvalors.com\/\" target=\"_blank\" rel=\"noopener\">Som Valors<\/a> t\u00e9 assignada la gesti\u00f3 de l\u2019espai migdia (que inclou servei de cuina, monitoratge i neteja)..<\/p>\n<p><strong>Hi ha cuina pr\u00f2pia?<\/strong><\/p>\n<p>Si, els men\u00fas s\u2019elaboren \u00edntegrament a la cuina de l\u2019escola, amb un proc\u00e9s de cocci\u00f3 pausat i casol\u00e0. En David Pa\u00e9z \u00e9s el cuiner i responsable d\u2019elaborar tots els \u00e0pats<strong>.<\/strong><\/p>\n<p><strong>Quin preu t\u00e9 el men\u00fa diari?<\/strong><\/p>\n<p>El preu del men\u00fa es paga amb una quota fixa mensual de 122\u20ac. El men\u00fa espor\u00e0dic costa 7,60\u20ac.<\/p>\n<p><strong>Qu\u00e8 passa si la meva filla\/fill no pot anar a dinar a l\u2019escola un dia?<\/strong><\/p>\n<p>Haureu d\u2019informar a la coordinadora del servei de migdia, la M\u00aa Jos\u00e9 (696 921 178) o per correu electr\u00f2nic (<a href=\"mailto:diputacio@somvalors.com\" target=\"_blank\" rel=\"noopener\">diputacio@somvalors.com<\/a>) els dies que l\u2019infant s\u2019absentar\u00e0. Les abs\u00e8ncies s&#8217;han d&#8217;informar sempre abans de les 10h del mat\u00ed.<\/p>\n<p><strong>A qui he d\u2019avisar si el meu fill o filla necessita men\u00fa de dieta?<\/strong><\/p>\n<p>En dies ocasionals en el que l\u2019infant t\u00e9 mal de panxa o indisposici\u00f3 s\u2019ha d\u2019informar de la petici\u00f3 de dieta a la coordinadora del servei de migdia de Som Valors (Maria Jos\u00e9: 696 921 178 o <a href=\"mailto:diputacio@somvalors.com\">diputacio@somvalors.com<\/a>) abans de les 10h del mat\u00ed. Addicionalment es pot anotar a l\u2019agenda escolar per tal que la mestra hi pugui tenir const\u00e0ncia.<\/p>\n<p><strong>On puc consultar el men\u00fa del dia?<\/strong><\/p>\n<p>A\u00a0<a href=\"https:\/\/agora.xtec.cat\/ceip-diputacio\/menjador-escolar\/menu-del-mes\/\" target=\"_blank\" rel=\"noreferrer noopener\"><strong>l\u2019apartat de men\u00fa del mes dintre de l&#8217;apartat de menjador d&#8217;aquesta web<\/strong><\/a>.<\/p>\n<p>Cada mes es publica, igualment, al bloc de l\u2019AFA i es comparteix via Whatsapp de Delegades.<\/p>\n<p>Tamb\u00e9 es penja al taulell d\u2019anuncis a l\u2019entrada de l\u2019escola.<\/p>\n<p><strong>Tinc un problema amb l\u2019espai migdia, a qui m\u2019adre\u00e7o?<\/strong><\/p>\n<p>Has de contactar amb la Maria Jos\u00e9, coordinadora de Som Valors, l\u2019empresa que gestiona el temps de migdia (<a href=\"mailto:diputacio@somvalors.com\" target=\"_blank\" rel=\"noopener\">diputacio@somvalors.com<\/a> o 696 921 178), amb c\u00f2pia a la Gemma, supervisora del centre de l&#8217;entitat Valors <a href=\"mailto:gjolis@somvalors.com\" target=\"_blank\" rel=\"noopener\">gjolis@somvalors.com<\/a>. Recorda que tamb\u00e9 pots demanar una reuni\u00f3 presencial o virtual amb la monitora o monitor del teu fill o filla per aquesta via.<\/p>\n<p><strong>A partir de quin dia d\u2019abs\u00e8ncia es descompta en el rebut de menjador?<\/strong><\/p>\n<p>Per <strong>malaltia comuna o imprevist<\/strong>, si es comunica l\u2019abs\u00e8ncia abans de les 10:00h del mat\u00ed al (tel\u00e8fon 696 921 178 o correu diputacio@somvalors.com) es <strong>tornaran 2\u20ac\/dia<\/strong> (la part del men\u00fa corresponent a l\u2019alimentaci\u00f3), comptant <strong>des del primer dia d\u2019av\u00eds<\/strong>. La devoluci\u00f3 es reflecteix al rebut del mes seg\u00fcent.<\/p>\n<p>Per <strong>abs\u00e8ncies llargues programades<\/strong>, si es comunica a Som Valors (696 921 178 \/ diputacio@somvalors.com) abans del dia 20 del mes anterior <strong>no es cobrar\u00e0 el per\u00edode no gaudit<\/strong>.<\/p>\n<p><strong>A qui he d\u2019adre\u00e7ar-me si he tingut un problema amb el rebut de menjador?<\/strong><\/p>\n<p>Has de contactar amb Marta Sanchez, responsable del cobrament a les fam\u00edlies de Som Valors (<a href=\"mailto:msanchez@somvalors.com\">msanchez@somvalors.com<\/a> \/ 934 274 734), que \u00e9s qui se n\u2019ocupa de gestionar els rebuts de menjador.<\/p>\n<p><strong>C\u00f3m puc participar en les portes obertes de menjador?<\/strong><\/p>\n<p>Peri\u00f2dicament l\u2019AFA a trav\u00e9s de la comissi\u00f3 de menjador convoca sortejos per a poder participar-hi. Estigues atent a les xarxes socials de l\u2019AFA i als missatges que envia la teva delegada.<\/p>\n<p><strong>Com pago el men\u00fa si m\u2019ha tocat el sorteig de les portes obertes de menjador?<\/strong><\/p>\n<p>El cost del dinar (3,30\u20ac) s\u2019inclour\u00e0 en el rebut de menjador d\u2019aquell mes dels vostres fills\/es si aix\u00ed ho heu autoritzat. Un cop fet el sorteig, l\u2019import es cobrar\u00e0 encara que no s\u2019hi hagi pogut assistir.<\/p>\n<p><strong>Qu\u00e8 faig si he guanyat el sorteig de les portes obertes de menjador per\u00f2 no puc anar?<\/strong><\/p>\n<p>Pots passar la teva pla\u00e7a a un altra mare\/pare, el pagament del dinar nom\u00e9s es tramitar\u00e0 a la guanyador\/a del sorteig.<\/p>\n","protected":false},"excerpt":{"rendered":"<p>Quin model t\u00e9 el menjador?<br \/>\nL\u2019Escola Diputaci\u00f3 t\u00e9 implantat des de l\u2019any 2018 un model d\u2019alimentaci\u00f3 agroecol\u00f2gic, en el que el 90% del men\u00fa est\u00e0 elaborat amb producte ecol\u00f2gic certificat.\u00a0 El 100% dels productes s\u00f3n frescos i un 75% dels aliments s\u00f3n de proximitat.<br \/>\nA quina hora\u00a0&hellip;  <a href=\"https:\/\/agora.xtec.cat\/ceip-diputacio\/menjador-escolar\/preguntes-frequents-de-menjador\/\" title=\"Read Preguntes Freq\u00fcents de Menjador\">Llegeix m\u00e9s\u00bb<\/a><\/p>\n","protected":false},"author":1,"featured_media":0,"parent":73,"menu_order":0,"comment_status":"closed","ping_status":"closed","template":"page-templates\/side-menu.php","meta":{"_bbp_topic_count":0,"_bbp_reply_count":0,"_bbp_total_topic_count":0,"_bbp_total_reply_count":0,"_bbp_voice_count":0,"_bbp_anonymous_reply_count":0,"_bbp_topic_count_hidden":0,"_bbp_reply_count_hidden":0,"_bbp_forum_subforum_count":0,"footnotes":""},"class_list":["post-11809","page","type-page","status-publish","hentry"],"post_mailing_queue_ids":[],"_links":{"self":[{"href":"https:\/\/agora.xtec.cat\/ceip-diputacio\/wp-json\/wp\/v2\/pages\/11809","targetHints":{"allow":["GET"]}}],"collection":[{"href":"https:\/\/agora.xtec.cat\/ceip-diputacio\/wp-json\/wp\/v2\/pages"}],"about":[{"href":"https:\/\/agora.xtec.cat\/ceip-diputacio\/wp-json\/wp\/v2\/types\/page"}],"author":[{"embeddable":true,"href":"https:\/\/agora.xtec.cat\/ceip-diputacio\/wp-json\/wp\/v2\/users\/1"}],"replies":[{"embeddable":true,"href":"https:\/\/agora.xtec.cat\/ceip-diputacio\/wp-json\/wp\/v2\/comments?post=11809"}],"version-history":[{"count":6,"href":"https:\/\/agora.xtec.cat\/ceip-diputacio\/wp-json\/wp\/v2\/pages\/11809\/revisions"}],"predecessor-version":[{"id":13909,"href":"https:\/\/agora.xtec.cat\/ceip-diputacio\/wp-json\/wp\/v2\/pages\/11809\/revisions\/13909"}],"up":[{"embeddable":true,"href":"https:\/\/agora.xtec.cat\/ceip-diputacio\/wp-json\/wp\/v2\/pages\/73"}],"wp:attachment":[{"href":"https:\/\/agora.xtec.cat\/ceip-diputacio\/wp-json\/wp\/v2\/media?parent=11809"}],"curies":[{"name":"wp","href":"https:\/\/api.w.org\/{rel}","templated":true}]}}

Preguntes Freqüents de Menjador

<p><strong>Quin model té el menjador?</strong></p>
<p>L’Escola Diputació té implantat des de l’any 2018 un model d’alimentació agroecològic, en el que el 90% del menú està elaborat amb producte ecològic certificat.  El 100% dels productes són frescos i un 75% dels aliments són de proximitat.</p>
<p><strong>A quina hora  i on dinen?</strong></p>
<ul>
<li><strong>L’alumnat d&#8217;I3 i d&#8217;I4</strong> dina a partir de les 12.30h, a un espai propi a l’àrea pròxima de la ludoteca. Així es garanteix un àpat pausat i tranquil. L&#8217;alumnat d&#8217;I3 fa migdiada en acabar l’àpat a una sala al costat de les classes. <strong>L’alumnat d&#8217;I5</strong> dina a partir de les 13:45h al mateix espai.</li>
</ul>
<ul>
<li><strong>La resta de grups</strong> dinen al menjador que està ubicat al primer pis. Els torns són els següents:</li>
</ul>
<p class="has-text-align-center">1r torn: <strong>1r, 2n i 3r</strong> de les 12:30h a les 13:45h</p>
<p class="has-text-align-center">2n torn: <strong>4t,5è i 6è</strong> de les 13:45h a les 15:00h</p>
<p><strong>Què es fa a l’espai migdia?</strong></p>
<p>Et recomanem que segueixis l&#8217;<a href="https://www.instagram.com/somvalors/" target="_blank" rel="noopener">instagram de Som Valors</a>, l&#8217;entitat que gestiona la cuina i el monitoratge del temps de migdia, <a href="https://www.somvalors.com/" target="_blank" rel="noopener">la seva pàgina web</a> i el <a href="https://ampadiputacio.wordpress.com/menjador-i-espai-migdia" target="_blank" rel="noopener">bloc de l’AFA</a>. També pots revisar el pla de menjador que trobareu a la web de l’escola.</p>
<p><strong>Quina empresa té assignat el servei de monitoratge i cuina?</strong></p>
<p><a href="https://www.somvalors.com/" target="_blank" rel="noopener">Som Valors</a> té assignada la gestió de l’espai migdia (que inclou servei de cuina, monitoratge i neteja)..</p>
<p><strong>Hi ha cuina pròpia?</strong></p>
<p>Si, els menús s’elaboren íntegrament a la cuina de l’escola, amb un procés de cocció pausat i casolà. En David Paéz és el cuiner i responsable d’elaborar tots els àpats<strong>.</strong></p>
<p><strong>Quin preu té el menú diari?</strong></p>
<p>El preu del menú es paga amb una quota fixa mensual de 122€. El menú esporàdic costa 7,60€.</p>
<p><strong>Què passa si la meva filla/fill no pot anar a dinar a l’escola un dia?</strong></p>
<p>Haureu d’informar a la coordinadora del servei de migdia, la Mª José (696 921 178) o per correu electrònic (<a href="mailto:diputacio@somvalors.com" target="_blank" rel="noopener">diputacio@somvalors.com</a>) els dies que l’infant s’absentarà. Les absències s&#8217;han d&#8217;informar sempre abans de les 10h del matí.</p>
<p><strong>A qui he d’avisar si el meu fill o filla necessita menú de dieta?</strong></p>
<p>En dies ocasionals en el que l’infant té mal de panxa o indisposició s’ha d’informar de la petició de dieta a la coordinadora del servei de migdia de Som Valors (Maria José: 696 921 178 o <a href="mailto:diputacio@somvalors.com">diputacio@somvalors.com</a>) abans de les 10h del matí. Addicionalment es pot anotar a l’agenda escolar per tal que la mestra hi pugui tenir constància.</p>
<p><strong>On puc consultar el menú del dia?</strong></p>
<p>A <a href="https://agora.xtec.cat/ceip-diputacio/menjador-escolar/menu-del-mes/" target="_blank" rel="noreferrer noopener"><strong>l’apartat de menú del mes dintre de l&#8217;apartat de menjador d&#8217;aquesta web</strong></a>.</p>
<p>Cada mes es publica, igualment, al bloc de l’AFA i es comparteix via Whatsapp de Delegades.</p>
<p>També es penja al taulell d’anuncis a l’entrada de l’escola.</p>
<p><strong>Tinc un problema amb l’espai migdia, a qui m’adreço?</strong></p>
<p>Has de contactar amb la Maria José, coordinadora de Som Valors, l’empresa que gestiona el temps de migdia (<a href="mailto:diputacio@somvalors.com" target="_blank" rel="noopener">diputacio@somvalors.com</a> o 696 921 178), amb còpia a la Gemma, supervisora del centre de l&#8217;entitat Valors <a href="mailto:gjolis@somvalors.com" target="_blank" rel="noopener">gjolis@somvalors.com</a>. Recorda que també pots demanar una reunió presencial o virtual amb la monitora o monitor del teu fill o filla per aquesta via.</p>
<p><strong>A partir de quin dia d’absència es descompta en el rebut de menjador?</strong></p>
<p>Per <strong>malaltia comuna o imprevist</strong>, si es comunica l’absència abans de les 10:00h del matí al (telèfon 696 921 178 o correu diputacio@somvalors.com) es <strong>tornaran 2€/dia</strong> (la part del menú corresponent a l’alimentació), comptant <strong>des del primer dia d’avís</strong>. La devolució es reflecteix al rebut del mes següent.</p>
<p>Per <strong>absències llargues programades</strong>, si es comunica a Som Valors (696 921 178 / diputacio@somvalors.com) abans del dia 20 del mes anterior <strong>no es cobrarà el període no gaudit</strong>.</p>
<p><strong>A qui he d’adreçar-me si he tingut un problema amb el rebut de menjador?</strong></p>
<p>Has de contactar amb Marta Sanchez, responsable del cobrament a les famílies de Som Valors (<a href="mailto:msanchez@somvalors.com">msanchez@somvalors.com</a> / 934 274 734), que és qui se n’ocupa de gestionar els rebuts de menjador.</p>
<p><strong>Cóm puc participar en les portes obertes de menjador?</strong></p>
<p>Periòdicament l’AFA a través de la comissió de menjador convoca sortejos per a poder participar-hi. Estigues atent a les xarxes socials de l’AFA i als missatges que envia la teva delegada.</p>
<p><strong>Com pago el menú si m’ha tocat el sorteig de les portes obertes de menjador?</strong></p>
<p>El cost del dinar (3,30€) s’inclourà en el rebut de menjador d’aquell mes dels vostres fills/es si així ho heu autoritzat. Un cop fet el sorteig, l’import es cobrarà encara que no s’hi hagi pogut assistir.</p>
<p><strong>Què faig si he guanyat el sorteig de les portes obertes de menjador però no puc anar?</strong></p>
<p>Pots passar la teva plaça a un altra mare/pare, el pagament del dinar només es tramitarà a la guanyador/a del sorteig.</p>

<p>Quin model té el menjador?<br />
L’Escola Diputació té implantat des de l’any 2018 un model d’alimentació agroecològic, en el que el 90% del menú està elaborat amb producte ecològic certificat.  El 100% dels productes són frescos i un 75% dels aliments són de proximitat.<br />
A quina hora &hellip;  <a href="https://agora.xtec.cat/ceip-diputacio/menjador-escolar/preguntes-frequents-de-menjador/" title="Read Preguntes Freqüents de Menjador">Llegeix més»</a></p>
