{"id":32,"date":"2014-09-18T12:31:33","date_gmt":"2014-09-18T10:31:33","guid":{"rendered":"http:\/\/agora.xtec.cat\/ceip-cristofor-mestre\/?page_id=32"},"modified":"2022-07-21T15:02:51","modified_gmt":"2022-07-21T13:02:51","slug":"calendari-del-curs","status":"publish","type":"page","link":"https:\/\/agora.xtec.cat\/ceip-cristofor-mestre\/lescola\/calendari-del-curs\/","title":{"rendered":"Instal\u00b7lacions"},"content":{"rendered":"<p><a href=\"http:\/\/agora.xtec.cat\/ceip-cristofor-mestre\/wp-content\/uploads\/usu89\/2014\/09\/fa\u00e7ana-posterior-edifici-principal-003-1.jpg\"><img loading=\"lazy\" decoding=\"async\" class=\"wp-image-685 alignleft\" src=\"http:\/\/agora.xtec.cat\/ceip-cristofor-mestre\/wp-content\/uploads\/usu89\/2014\/09\/fa\u00e7ana-posterior-edifici-principal-003-1.jpg\" alt=\"facana-posterior-edifici-principal-003-1\" width=\"209\" height=\"157\" srcset=\"https:\/\/agora.xtec.cat\/ceip-cristofor-mestre\/wp-content\/uploads\/usu89\/2014\/09\/fa\u00e7ana-posterior-edifici-principal-003-1.jpg 320w, https:\/\/agora.xtec.cat\/ceip-cristofor-mestre\/wp-content\/uploads\/usu89\/2014\/09\/fa\u00e7ana-posterior-edifici-principal-003-1-300x225.jpg 300w, https:\/\/agora.xtec.cat\/ceip-cristofor-mestre\/wp-content\/uploads\/usu89\/2014\/09\/fa\u00e7ana-posterior-edifici-principal-003-1-200x150.jpg 200w\" sizes=\"auto, (max-width: 209px) 100vw, 209px\" \/><\/a><\/p>\n<p>EDIFICI PRINCIPAL:<br \/>\nAules de P3, 1r, 2n, 3r, 4t, 5\u00e8 i 6\u00e8. Despatxos d&#8217;Administraci\u00f3, Direcci\u00f3, sala de professors, consergeria, laboratori, aules d&#8217;inform\u00e0tica, aula de m\u00fasica, aula de psicomotricitat, aula d&#8217;educaci\u00f3 especial, aula polivalent, aula de tutoria, aula de logop\u00e8dia, biblioteca, oficina de l&#8217;AFA, menjador, etc.<\/p>\n<p><a href=\"http:\/\/agora.xtec.cat\/ceip-cristofor-mestre\/wp-content\/uploads\/usu89\/2014\/09\/edifici-P4-P5.jpg\"><img loading=\"lazy\" decoding=\"async\" class=\"wp-image-686 alignleft\" src=\"http:\/\/agora.xtec.cat\/ceip-cristofor-mestre\/wp-content\/uploads\/usu89\/2014\/09\/edifici-P4-P5.jpg\" alt=\"edifici-p4-p5\" width=\"205\" height=\"154\" srcset=\"https:\/\/agora.xtec.cat\/ceip-cristofor-mestre\/wp-content\/uploads\/usu89\/2014\/09\/edifici-P4-P5.jpg 320w, https:\/\/agora.xtec.cat\/ceip-cristofor-mestre\/wp-content\/uploads\/usu89\/2014\/09\/edifici-P4-P5-300x225.jpg 300w, https:\/\/agora.xtec.cat\/ceip-cristofor-mestre\/wp-content\/uploads\/usu89\/2014\/09\/edifici-P4-P5-200x150.jpg 200w\" sizes=\"auto, (max-width: 205px) 100vw, 205px\" \/><\/a>EDIFICI D&#8217;INFANTIL:<br \/>\nAules de P4 i P5, aula de refor\u00e7 i d&#8217;educaci\u00f3 especial d&#8217;infantil.<\/p>\n<p>Aquests dos edificis estan separats per un gran pati que t\u00e9 pistes de futbol i de b\u00e0squet.<\/p>\n","protected":false},"excerpt":{"rendered":"<p>EDIFICI PRINCIPAL: Aules de P3, 1r, 2n, 3r, 4t, 5\u00e8 i 6\u00e8. Despatxos d&#8217;Administraci\u00f3, Direcci\u00f3, sala de professors, consergeria, laboratori, aules d&#8217;inform\u00e0tica, aula de m\u00fasica, aula de psicomotricitat, aula d&#8217;educaci\u00f3 especial, aula polivalent, aula de tutoria, aula de logop\u00e8dia, biblioteca, oficina de l&#8217;AFA, menjador, etc. EDIFICI D&#8217;INFANTIL: Aules de P4 i P5, aula de refor\u00e7 [&hellip;]<\/p>\n","protected":false},"author":1,"featured_media":0,"parent":22,"menu_order":40,"comment_status":"closed","ping_status":"closed","template":"page-templates\/side-menu.php","meta":{"_bbp_topic_count":0,"_bbp_reply_count":0,"_bbp_total_topic_count":0,"_bbp_total_reply_count":0,"_bbp_voice_count":0,"_bbp_anonymous_reply_count":0,"_bbp_topic_count_hidden":0,"_bbp_reply_count_hidden":0,"_bbp_forum_subforum_count":0,"site-sidebar-layout":"default","site-content-layout":"","ast-site-content-layout":"","site-content-style":"default","site-sidebar-style":"default","ast-global-header-display":"","ast-banner-title-visibility":"","ast-main-header-display":"","ast-hfb-above-header-display":"","ast-hfb-below-header-display":"","ast-hfb-mobile-header-display":"","site-post-title":"","ast-breadcrumbs-content":"","ast-featured-img":"","footer-sml-layout":"","theme-transparent-header-meta":"","adv-header-id-meta":"","stick-header-meta":"","header-above-stick-meta":"","header-main-stick-meta":"","header-below-stick-meta":"","astra-migrate-meta-layouts":"default","ast-page-background-enabled":"default","ast-page-background-meta":{"desktop":{"background-color":"var(--ast-global-color-4)","background-image":"","background-repeat":"repeat","background-position":"center center","background-size":"auto","background-attachment":"scroll","background-type":"","background-media":"","overlay-type":"","overlay-color":"","overlay-opacity":"","overlay-gradient":""},"tablet":{"background-color":"","background-image":"","background-repeat":"repeat","background-position":"center center","background-size":"auto","background-attachment":"scroll","background-type":"","background-media":"","overlay-type":"","overlay-color":"","overlay-opacity":"","overlay-gradient":""},"mobile":{"background-color":"","background-image":"","background-repeat":"repeat","background-position":"center center","background-size":"auto","background-attachment":"scroll","background-type":"","background-media":"","overlay-type":"","overlay-color":"","overlay-opacity":"","overlay-gradient":""}},"ast-content-background-meta":{"desktop":{"background-color":"var(--ast-global-color-5)","background-image":"","background-repeat":"repeat","background-position":"center center","background-size":"auto","background-attachment":"scroll","background-type":"","background-media":"","overlay-type":"","overlay-color":"","overlay-opacity":"","overlay-gradient":""},"tablet":{"background-color":"var(--ast-global-color-5)","background-image":"","background-repeat":"repeat","background-position":"center center","background-size":"auto","background-attachment":"scroll","background-type":"","background-media":"","overlay-type":"","overlay-color":"","overlay-opacity":"","overlay-gradient":""},"mobile":{"background-color":"var(--ast-global-color-5)","background-image":"","background-repeat":"repeat","background-position":"center center","background-size":"auto","background-attachment":"scroll","background-type":"","background-media":"","overlay-type":"","overlay-color":"","overlay-opacity":"","overlay-gradient":""}},"footnotes":""},"class_list":["post-32","page","type-page","status-publish","hentry"],"post_mailing_queue_ids":[],"_links":{"self":[{"href":"https:\/\/agora.xtec.cat\/ceip-cristofor-mestre\/wp-json\/wp\/v2\/pages\/32","targetHints":{"allow":["GET"]}}],"collection":[{"href":"https:\/\/agora.xtec.cat\/ceip-cristofor-mestre\/wp-json\/wp\/v2\/pages"}],"about":[{"href":"https:\/\/agora.xtec.cat\/ceip-cristofor-mestre\/wp-json\/wp\/v2\/types\/page"}],"author":[{"embeddable":true,"href":"https:\/\/agora.xtec.cat\/ceip-cristofor-mestre\/wp-json\/wp\/v2\/users\/1"}],"replies":[{"embeddable":true,"href":"https:\/\/agora.xtec.cat\/ceip-cristofor-mestre\/wp-json\/wp\/v2\/comments?post=32"}],"version-history":[{"count":3,"href":"https:\/\/agora.xtec.cat\/ceip-cristofor-mestre\/wp-json\/wp\/v2\/pages\/32\/revisions"}],"predecessor-version":[{"id":5953,"href":"https:\/\/agora.xtec.cat\/ceip-cristofor-mestre\/wp-json\/wp\/v2\/pages\/32\/revisions\/5953"}],"up":[{"embeddable":true,"href":"https:\/\/agora.xtec.cat\/ceip-cristofor-mestre\/wp-json\/wp\/v2\/pages\/22"}],"wp:attachment":[{"href":"https:\/\/agora.xtec.cat\/ceip-cristofor-mestre\/wp-json\/wp\/v2\/media?parent=32"}],"curies":[{"name":"wp","href":"https:\/\/api.w.org\/{rel}","templated":true}]}}