{"id":684,"date":"2016-11-29T11:53:54","date_gmt":"2016-11-29T10:53:54","guid":{"rendered":"http:\/\/agora.xtec.cat\/ceip-cossetania\/?page_id=684"},"modified":"2016-11-29T11:53:54","modified_gmt":"2016-11-29T10:53:54","slug":"llegim-en-parella","status":"publish","type":"page","link":"https:\/\/agora.xtec.cat\/ceip-cossetania\/projecte-educatiu\/llegim-en-parella\/","title":{"rendered":"Llegim en parella"},"content":{"rendered":"<p>El programa\u00a0<em>Llegim en parella\u00a0<\/em>\u00e9s un programa de tutoria entre iguals per a la millora de la compet\u00e8ncia lectora que, a l&#8217;Escola i a casa, duem a terme amb els alumnes de 3r i 5\u00e8.<\/p>\n<p>Aquest programa, impulsat per Grup de Recerca d&#8217;Aprenentatge entre Iguals (GRAI) de l&#8217;Institut de Ci\u00e8ncies de l&#8217;Educaci\u00f3 de la Universitat Aut\u00f2noma de Barcelona (UAB),es basa en la construcci\u00f3 de parelles de lectura on un membre fa de tutor, i apr\u00e9n perqu\u00e8 ensenyar \u00e9s una bona manera d&#8217;aprendre, i un tutorat, que apr\u00e9n perqu\u00e8 t\u00e9 un mestre per ell sol i rep una ajuda ajustada en tot moment.<\/p>\n<p>A l&#8217;escola, la tutoria entre iguals l&#8217;estructurem de manera que un alumne de 5\u00e8 \u00e9s el tutor d&#8217;un alumne de 3r, que s\u00f3n els tutorats.<\/p>\n<p>A casa, el programa \u00e9s converteix en una tutoria familiar que desenvolupa el programa exactament igual que a l&#8217;escola per\u00f2 on la persona adulta fa de tutor i l&#8217;alumne fa de tutorat.<\/p>\n<p>Les sessions de treball estan altament estructurades a partir d&#8217;un gull d&#8217;activitats i un seguit de passos pels quals ha de passar la parella.<\/p>\n<p>Aqu\u00ed us deixem un video que explica el projecte, i per si teniu algun dubte, tamb\u00e9 podeu visitar la p\u00e0gina del <a href=\"http:\/\/grupsderecerca.uab.cat\/grai\/content\/llegim-en-parella-0\">GRAI<\/a>.<br \/>\n<iframe loading=\"lazy\" src=\"https:\/\/www.youtube.com\/embed\/MN-v6ht2Rtc\" width=\"560\" height=\"315\" frameborder=\"0\" allowfullscreen=\"allowfullscreen\"><\/iframe><\/p>\n","protected":false},"excerpt":{"rendered":"<p>El programa\u00a0Llegim en parella\u00a0\u00e9s un programa de tutoria entre iguals per a la millora de la compet\u00e8ncia lectora que, a l&#8217;Escola i a casa, duem a terme amb els alumnes de 3r i 5\u00e8.<br \/>\nAquest programa, impulsat per Grup de Recerca d&#8217;Aprenentatge entre Iguals (GRAI) de&hellip;  <a href=\"https:\/\/agora.xtec.cat\/ceip-cossetania\/projecte-educatiu\/llegim-en-parella\/\" title=\"Read Llegim en parella\">Llegeix m\u00e9s\u00bb<\/a><\/p>\n","protected":false},"author":4,"featured_media":0,"parent":64,"menu_order":0,"comment_status":"closed","ping_status":"closed","template":"","meta":{"_bbp_topic_count":0,"_bbp_reply_count":0,"_bbp_total_topic_count":0,"_bbp_total_reply_count":0,"_bbp_voice_count":0,"_bbp_anonymous_reply_count":0,"_bbp_topic_count_hidden":0,"_bbp_reply_count_hidden":0,"_bbp_forum_subforum_count":0,"footnotes":""},"class_list":["post-684","page","type-page","status-publish","hentry"],"post_mailing_queue_ids":[],"_links":{"self":[{"href":"https:\/\/agora.xtec.cat\/ceip-cossetania\/wp-json\/wp\/v2\/pages\/684","targetHints":{"allow":["GET"]}}],"collection":[{"href":"https:\/\/agora.xtec.cat\/ceip-cossetania\/wp-json\/wp\/v2\/pages"}],"about":[{"href":"https:\/\/agora.xtec.cat\/ceip-cossetania\/wp-json\/wp\/v2\/types\/page"}],"author":[{"embeddable":true,"href":"https:\/\/agora.xtec.cat\/ceip-cossetania\/wp-json\/wp\/v2\/users\/4"}],"replies":[{"embeddable":true,"href":"https:\/\/agora.xtec.cat\/ceip-cossetania\/wp-json\/wp\/v2\/comments?post=684"}],"version-history":[{"count":1,"href":"https:\/\/agora.xtec.cat\/ceip-cossetania\/wp-json\/wp\/v2\/pages\/684\/revisions"}],"predecessor-version":[{"id":685,"href":"https:\/\/agora.xtec.cat\/ceip-cossetania\/wp-json\/wp\/v2\/pages\/684\/revisions\/685"}],"up":[{"embeddable":true,"href":"https:\/\/agora.xtec.cat\/ceip-cossetania\/wp-json\/wp\/v2\/pages\/64"}],"wp:attachment":[{"href":"https:\/\/agora.xtec.cat\/ceip-cossetania\/wp-json\/wp\/v2\/media?parent=684"}],"curies":[{"name":"wp","href":"https:\/\/api.w.org\/{rel}","templated":true}]}}