{"id":4668,"date":"2022-07-27T11:57:27","date_gmt":"2022-07-27T09:57:27","guid":{"rendered":"https:\/\/agora.xtec.cat\/ceip-cossetania\/?page_id=4668"},"modified":"2023-07-12T07:32:53","modified_gmt":"2023-07-12T05:32:53","slug":"treballa-amb-nosaltres","status":"publish","type":"page","link":"https:\/\/agora.xtec.cat\/ceip-cossetania\/lescola\/afa\/treballa-amb-nosaltres\/","title":{"rendered":"Treballa amb nosaltres"},"content":{"rendered":"<p><b>OFERTA DE FEINA: MONITORS\/ES DE FUTBOL PER A L\u2019EQUIP \u201cMARGAT\u00c0NIA\u201d (espai: Escola Cosset\u00e0nia)<\/b><\/p>\n<p><span style=\"font-weight: 400;\">DATA TANCAMENT OFERTA: 18 de setembre de 2023<\/span><\/p>\n<p><span style=\"font-weight: 400;\">TASQUES ESPEC\u00cdFIQUES:<\/span><\/p>\n<ul>\n<li style=\"font-weight: 400;\" aria-checked=\"false\" aria-level=\"1\"><span style=\"font-weight: 400;\">Planificar els entrenaments del grup de refer\u00e8ncia.<\/span><\/li>\n<li style=\"font-weight: 400;\" aria-checked=\"false\" aria-level=\"1\"><span style=\"font-weight: 400;\">Rebre als infants que fan l\u2019activitat, acompanyar-los durant la sessi\u00f3 i vetllar per a que aquests marxin amb les persones autoritzades.\u00a0<\/span><\/li>\n<li style=\"font-weight: 400;\" aria-checked=\"false\" aria-level=\"1\"><span style=\"font-weight: 400;\">Transmetre els valors propis del Margat\u00e0nia i del centre educatiu.<\/span><\/li>\n<li style=\"font-weight: 400;\" aria-checked=\"false\" aria-level=\"1\"><span style=\"font-weight: 400;\">Fer el seguiment d\u2019assist\u00e8ncia de cada infant.\u00a0<\/span><\/li>\n<li style=\"font-weight: 400;\" aria-checked=\"false\" aria-level=\"1\"><span style=\"font-weight: 400;\">Treballar en equip, junt amb la resta d\u2019entrenadors, amb les tasques que siguin comunes.<\/span><\/li>\n<li style=\"font-weight: 400;\" aria-checked=\"false\" aria-level=\"1\"><span style=\"font-weight: 400;\">Comunicaci\u00f3 amb les fam\u00edlies (convocat\u00f2ries de partits, aspectes organitzatius,&#8230;).<\/span><\/li>\n<li style=\"font-weight: 400;\" aria-checked=\"false\" aria-level=\"1\"><span style=\"font-weight: 400;\">Vetllar pel correcte compliment d\u2019horaris i torns, tenint en compte les necessitats dels infants.<\/span><\/li>\n<li style=\"font-weight: 400;\" aria-checked=\"false\" aria-level=\"1\"><span style=\"font-weight: 400;\">Acompanyar a l\u2019equip al partit corresponent del cap de setmana (dissabte al mat\u00ed).<\/span><\/li>\n<li style=\"font-weight: 400;\" aria-checked=\"false\" aria-level=\"1\"><span style=\"font-weight: 400;\">Requisits a tenir en compte:<\/span>\n<ul>\n<li style=\"font-weight: 400;\" aria-checked=\"false\" aria-level=\"2\"><span style=\"font-weight: 400;\">nivell de catal\u00e0 C1<\/span><\/li>\n<li style=\"font-weight: 400;\" aria-checked=\"false\" aria-level=\"2\"><span style=\"font-weight: 400;\">carnet de monitor\/a de lleure infantil i juvenil<\/span><\/li>\n<li style=\"font-weight: 400;\" aria-checked=\"false\" aria-level=\"2\"><span style=\"font-weight: 400;\">una certa experi\u00e8ncia en l\u2019activitat f\u00edsica amb infants, especialment en futbol.\u00a0<\/span><\/li>\n<li style=\"font-weight: 400;\" aria-checked=\"false\" aria-level=\"2\"><span style=\"font-weight: 400;\">es valorar\u00e0 si el candidat o la candidata ha format part del Margat\u00e0nia pr\u00e8viament.\u00a0<\/span><\/li>\n<\/ul>\n<\/li>\n<\/ul>\n<p><span style=\"font-weight: 400;\">NOMBRE DE VACANTS: 2<\/span><\/p>\n<p><span style=\"font-weight: 400;\">DATA D\u2019INCORPORACI\u00d3: 2 d\u2019octubre<\/span><\/p>\n<p><span style=\"font-weight: 400;\">HORARI: dues tardes a la setmana a concretar de 17 a 18:30h i partits de dissabte durant 1:30h\u00a0a partir de novembre (no acostuma a haver-hi els dissabtes de pont).\u00a0<\/span><\/p>\n<p><span style=\"font-weight: 400;\">CONTRACTE: fixe discontinu<\/span><\/p>\n<p><span style=\"font-weight: 400;\">SALARI: segons conveni<\/span><\/p>\n<p><span style=\"font-weight: 400;\">CONTACTE: afa@escolacossetania.cat<\/span><\/p>\n","protected":false},"excerpt":{"rendered":"<p>OFERTA DE FEINA: MONITORS\/ES DE FUTBOL PER A L\u2019EQUIP \u201cMARGAT\u00c0NIA\u201d (espai: Escola Cosset\u00e0nia)<br \/>\nDATA TANCAMENT OFERTA: 18 de setembre de 2023<br \/>\nTASQUES ESPEC\u00cdFIQUES:<\/p>\n<ul>\n<li style=\"font-weight: 400;\" aria-checked=\"false\" aria-level=\"1\">Planificar els entrenaments del grup de refer\u00e8ncia.<\/li>\n<li style=\"font-weight: 400;\" aria-checked=\"false\" aria-level=\"1\">Rebre als infants que fan l\u2019activitat, acompanyar-los durant la sessi\u00f3 i&hellip;  <a href=\"https:\/\/agora.xtec.cat\/ceip-cossetania\/lescola\/afa\/treballa-amb-nosaltres\/\" title=\"Read Treballa amb nosaltres\">Llegeix m\u00e9s\u00bb<\/a><br \/>\n","protected":false},"author":8,"featured_media":0,"parent":857,"menu_order":1,"comment_status":"closed","ping_status":"closed","template":"page-templates\/side-menu.php","meta":{"_bbp_topic_count":0,"_bbp_reply_count":0,"_bbp_total_topic_count":0,"_bbp_total_reply_count":0,"_bbp_voice_count":0,"_bbp_anonymous_reply_count":0,"_bbp_topic_count_hidden":0,"_bbp_reply_count_hidden":0,"_bbp_forum_subforum_count":0,"footnotes":""},"class_list":["post-4668","page","type-page","status-publish","hentry"],"post_mailing_queue_ids":[],"_links":{"self":[{"href":"https:\/\/agora.xtec.cat\/ceip-cossetania\/wp-json\/wp\/v2\/pages\/4668","targetHints":{"allow":["GET"]}}],"collection":[{"href":"https:\/\/agora.xtec.cat\/ceip-cossetania\/wp-json\/wp\/v2\/pages"}],"about":[{"href":"https:\/\/agora.xtec.cat\/ceip-cossetania\/wp-json\/wp\/v2\/types\/page"}],"author":[{"embeddable":true,"href":"https:\/\/agora.xtec.cat\/ceip-cossetania\/wp-json\/wp\/v2\/users\/8"}],"replies":[{"embeddable":true,"href":"https:\/\/agora.xtec.cat\/ceip-cossetania\/wp-json\/wp\/v2\/comments?post=4668"}],"version-history":[{"count":4,"href":"https:\/\/agora.xtec.cat\/ceip-cossetania\/wp-json\/wp\/v2\/pages\/4668\/revisions"}],"predecessor-version":[{"id":5307,"href":"https:\/\/agora.xtec.cat\/ceip-cossetania\/wp-json\/wp\/v2\/pages\/4668\/revisions\/5307"}],"up":[{"embeddable":true,"href":"https:\/\/agora.xtec.cat\/ceip-cossetania\/wp-json\/wp\/v2\/pages\/857"}],"wp:attachment":[{"href":"https:\/\/agora.xtec.cat\/ceip-cossetania\/wp-json\/wp\/v2\/media?parent=4668"}],"curies":[{"name":"wp","href":"https:\/\/api.w.org\/{rel}","templated":true}]}}