{"id":64,"date":"2014-09-18T12:39:08","date_gmt":"2014-09-18T11:39:08","guid":{"rendered":"http:\/\/agora.xtec.cat\/ceip-colldegossem\/?page_id=64"},"modified":"2019-03-19T17:55:39","modified_gmt":"2019-03-19T16:55:39","slug":"projecte-educatiu","status":"publish","type":"page","link":"https:\/\/agora.xtec.cat\/ceip-colldegossem\/projecte-educatiu\/","title":{"rendered":"PROJECTE EDUCATIU"},"content":{"rendered":"<p>&nbsp;<\/p>\n<p>El Projecte Educatiu de l&#8217;escola Coll de Gossem \u00e9s un document compartit amb les escoles de Maians i l&#8217;escola Les Passeres de Castellol\u00ed. Les tres escoles formem la ZER Tres Branques ( Zona Escolar Rural ) de la qual formem part des del curs 15-16.<\/p>\n<p><a href=\"https:\/\/agora.xtec.cat\/ceip-colldegossem\/wp-content\/uploads\/usu1301\/bp-attachments\/825\/PEZ-ZER-bloc.pdf\">Enlla\u00e7 al Projecte educatiu.<\/a><\/p>\n<p><a href=\"https:\/\/agora.xtec.cat\/ceip-colldegossem\/wp-content\/uploads\/usu1301\/2019\/03\/NOF-12_compressed.pdf\">Enlla\u00e7 a les NOF ( Normes d&#8217;organitzaci\u00f3 i funcionament de la ZER).<\/a><\/p>\n<p><a href=\"https:\/\/agora.xtec.cat\/ceip-colldegossem\/wp-content\/uploads\/usu1301\/2019\/03\/PROJECTE-LING\u00dc\u00cdSTIC-ZER-TRES-BRANQUES.pdf\">Enlla\u00e7 al Projecte Ling\u00fc\u00edstic.<\/a><\/p>\n<p>&nbsp;<\/p>\n","protected":false},"excerpt":{"rendered":"<p>&nbsp;<br \/>\nEl Projecte Educatiu de l&#8217;escola Coll de Gossem \u00e9s un document compartit amb les escoles de Maians i l&#8217;escola Les Passeres de Castellol\u00ed. Les tres escoles formem la ZER Tres Branques ( Zona Escolar Rural ) de la qual formem part des del curs 15-16.<br \/>\n<a&hellip;  <a href=\"https:\/\/agora.xtec.cat\/ceip-colldegossem\/projecte-educatiu\/\" title=\"Read PROJECTE EDUCATIU\">Llegeix m\u00e9s\u00bb<\/a><\/p>\n","protected":false},"author":1,"featured_media":0,"parent":0,"menu_order":0,"comment_status":"closed","ping_status":"closed","template":"page-templates\/side-menu.php","meta":{"_bbp_topic_count":0,"_bbp_reply_count":0,"_bbp_total_topic_count":0,"_bbp_total_reply_count":0,"_bbp_voice_count":0,"_bbp_anonymous_reply_count":0,"_bbp_topic_count_hidden":0,"_bbp_reply_count_hidden":0,"_bbp_forum_subforum_count":0,"footnotes":""},"class_list":["post-64","page","type-page","status-publish","hentry"],"post_mailing_queue_ids":[],"_links":{"self":[{"href":"https:\/\/agora.xtec.cat\/ceip-colldegossem\/wp-json\/wp\/v2\/pages\/64","targetHints":{"allow":["GET"]}}],"collection":[{"href":"https:\/\/agora.xtec.cat\/ceip-colldegossem\/wp-json\/wp\/v2\/pages"}],"about":[{"href":"https:\/\/agora.xtec.cat\/ceip-colldegossem\/wp-json\/wp\/v2\/types\/page"}],"author":[{"embeddable":true,"href":"https:\/\/agora.xtec.cat\/ceip-colldegossem\/wp-json\/wp\/v2\/users\/1"}],"replies":[{"embeddable":true,"href":"https:\/\/agora.xtec.cat\/ceip-colldegossem\/wp-json\/wp\/v2\/comments?post=64"}],"version-history":[{"count":3,"href":"https:\/\/agora.xtec.cat\/ceip-colldegossem\/wp-json\/wp\/v2\/pages\/64\/revisions"}],"predecessor-version":[{"id":847,"href":"https:\/\/agora.xtec.cat\/ceip-colldegossem\/wp-json\/wp\/v2\/pages\/64\/revisions\/847"}],"wp:attachment":[{"href":"https:\/\/agora.xtec.cat\/ceip-colldegossem\/wp-json\/wp\/v2\/media?parent=64"}],"curies":[{"name":"wp","href":"https:\/\/api.w.org\/{rel}","templated":true}]}}