{"id":26,"date":"2025-01-10T13:15:37","date_gmt":"2025-01-10T12:15:37","guid":{"rendered":"http:\/\/agora.xtec.cat\/ceip-collaso\/\/?page_id=26"},"modified":"2025-03-21T15:12:44","modified_gmt":"2025-03-21T14:12:44","slug":"historia","status":"publish","type":"page","link":"https:\/\/agora.xtec.cat\/ceip-collaso\/https-agora-xtec-cat-ceip-collaso-lescola-10977-2\/historia\/","title":{"rendered":"Hist\u00f2ria"},"content":{"rendered":"<p><a href=\"https:\/\/get.google.com\/albumarchive\/105406451550277893156\/album\/AF1QipOiYpnf1e2QIf16uM5aufYPqAgb7sUqNHXHu9aR\" target=\"_blank\" rel=\"noopener\"><img loading=\"lazy\" decoding=\"async\" class=\"alignleft wp-image-2725\" src=\"http:\/\/agora.xtec.cat\/ceip-collaso\/wp-content\/uploads\/usu505\/2014\/09\/1_122497_122165-150x150.jpg\" alt=\"1_122497_122165\" width=\"138\" height=\"138\" \/><\/a><\/p>\n<p>La construcci\u00f3 de l&#8217;escola es va iniciar l&#8217;any 1932 a partir del disseny de l&#8217;arquitecte Josep Goday i va ser inaugurada el 20 d&#8217;octubre de 1935 a l&#8217;actual barri del Raval de Ciutat Vella, <span style=\"font-family: inherit; font-size: 1em;\">gr\u00e0cies al llegat del pol\u00edtic i alcalde de Barcelona Josep Collaso i Gil, del qual rep el nom.<\/span><\/p>\n<p>Aqu\u00ed teniu un v\u00eddeo del que narra la hist\u00f2ria del primer director de l&#8217;escola Collaso i Gil; Llu\u00eds Alabart.<\/p>\n<div class=\"ast-oembed-container \" style=\"height: 100%;\"><iframe loading=\"lazy\" title=\"alabart\" width=\"500\" height=\"375\" src=\"https:\/\/www.youtube.com\/embed\/N6NT0V2EoM4?feature=oembed\" frameborder=\"0\" allow=\"accelerometer; autoplay; clipboard-write; encrypted-media; gyroscope; picture-in-picture; web-share\" referrerpolicy=\"strict-origin-when-cross-origin\" allowfullscreen><\/iframe><\/div>\n<p>L&#8217;a<img loading=\"lazy\" decoding=\"async\" class=\"alignleft\" src=\"http:\/\/agora.xtec.cat\/ceip-collaso\/wp-content\/uploads\/usu505\/2014\/09\/petites1-78x300.jpg\" alt=\"petites1\" width=\"87\" height=\"334\" \/><span style=\"font-family: inherit; font-size: 1em;\">n<\/span><span style=\"font-family: inherit; font-size: 1em;\">y <\/span><span style=\"font-family: inherit; font-size: 1em;\">2010 vam celebrar el 75\u00e8 aniversari de l&#8217;escola. Clicant a la imatge del cartell podreu accedir al bloc i podreu veure tots els actes que es van fer, aix\u00ed com les diferents intervencions d&#8217;exalumnes i alumnes actuals.<\/span><\/p>\n<p>Tamb\u00e9 t<span style=\"font-family: inherit; font-size: 1em;\">eniu un v\u00eddeo que explica l&#8217;origen de l&#8217;escola a l&#8217;\u00e8poca de la Rep\u00fablica, mostra com era capdavantera en aquell moment, i teniu<\/span><span style=\"color: #3366ff;\"><strong> <a style=\"color: #3366ff;\" href=\"http:\/\/eduwiki.cat\/index.php\/Collaso_i_Gil,_Josep\" target=\"_blank\" rel=\"noopener\">l&#8217;enlla\u00e7 a l&#8217;eduwiki on els nens i nenes de Cicle Superior expliquen qui va ser en Josep Collaso i Gil<\/a>.\u00a0<\/strong><\/span><\/p>\n<p>Actualment, \u00e9s una escola p\u00fablica de m\u00e0xima complexitat (CMC), dependent del Departament d\u2019Educaci\u00f3 de la Generalitat de Catalunya.<\/p>\n<p style=\"text-align: center;\"><strong><span style=\"color: #ffcc00;\">Ensenyaments<\/span><\/strong><\/p>\n<p><span style=\"color: #333333;\">Som una escola de dues l\u00ednies (dos grups classe per nivell) que oferim ensenyaments d&#8217;Educaci\u00f3 Infantil (3-6anys) i Prim\u00e0ria (6-12 anys).<\/span><\/p>\n<p><span style=\"color: #333333;\">El nostre institut de refer\u00e8ncia \u00e9s l&#8217;INS Mil\u00e0 i Fontanals.\u00a0<\/span><\/p>\n","protected":false},"excerpt":{"rendered":"<p>La construcci\u00f3 de l&#8217;escola es va iniciar l&#8217;any 1932 a partir del disseny de l&#8217;arquitecte Josep Goday i va ser [&hellip;]<\/p>\n","protected":false},"author":2,"featured_media":0,"parent":22,"menu_order":20,"comment_status":"closed","ping_status":"closed","template":"","meta":{"_bbp_topic_count":0,"_bbp_reply_count":0,"_bbp_total_topic_count":0,"_bbp_total_reply_count":0,"_bbp_voice_count":0,"_bbp_anonymous_reply_count":0,"_bbp_topic_count_hidden":0,"_bbp_reply_count_hidden":0,"_bbp_forum_subforum_count":0,"site-sidebar-layout":"default","site-content-layout":"","ast-site-content-layout":"default","site-content-style":"default","site-sidebar-style":"default","ast-global-header-display":"","ast-banner-title-visibility":"","ast-main-header-display":"","ast-hfb-above-header-display":"","ast-hfb-below-header-display":"","ast-hfb-mobile-header-display":"","site-post-title":"","ast-breadcrumbs-content":"","ast-featured-img":"","footer-sml-layout":"","theme-transparent-header-meta":"","adv-header-id-meta":"","stick-header-meta":"","header-above-stick-meta":"","header-main-stick-meta":"","header-below-stick-meta":"","astra-migrate-meta-layouts":"set","ast-page-background-enabled":"default","ast-page-background-meta":{"desktop":{"background-color":"var(--ast-global-color-4)","background-image":"","background-repeat":"repeat","background-position":"center center","background-size":"auto","background-attachment":"scroll","background-type":"","background-media":"","overlay-type":"","overlay-color":"","overlay-opacity":"","overlay-gradient":""},"tablet":{"background-color":"","background-image":"","background-repeat":"repeat","background-position":"center center","background-size":"auto","background-attachment":"scroll","background-type":"","background-media":"","overlay-type":"","overlay-color":"","overlay-opacity":"","overlay-gradient":""},"mobile":{"background-color":"","background-image":"","background-repeat":"repeat","background-position":"center center","background-size":"auto","background-attachment":"scroll","background-type":"","background-media":"","overlay-type":"","overlay-color":"","overlay-opacity":"","overlay-gradient":""}},"ast-content-background-meta":{"desktop":{"background-color":"var(--ast-global-color-5)","background-image":"","background-repeat":"repeat","background-position":"center center","background-size":"auto","background-attachment":"scroll","background-type":"","background-media":"","overlay-type":"","overlay-color":"","overlay-opacity":"","overlay-gradient":""},"tablet":{"background-color":"var(--ast-global-color-5)","background-image":"","background-repeat":"repeat","background-position":"center center","background-size":"auto","background-attachment":"scroll","background-type":"","background-media":"","overlay-type":"","overlay-color":"","overlay-opacity":"","overlay-gradient":""},"mobile":{"background-color":"var(--ast-global-color-5)","background-image":"","background-repeat":"repeat","background-position":"center center","background-size":"auto","background-attachment":"scroll","background-type":"","background-media":"","overlay-type":"","overlay-color":"","overlay-opacity":"","overlay-gradient":""}},"footnotes":""},"class_list":["post-26","page","type-page","status-publish","hentry"],"post_mailing_queue_ids":[],"_links":{"self":[{"href":"https:\/\/agora.xtec.cat\/ceip-collaso\/wp-json\/wp\/v2\/pages\/26","targetHints":{"allow":["GET"]}}],"collection":[{"href":"https:\/\/agora.xtec.cat\/ceip-collaso\/wp-json\/wp\/v2\/pages"}],"about":[{"href":"https:\/\/agora.xtec.cat\/ceip-collaso\/wp-json\/wp\/v2\/types\/page"}],"author":[{"embeddable":true,"href":"https:\/\/agora.xtec.cat\/ceip-collaso\/wp-json\/wp\/v2\/users\/2"}],"replies":[{"embeddable":true,"href":"https:\/\/agora.xtec.cat\/ceip-collaso\/wp-json\/wp\/v2\/comments?post=26"}],"version-history":[{"count":6,"href":"https:\/\/agora.xtec.cat\/ceip-collaso\/wp-json\/wp\/v2\/pages\/26\/revisions"}],"predecessor-version":[{"id":11058,"href":"https:\/\/agora.xtec.cat\/ceip-collaso\/wp-json\/wp\/v2\/pages\/26\/revisions\/11058"}],"up":[{"embeddable":true,"href":"https:\/\/agora.xtec.cat\/ceip-collaso\/wp-json\/wp\/v2\/pages\/22"}],"wp:attachment":[{"href":"https:\/\/agora.xtec.cat\/ceip-collaso\/wp-json\/wp\/v2\/media?parent=26"}],"curies":[{"name":"wp","href":"https:\/\/api.w.org\/{rel}","templated":true}]}}