{"id":10555,"date":"2025-02-11T12:27:50","date_gmt":"2025-02-11T11:27:50","guid":{"rendered":"https:\/\/agora.xtec.cat\/ceip-collaso\/?page_id=10555"},"modified":"2026-02-23T13:28:22","modified_gmt":"2026-02-23T12:28:22","slug":"art","status":"publish","type":"page","link":"https:\/\/agora.xtec.cat\/ceip-collaso\/blocs__trashed\/art\/","title":{"rendered":"Art"},"content":{"rendered":"\n<p>A l&#8217;Escola Collaso i Gil, l&#8217;assignatura d&#8217;Art \u00e9s essencial per a l&#8217;expressi\u00f3 creativa dels nostres alumnes de prim\u00e0ria. Mitjan\u00e7ant diverses t\u00e8cniques com la pintura, el dibuix i el modelatge, els estudiants tenen l&#8217;oportunitat de desenvolupar la seva imaginaci\u00f3 i aprendre sobre diferents formes d&#8217;art.<\/p>\n\n\n\n<p>Durant el primer trimestre, els alumnes de 6\u00e8 van tenir l&#8217;oportunitat d&#8217;experimentar amb l&#8217;art de manera especial, realitzant una pintada al mural del pati amb l&#8217;ajuda d&#8217;un artista professional. Aquesta experi\u00e8ncia va ser una manera fant\u00e0stica de connectar els alumnes amb l&#8217;art p\u00fablic i de treballar junts en un projecte creatiu que forma part del nostre entorn escolar.<\/p>\n\n\n\n<p>Aquesta assignatura no nom\u00e9s fomenta la creativitat i l&#8217;expressi\u00f3 personal, sin\u00f3 que tamb\u00e9 contribueix al desenvolupament de la capacitat cr\u00edtica i la comprensi\u00f3 de la hist\u00f2ria de l&#8217;art. A l&#8217;Escola Collaso i Gil, estem conven\u00e7uts que l&#8217;Art \u00e9s una eina essencial per enriquir la formaci\u00f3 dels nostres alumnes, estimulant el seu pensament visual i art\u00edstic.<\/p>\n\n\n\n<figure class=\"wp-block-image size-large\"><a href=\"https:\/\/agora.xtec.cat\/ceip-collaso\/wp-content\/uploads\/usu505\/2025\/02\/WhatsApp-Image-2025-02-21-at-13.32.43.jpeg\"><img loading=\"lazy\" decoding=\"async\" width=\"768\" height=\"1024\" src=\"https:\/\/agora.xtec.cat\/ceip-collaso\/wp-content\/uploads\/usu505\/2025\/02\/WhatsApp-Image-2025-02-21-at-13.32.43-768x1024.jpeg\" alt=\"\" class=\"wp-image-10837\" srcset=\"https:\/\/agora.xtec.cat\/ceip-collaso\/wp-content\/uploads\/usu505\/2025\/02\/WhatsApp-Image-2025-02-21-at-13.32.43-768x1024.jpeg 768w, https:\/\/agora.xtec.cat\/ceip-collaso\/wp-content\/uploads\/usu505\/2025\/02\/WhatsApp-Image-2025-02-21-at-13.32.43-225x300.jpeg 225w, https:\/\/agora.xtec.cat\/ceip-collaso\/wp-content\/uploads\/usu505\/2025\/02\/WhatsApp-Image-2025-02-21-at-13.32.43-1152x1536.jpeg 1152w, https:\/\/agora.xtec.cat\/ceip-collaso\/wp-content\/uploads\/usu505\/2025\/02\/WhatsApp-Image-2025-02-21-at-13.32.43.jpeg 1536w\" sizes=\"auto, (max-width: 768px) 100vw, 768px\" \/><\/a><\/figure>\n","protected":false},"excerpt":{"rendered":"<p>A l&#8217;Escola Collaso i Gil, l&#8217;assignatura d&#8217;Art \u00e9s essencial per a l&#8217;expressi\u00f3 creativa dels nostres alumnes de prim\u00e0ria. Mitjan\u00e7ant diverses [&hellip;]<\/p>\n","protected":false},"author":1,"featured_media":0,"parent":10571,"menu_order":0,"comment_status":"closed","ping_status":"closed","template":"","meta":{"_bbp_topic_count":0,"_bbp_reply_count":0,"_bbp_total_topic_count":0,"_bbp_total_reply_count":0,"_bbp_voice_count":0,"_bbp_anonymous_reply_count":0,"_bbp_topic_count_hidden":0,"_bbp_reply_count_hidden":0,"_bbp_forum_subforum_count":0,"site-sidebar-layout":"default","site-content-layout":"","ast-site-content-layout":"default","site-content-style":"default","site-sidebar-style":"default","ast-global-header-display":"","ast-banner-title-visibility":"","ast-main-header-display":"","ast-hfb-above-header-display":"","ast-hfb-below-header-display":"","ast-hfb-mobile-header-display":"","site-post-title":"","ast-breadcrumbs-content":"","ast-featured-img":"","footer-sml-layout":"","theme-transparent-header-meta":"","adv-header-id-meta":"","stick-header-meta":"","header-above-stick-meta":"","header-main-stick-meta":"","header-below-stick-meta":"","astra-migrate-meta-layouts":"set","ast-page-background-enabled":"default","ast-page-background-meta":{"desktop":{"background-color":"var(--ast-global-color-4)","background-image":"","background-repeat":"repeat","background-position":"center center","background-size":"auto","background-attachment":"scroll","background-type":"","background-media":"","overlay-type":"","overlay-color":"","overlay-opacity":"","overlay-gradient":""},"tablet":{"background-color":"","background-image":"","background-repeat":"repeat","background-position":"center center","background-size":"auto","background-attachment":"scroll","background-type":"","background-media":"","overlay-type":"","overlay-color":"","overlay-opacity":"","overlay-gradient":""},"mobile":{"background-color":"","background-image":"","background-repeat":"repeat","background-position":"center center","background-size":"auto","background-attachment":"scroll","background-type":"","background-media":"","overlay-type":"","overlay-color":"","overlay-opacity":"","overlay-gradient":""}},"ast-content-background-meta":{"desktop":{"background-color":"var(--ast-global-color-5)","background-image":"","background-repeat":"repeat","background-position":"center center","background-size":"auto","background-attachment":"scroll","background-type":"","background-media":"","overlay-type":"","overlay-color":"","overlay-opacity":"","overlay-gradient":""},"tablet":{"background-color":"var(--ast-global-color-5)","background-image":"","background-repeat":"repeat","background-position":"center center","background-size":"auto","background-attachment":"scroll","background-type":"","background-media":"","overlay-type":"","overlay-color":"","overlay-opacity":"","overlay-gradient":""},"mobile":{"background-color":"var(--ast-global-color-5)","background-image":"","background-repeat":"repeat","background-position":"center center","background-size":"auto","background-attachment":"scroll","background-type":"","background-media":"","overlay-type":"","overlay-color":"","overlay-opacity":"","overlay-gradient":""}},"footnotes":""},"class_list":["post-10555","page","type-page","status-publish","hentry"],"post_mailing_queue_ids":[],"_links":{"self":[{"href":"https:\/\/agora.xtec.cat\/ceip-collaso\/wp-json\/wp\/v2\/pages\/10555","targetHints":{"allow":["GET"]}}],"collection":[{"href":"https:\/\/agora.xtec.cat\/ceip-collaso\/wp-json\/wp\/v2\/pages"}],"about":[{"href":"https:\/\/agora.xtec.cat\/ceip-collaso\/wp-json\/wp\/v2\/types\/page"}],"author":[{"embeddable":true,"href":"https:\/\/agora.xtec.cat\/ceip-collaso\/wp-json\/wp\/v2\/users\/1"}],"replies":[{"embeddable":true,"href":"https:\/\/agora.xtec.cat\/ceip-collaso\/wp-json\/wp\/v2\/comments?post=10555"}],"version-history":[{"count":3,"href":"https:\/\/agora.xtec.cat\/ceip-collaso\/wp-json\/wp\/v2\/pages\/10555\/revisions"}],"predecessor-version":[{"id":10838,"href":"https:\/\/agora.xtec.cat\/ceip-collaso\/wp-json\/wp\/v2\/pages\/10555\/revisions\/10838"}],"up":[{"embeddable":true,"href":"https:\/\/agora.xtec.cat\/ceip-collaso\/wp-json\/wp\/v2\/pages\/10571"}],"wp:attachment":[{"href":"https:\/\/agora.xtec.cat\/ceip-collaso\/wp-json\/wp\/v2\/media?parent=10555"}],"curies":[{"name":"wp","href":"https:\/\/api.w.org\/{rel}","templated":true}]}}