{"id":34,"date":"2014-09-18T12:32:18","date_gmt":"2014-09-18T11:32:18","guid":{"rendered":"http:\/\/agora.xtec.cat\/ceip-ciutat-cooperativa\/?page_id=34"},"modified":"2022-01-31T12:41:39","modified_gmt":"2022-01-31T11:41:39","slug":"oferta-educativa","status":"publish","type":"page","link":"https:\/\/agora.xtec.cat\/ceip-ciutat-cooperativa\/lescola\/oferta-educativa\/","title":{"rendered":"Oferta educativa"},"content":{"rendered":"<p>L&#8217;<span style=\"color: #617cbd;\"><strong>escola Ciutat Cooperativa<\/strong><\/span> \u00e9s un centre educatiu p\u00fablic d&#8217;una l\u00ednia que ofereix classes a infants des de <strong>P3<\/strong> fins a <strong>6\u00e8<\/strong> de prim\u00e0ria.<\/p>\n<p><span style=\"color: #ea5a59;\"><strong>INFANTIL<\/strong><\/span><\/p>\n<ul>\n<li>Ambients<\/li>\n<li>Tallers <em>(contes, experiments i cuina)<\/em><\/li>\n<li>Psicomotricitat<\/li>\n<li>Angl\u00e8s des de P4<\/li>\n<\/ul>\n<p><span style=\"color: #ea5a59;\"><strong>PRIM\u00c0RIA\u00a0<\/strong><\/span><\/p>\n<ul>\n<li>Matem\u00e0tiques manipulatives<\/li>\n<li>Escacs<\/li>\n<li>Tallers art\u00edstics<\/li>\n<li>&#8220;Reporters de la &#8220;Coope&#8221;<\/li>\n<li>&#8220;R\u00e0dio Cole Coope!&#8221;<\/li>\n<li>&#8220;Science&#8221; (Cicle inicial)<\/li>\n<\/ul>\n<p><span style=\"color: #ea5a59;\"><strong>INFANTIL I PRIM\u00c0RIA<\/strong><\/span><\/p>\n<ul>\n<li>Padrins lectors<\/li>\n<li>Inform\u00e0tica &#8211; Cultura digital<\/li>\n<li>Projecte de l&#8217;hort<\/li>\n<\/ul>\n","protected":false},"excerpt":{"rendered":"<p>L&#8217;escola Ciutat Cooperativa \u00e9s un centre educatiu p\u00fablic d&#8217;una l\u00ednia que ofereix classes a infants des de P3 fins a 6\u00e8 de prim\u00e0ria. INFANTIL Ambients Tallers (contes, experiments i cuina) Psicomotricitat Angl\u00e8s des de P4 PRIM\u00c0RIA\u00a0 Matem\u00e0tiques manipulatives Escacs Tallers art\u00edstics &#8220;Reporters de la &#8220;Coope&#8221; &#8220;R\u00e0dio Cole Coope!&#8221; &#8220;Science&#8221; (Cicle inicial) INFANTIL I PRIM\u00c0RIA Padrins [&hellip;]<\/p>\n","protected":false},"author":1,"featured_media":0,"parent":22,"menu_order":60,"comment_status":"closed","ping_status":"closed","template":"page-templates\/side-menu.php","meta":{"_bbp_topic_count":0,"_bbp_reply_count":0,"_bbp_total_topic_count":0,"_bbp_total_reply_count":0,"_bbp_voice_count":0,"_bbp_anonymous_reply_count":0,"_bbp_topic_count_hidden":0,"_bbp_reply_count_hidden":0,"_bbp_forum_subforum_count":0,"site-sidebar-layout":"default","site-content-layout":"","ast-site-content-layout":"","site-content-style":"default","site-sidebar-style":"default","ast-global-header-display":"","ast-banner-title-visibility":"","ast-main-header-display":"","ast-hfb-above-header-display":"","ast-hfb-below-header-display":"","ast-hfb-mobile-header-display":"","site-post-title":"","ast-breadcrumbs-content":"","ast-featured-img":"","footer-sml-layout":"","theme-transparent-header-meta":"","adv-header-id-meta":"","stick-header-meta":"","header-above-stick-meta":"","header-main-stick-meta":"","header-below-stick-meta":"","astra-migrate-meta-layouts":"default","ast-page-background-enabled":"default","ast-page-background-meta":{"desktop":{"background-color":"var(--ast-global-color-4)","background-image":"","background-repeat":"repeat","background-position":"center center","background-size":"auto","background-attachment":"scroll","background-type":"","background-media":"","overlay-type":"","overlay-color":"","overlay-opacity":"","overlay-gradient":""},"tablet":{"background-color":"","background-image":"","background-repeat":"repeat","background-position":"center center","background-size":"auto","background-attachment":"scroll","background-type":"","background-media":"","overlay-type":"","overlay-color":"","overlay-opacity":"","overlay-gradient":""},"mobile":{"background-color":"","background-image":"","background-repeat":"repeat","background-position":"center center","background-size":"auto","background-attachment":"scroll","background-type":"","background-media":"","overlay-type":"","overlay-color":"","overlay-opacity":"","overlay-gradient":""}},"ast-content-background-meta":{"desktop":{"background-color":"var(--ast-global-color-5)","background-image":"","background-repeat":"repeat","background-position":"center center","background-size":"auto","background-attachment":"scroll","background-type":"","background-media":"","overlay-type":"","overlay-color":"","overlay-opacity":"","overlay-gradient":""},"tablet":{"background-color":"var(--ast-global-color-5)","background-image":"","background-repeat":"repeat","background-position":"center center","background-size":"auto","background-attachment":"scroll","background-type":"","background-media":"","overlay-type":"","overlay-color":"","overlay-opacity":"","overlay-gradient":""},"mobile":{"background-color":"var(--ast-global-color-5)","background-image":"","background-repeat":"repeat","background-position":"center center","background-size":"auto","background-attachment":"scroll","background-type":"","background-media":"","overlay-type":"","overlay-color":"","overlay-opacity":"","overlay-gradient":""}},"footnotes":""},"class_list":["post-34","page","type-page","status-publish","hentry"],"post_mailing_queue_ids":[],"_links":{"self":[{"href":"https:\/\/agora.xtec.cat\/ceip-ciutat-cooperativa\/wp-json\/wp\/v2\/pages\/34","targetHints":{"allow":["GET"]}}],"collection":[{"href":"https:\/\/agora.xtec.cat\/ceip-ciutat-cooperativa\/wp-json\/wp\/v2\/pages"}],"about":[{"href":"https:\/\/agora.xtec.cat\/ceip-ciutat-cooperativa\/wp-json\/wp\/v2\/types\/page"}],"author":[{"embeddable":true,"href":"https:\/\/agora.xtec.cat\/ceip-ciutat-cooperativa\/wp-json\/wp\/v2\/users\/1"}],"replies":[{"embeddable":true,"href":"https:\/\/agora.xtec.cat\/ceip-ciutat-cooperativa\/wp-json\/wp\/v2\/comments?post=34"}],"version-history":[{"count":3,"href":"https:\/\/agora.xtec.cat\/ceip-ciutat-cooperativa\/wp-json\/wp\/v2\/pages\/34\/revisions"}],"predecessor-version":[{"id":16540,"href":"https:\/\/agora.xtec.cat\/ceip-ciutat-cooperativa\/wp-json\/wp\/v2\/pages\/34\/revisions\/16540"}],"up":[{"embeddable":true,"href":"https:\/\/agora.xtec.cat\/ceip-ciutat-cooperativa\/wp-json\/wp\/v2\/pages\/22"}],"wp:attachment":[{"href":"https:\/\/agora.xtec.cat\/ceip-ciutat-cooperativa\/wp-json\/wp\/v2\/media?parent=34"}],"curies":[{"name":"wp","href":"https:\/\/api.w.org\/{rel}","templated":true}]}}