{"id":28,"date":"2014-09-18T12:29:35","date_gmt":"2014-09-18T11:29:35","guid":{"rendered":"http:\/\/agora.xtec.cat\/ceip-ciutat-cooperativa\/?page_id=28"},"modified":"2026-01-26T11:06:41","modified_gmt":"2026-01-26T10:06:41","slug":"consell-escolar","status":"publish","type":"page","link":"https:\/\/agora.xtec.cat\/ceip-ciutat-cooperativa\/lescola\/consell-escolar\/","title":{"rendered":"Consell escolar"},"content":{"rendered":"<div class=\"sites-layout-tile sites-tile-name-header\">\n<div dir=\"ltr\">\n<h2 style=\"text-align: center;\"><span style=\"color: #617cbd;\">CONSELL ESCOLAR<\/span><\/h2>\n<table style=\"height: 528px; width: 42.3047%; border-color: #000000; background-color: #f5faf9;\" width=\"42.3047%\">\n<tbody>\n<tr style=\"height: 31px;\">\n<td style=\"width: 569px; text-align: center; height: 31px;\" colspan=\"2\"><span style=\"font-size: 14pt;\"><strong><span style=\"background-color: #ffcc00;\">Consell de centre<\/span><\/strong><\/span><\/td>\n<\/tr>\n<tr style=\"height: 31px;\">\n<td style=\"width: 283px; height: 31px;\"><span style=\"color: #ffffff;\"><strong><span style=\"background-color: #ea5a59;\">Presidenta<\/span><\/strong><\/span><\/td>\n<td style=\"width: 284px; height: 31px;\">Esther Prieto<\/td>\n<\/tr>\n<tr style=\"height: 31px;\">\n<td style=\"width: 283px; height: 31px;\"><span style=\"color: #ffffff;\"><strong><span style=\"background-color: #ea5a59;\">Cap d&#8217;estudis<\/span><\/strong><\/span><\/td>\n<td style=\"width: 284px; height: 31px;\">Irene P\u00e9rez<\/td>\n<\/tr>\n<tr style=\"height: 31px;\">\n<td style=\"width: 283px; height: 31px;\"><span style=\"color: #ffffff;\"><strong><span style=\"background-color: #ea5a59;\">Secret\u00e0ria<\/span><\/strong><\/span><\/td>\n<td style=\"width: 284px; height: 31px;\">Mireia Parra<\/td>\n<\/tr>\n<tr style=\"height: 31px;\">\n<td style=\"width: 283px; height: 187px;\" rowspan=\"6\"><span style=\"color: #ffffff;\"><strong><span style=\"background-color: #ea5a59;\">Equip docent<\/span><\/strong><\/span><\/td>\n<td style=\"width: 284px; height: 31px;\">Laia Mart\u00ednez<\/td>\n<\/tr>\n<tr style=\"height: 31px;\">\n<td style=\"width: 284px; height: 31px;\">Merc\u00e8 Elvira<\/td>\n<\/tr>\n<tr style=\"height: 31px;\">\n<td style=\"width: 284px; height: 31px;\">Tania Martelo<\/td>\n<\/tr>\n<tr style=\"height: 31px;\">\n<td style=\"width: 284px; height: 31px;\">Vicenta Navarro<\/td>\n<\/tr>\n<tr style=\"height: 32px;\">\n<td style=\"width: 284px; height: 32px;\">Mireia Senserrich<\/td>\n<\/tr>\n<tr style=\"height: 31px;\">\n<td style=\"width: 284px; height: 31px;\">Rafa Otaduy<\/td>\n<\/tr>\n<tr style=\"height: 31px;\">\n<td style=\"width: 283px; height: 124px;\" rowspan=\"4\"><span style=\"color: #ffffff;\"><strong><span style=\"background-color: #ea5a59;\">Fam\u00edlies<\/span><\/strong><\/span><\/td>\n<td style=\"width: 284px; height: 31px;\"><span style=\"font-weight: 400;\">Antonia Vizuete<\/span><\/td>\n<\/tr>\n<tr style=\"height: 31px;\">\n<td style=\"width: 284px; height: 31px;\">Isabel Guti\u00e9rrez<\/td>\n<\/tr>\n<tr style=\"height: 31px;\">\n<td style=\"width: 284px; height: 31px;\"><span style=\"font-weight: 400;\">M\u00f3nica Mart\u00ednez<\/span><\/td>\n<\/tr>\n<tr style=\"height: 31px;\">\n<td style=\"width: 284px; height: 31px;\"><span style=\"font-weight: 400;\">Halima Boukil<\/span><\/td>\n<\/tr>\n<tr style=\"height: 31px;\">\n<td style=\"width: 283px; height: 31px;\"><span style=\"color: #ffffff;\"><strong><span style=\"background-color: #ea5a59;\">Representant de l&#8217;AMPA<\/span><\/strong><\/span><\/td>\n<td style=\"width: 284px; height: 31px;\"><span style=\"font-weight: 400;\">Diego M. L\u00f3pez<\/span><\/td>\n<\/tr>\n<tr style=\"height: 31px;\">\n<td style=\"width: 283px; height: 31px;\"><span style=\"color: #ffffff;\"><strong><span style=\"background-color: #ea5a59;\">Representant ajuntament<\/span><\/strong><\/span><\/td>\n<td style=\"width: 284px; height: 31px;\">Javier L\u00f3pez<\/td>\n<\/tr>\n<tr style=\"height: 31px;\">\n<td style=\"width: 283px; height: 31px;\"><span style=\"color: #ffffff;\"><strong><span style=\"background-color: #ea5a59;\">Representant PAS<\/span><\/strong><\/span><\/td>\n<td style=\"width: 284px; height: 31px;\">Juanfran Garc\u00eda<\/td>\n<\/tr>\n<\/tbody>\n<\/table>\n<p><span style=\"font-family: arial, sans-serif; font-size: 18pt;\"><b>Corresponen al consell escolar les funcions seg\u00fcents:<\/b><\/span><\/p>\n<\/div>\n<\/div>\n<div>\n<ol>\n<li><span lang=\"CA\">Participar en l&#8217;aprovaci\u00f3 del projecte educatiu i les seves modificacions. El consell escolar ha de ser consultat pel director de manera preceptiva per valorar la proposta del projecte educatiu i manifestar el seu suport amb una majoria de les tres cinquenes parts dels membres.<\/span><\/li>\n<li><span lang=\"CA\">Participar en l&#8217;aprovaci\u00f3 de la programaci\u00f3 general anual, de les normes de funcionament i de la gesti\u00f3 econ\u00f2mica del centre. El consell escolar ha de ser consultat de manera preceptiva per valorar cada una de les propostes i manifestar el seu suport per majoria simple dels membres.<\/span><\/li>\n<li><span lang=\"CA\">Avaluar l&#8217;aplicaci\u00f3 del projecte educatiu i de les seves modificacions aix\u00ed com de la resta de documents de gesti\u00f3 del centre.<\/span><\/li>\n<li><span lang=\"CA\">Aprovar les propostes d&#8217;acords de corresponsabilitat, convenis i altres acords de col\u00b7laboraci\u00f3 del centre amb entitats i institucions.<\/span><\/li>\n<li><span lang=\"CA\">Intervenir en el procediment d&#8217;admissi\u00f3 d&#8217;alumnes.<\/span><\/li>\n<li><span lang=\"CA\">Participar en el procediment de selecci\u00f3 i en la proposta de cessament del director o directora.<\/span><\/li>\n<li><span lang=\"CA\">Intervenir en la resoluci\u00f3 dels conflictes i, si escau, revisar les sancions als alumnes.<\/span><\/li>\n<li><span lang=\"CA\">Aprovar les directrius per a la programaci\u00f3 d&#8217;activitats escolars complement\u00e0ries i d&#8217;activitats extraescolars, i avaluar-ne el desenvolupament.<\/span><\/li>\n<li><span lang=\"CA\">Participar en les an\u00e0lisis i les avaluacions del funcionament general del centre i con\u00e8ixer l&#8217;evoluci\u00f3 del rendiment escolar.<\/span><\/li>\n<li><span lang=\"CA\">Aprovar els criteris de col\u00b7laboraci\u00f3 amb altres centres i amb l&#8217;entorn.<\/span><\/li>\n<li><span lang=\"CA\">Qualsevol altre que li sigui atribu\u00efda per les normes legals o reglament\u00e0ries.<\/span><\/li>\n<\/ol>\n<p><strong><span style=\"font-family: arial, helvetica, sans-serif; font-size: 18pt;\">Actes i acords del Consell escolar:<\/span><\/strong><\/p>\n<p>En aquest enlla\u00e7 teniu els punts tractats al Consell escolar (pendent d&#8217;actualitzar): <a href=\"https:\/\/agora.xtec.cat\/ceip-ciutat-cooperativa\/wp-content\/uploads\/usu936\/2024\/04\/RESUM-PUNTS-TRACTATS-CONSELL-ESCOLAR.pdf\">RESUM PUNTS TRACTATS CONSELL ESCOLAR<\/a><\/p>\n<\/div>\n","protected":false},"excerpt":{"rendered":"<p>CONSELL ESCOLAR Consell de centre Presidenta Esther Prieto Cap d&#8217;estudis Irene P\u00e9rez Secret\u00e0ria Mireia Parra Equip docent Laia Mart\u00ednez Merc\u00e8 Elvira Tania Martelo Vicenta Navarro Mireia Senserrich Rafa Otaduy Fam\u00edlies Antonia Vizuete Isabel Guti\u00e9rrez M\u00f3nica Mart\u00ednez Halima Boukil Representant de l&#8217;AMPA Diego M. L\u00f3pez Representant ajuntament Javier L\u00f3pez Representant PAS Juanfran Garc\u00eda Corresponen al consell [&hellip;]<\/p>\n","protected":false},"author":1,"featured_media":0,"parent":22,"menu_order":30,"comment_status":"closed","ping_status":"closed","template":"","meta":{"_bbp_topic_count":0,"_bbp_reply_count":0,"_bbp_total_topic_count":0,"_bbp_total_reply_count":0,"_bbp_voice_count":0,"_bbp_anonymous_reply_count":0,"_bbp_topic_count_hidden":0,"_bbp_reply_count_hidden":0,"_bbp_forum_subforum_count":0,"site-sidebar-layout":"default","site-content-layout":"","ast-site-content-layout":"default","site-content-style":"default","site-sidebar-style":"default","ast-global-header-display":"","ast-banner-title-visibility":"","ast-main-header-display":"","ast-hfb-above-header-display":"","ast-hfb-below-header-display":"","ast-hfb-mobile-header-display":"","site-post-title":"","ast-breadcrumbs-content":"","ast-featured-img":"","footer-sml-layout":"","theme-transparent-header-meta":"","adv-header-id-meta":"","stick-header-meta":"","header-above-stick-meta":"","header-main-stick-meta":"","header-below-stick-meta":"","astra-migrate-meta-layouts":"set","ast-page-background-enabled":"default","ast-page-background-meta":{"desktop":{"background-color":"var(--ast-global-color-4)","background-image":"","background-repeat":"repeat","background-position":"center center","background-size":"auto","background-attachment":"scroll","background-type":"","background-media":"","overlay-type":"","overlay-color":"","overlay-opacity":"","overlay-gradient":""},"tablet":{"background-color":"","background-image":"","background-repeat":"repeat","background-position":"center center","background-size":"auto","background-attachment":"scroll","background-type":"","background-media":"","overlay-type":"","overlay-color":"","overlay-opacity":"","overlay-gradient":""},"mobile":{"background-color":"","background-image":"","background-repeat":"repeat","background-position":"center center","background-size":"auto","background-attachment":"scroll","background-type":"","background-media":"","overlay-type":"","overlay-color":"","overlay-opacity":"","overlay-gradient":""}},"ast-content-background-meta":{"desktop":{"background-color":"var(--ast-global-color-5)","background-image":"","background-repeat":"repeat","background-position":"center center","background-size":"auto","background-attachment":"scroll","background-type":"","background-media":"","overlay-type":"","overlay-color":"","overlay-opacity":"","overlay-gradient":""},"tablet":{"background-color":"var(--ast-global-color-5)","background-image":"","background-repeat":"repeat","background-position":"center center","background-size":"auto","background-attachment":"scroll","background-type":"","background-media":"","overlay-type":"","overlay-color":"","overlay-opacity":"","overlay-gradient":""},"mobile":{"background-color":"var(--ast-global-color-5)","background-image":"","background-repeat":"repeat","background-position":"center center","background-size":"auto","background-attachment":"scroll","background-type":"","background-media":"","overlay-type":"","overlay-color":"","overlay-opacity":"","overlay-gradient":""}},"footnotes":""},"class_list":["post-28","page","type-page","status-publish","hentry"],"post_mailing_queue_ids":[],"_links":{"self":[{"href":"https:\/\/agora.xtec.cat\/ceip-ciutat-cooperativa\/wp-json\/wp\/v2\/pages\/28","targetHints":{"allow":["GET"]}}],"collection":[{"href":"https:\/\/agora.xtec.cat\/ceip-ciutat-cooperativa\/wp-json\/wp\/v2\/pages"}],"about":[{"href":"https:\/\/agora.xtec.cat\/ceip-ciutat-cooperativa\/wp-json\/wp\/v2\/types\/page"}],"author":[{"embeddable":true,"href":"https:\/\/agora.xtec.cat\/ceip-ciutat-cooperativa\/wp-json\/wp\/v2\/users\/1"}],"replies":[{"embeddable":true,"href":"https:\/\/agora.xtec.cat\/ceip-ciutat-cooperativa\/wp-json\/wp\/v2\/comments?post=28"}],"version-history":[{"count":6,"href":"https:\/\/agora.xtec.cat\/ceip-ciutat-cooperativa\/wp-json\/wp\/v2\/pages\/28\/revisions"}],"predecessor-version":[{"id":19740,"href":"https:\/\/agora.xtec.cat\/ceip-ciutat-cooperativa\/wp-json\/wp\/v2\/pages\/28\/revisions\/19740"}],"up":[{"embeddable":true,"href":"https:\/\/agora.xtec.cat\/ceip-ciutat-cooperativa\/wp-json\/wp\/v2\/pages\/22"}],"wp:attachment":[{"href":"https:\/\/agora.xtec.cat\/ceip-ciutat-cooperativa\/wp-json\/wp\/v2\/media?parent=28"}],"curies":[{"name":"wp","href":"https:\/\/api.w.org\/{rel}","templated":true}]}}