{"id":14988,"date":"2021-01-18T16:39:14","date_gmt":"2021-01-18T15:39:14","guid":{"rendered":"http:\/\/agora.xtec.cat\/ceip-ciutat-cooperativa\/?page_id=14988"},"modified":"2026-02-11T15:25:55","modified_gmt":"2026-02-11T14:25:55","slug":"preinscripcio-i-matricula-curs-2021-2022","status":"publish","type":"page","link":"https:\/\/agora.xtec.cat\/ceip-ciutat-cooperativa\/preinscripcio-i-matricula-curs-2021-2022\/","title":{"rendered":"Preinscripci\u00f3 i matr\u00edcula Curs 2026 -2027"},"content":{"rendered":"<p><span style=\"color: #617cbd;\"><strong><span style=\"font-size: 18pt;\">CALENDARI<\/span><\/strong><\/span><\/p>\n<p><strong>Les portes obertes<\/strong> de l&#8217;escola Ciutat Cooperativa seran <strong>el 24 de febrer<\/strong> en dos torns:<\/p>\n<ul>\n<li><em>Torn mat\u00ed<\/em> a les 9:15h.<\/li>\n<li><em>Torn tarda<\/em> a les 15:15h.<\/li>\n<\/ul>\n<p>La preinscripci\u00f3 ser\u00e0 del 4 de mar\u00e7 al 18 de mar\u00e7 del 2026.<\/p>\n<p>\u00a0<\/p>\n<p><span style=\"color: #617cbd;\"><strong><span style=\"font-size: 18pt;\">DOCUMENTS QUE CAL TENIR PRESENTS PER A LA PREINSCRIPCI\u00d3 I LA MATRICUALCI\u00d3<\/span><\/strong><\/span><\/p>\n<ul>\n<li>Sol\u00b7licitud de preinscripci\u00f3<\/li>\n<li>Original i fotoc\u00f2pia del DNI del pare i la mare o tutors<\/li>\n<li>Original i fotoc\u00f2pia del llibre de fam\u00edlia<\/li>\n<li>Original i fotoc\u00f2pia del certificat de conviv\u00e8ncia (padr\u00f3)<\/li>\n<li>Original i fotoc\u00f2pia del carnet de fam\u00edlia nombrosa o monoparental vigent<\/li>\n<li>Original i fotoc\u00f2pia del\u00a0 certificat de discapacitat de l\u2019alumne\/a, pare, mare o germans que al\u00b7leguin discapacitat del 33% o m\u00e9s em\u00e8s pel Departament de Benestar Social i Fam\u00edlia<\/li>\n<li>Si a efectes de puntuaci\u00f3 s\u2019opta pel domicili laboral cal presentar c\u00f2pia del contracte laboral o un certificat em\u00e8s per l\u2019empresa.<\/li>\n<li>Si \u00e9s el cas, altra documentaci\u00f3 que calgui presentar per tal d\u2019obtenir la puntuaci\u00f3 corresponent (carnet de fam\u00edlia nombrosa o monoparental, justificant cobrament PIRMI, certificat de discapacitat igual o superior al 33% -alumne\/a, pare, mare, germans\/es-).<\/li>\n<\/ul>\n<p><span style=\"font-size: 18pt; color: #617cbd;\"><strong>CRITERIS DE PRIORITAT<\/strong><\/span><\/p>\n<p><strong>Criteris de prioritat i barem per al 2n cicle d&#8217;educaci\u00f3 infantil, l&#8217;educaci\u00f3 prim\u00e0ria, l&#8217;ESO i batxillerat<\/strong>:<\/p>\n<p style=\"text-align: center;\"><a href=\"https:\/\/agora.xtec.cat\/ceip-ciutat-cooperativa\/wp-content\/uploads\/usu936\/2024\/02\/Criteris-de-prioritat-2024_page-0001.jpg\"><img loading=\"lazy\" decoding=\"async\" class=\"alignnone size-large wp-image-18726\" src=\"https:\/\/agora.xtec.cat\/ceip-ciutat-cooperativa\/wp-content\/uploads\/usu936\/2024\/02\/Criteris-de-prioritat-2024_page-0001-724x1024.jpg\" alt=\"\" width=\"724\" height=\"1024\" srcset=\"https:\/\/agora.xtec.cat\/ceip-ciutat-cooperativa\/wp-content\/uploads\/usu936\/2024\/02\/Criteris-de-prioritat-2024_page-0001-724x1024.jpg 724w, https:\/\/agora.xtec.cat\/ceip-ciutat-cooperativa\/wp-content\/uploads\/usu936\/2024\/02\/Criteris-de-prioritat-2024_page-0001-212x300.jpg 212w, https:\/\/agora.xtec.cat\/ceip-ciutat-cooperativa\/wp-content\/uploads\/usu936\/2024\/02\/Criteris-de-prioritat-2024_page-0001-768x1086.jpg 768w, https:\/\/agora.xtec.cat\/ceip-ciutat-cooperativa\/wp-content\/uploads\/usu936\/2024\/02\/Criteris-de-prioritat-2024_page-0001-1086x1536.jpg 1086w, https:\/\/agora.xtec.cat\/ceip-ciutat-cooperativa\/wp-content\/uploads\/usu936\/2024\/02\/Criteris-de-prioritat-2024_page-0001.jpg 1241w\" sizes=\"auto, (max-width: 724px) 100vw, 724px\" \/><\/a><\/p>\n<p>Aqu\u00ed us compartim nova informaci\u00f3 que ens arriba des de l&#8217;ajuntament de Sant Boi de Llobregat!<\/p>\n<p><a href=\"https:\/\/agora.xtec.cat\/ceip-ciutat-cooperativa\/wp-content\/uploads\/usu936\/2024\/02\/Mapa-zones-escolars.jpg\"><img loading=\"lazy\" decoding=\"async\" class=\"size-large wp-image-18700 aligncenter\" src=\"https:\/\/agora.xtec.cat\/ceip-ciutat-cooperativa\/wp-content\/uploads\/usu936\/2024\/02\/Mapa-zones-escolars-1024x490.jpg\" alt=\"\" width=\"1024\" height=\"490\" srcset=\"https:\/\/agora.xtec.cat\/ceip-ciutat-cooperativa\/wp-content\/uploads\/usu936\/2024\/02\/Mapa-zones-escolars-1024x490.jpg 1024w, https:\/\/agora.xtec.cat\/ceip-ciutat-cooperativa\/wp-content\/uploads\/usu936\/2024\/02\/Mapa-zones-escolars-300x144.jpg 300w, https:\/\/agora.xtec.cat\/ceip-ciutat-cooperativa\/wp-content\/uploads\/usu936\/2024\/02\/Mapa-zones-escolars-768x368.jpg 768w, https:\/\/agora.xtec.cat\/ceip-ciutat-cooperativa\/wp-content\/uploads\/usu936\/2024\/02\/Mapa-zones-escolars.jpg 1499w\" sizes=\"auto, (max-width: 1024px) 100vw, 1024px\" \/><\/a><\/p>\n<p>Per m\u00e9s informaci\u00f3: <a href=\"https:\/\/preinscripcio.gencat.cat\/ca\/inici\/\">https:\/\/preinscripcio.gencat.cat\/ca\/inici\/<\/a><\/p>\n<p><span class=\"negreta\">Oficina Municipal d\u2019Escolaritzaci\u00f3 <span style=\"color: #000000;\"><a style=\"color: #000000;\" href=\"http:\/\/www.santboi.cat\/PaginesW.nsf\/Web%5CPlanes\/9EF24CEEA3771F77C12576940037A1F0?OpenDocument&amp;Clau=OME&amp;Idioma=ca&amp;Seu=N\"><strong>OME<\/strong>,<\/a><\/span><\/span><br \/>Horari d\u2019atenci\u00f3 al ciutad\u00e0: de <strong>9 a 15 h<\/strong> (tel. <strong>690 75 60 89<\/strong>)<\/p>\n<p>Salutacions,<\/p>\n<p>Escola Ciutat Cooperativa<\/p>\n\n\n<figure class=\"wp-block-image size-large\"><a href=\"https:\/\/agora.xtec.cat\/ceip-ciutat-cooperativa\/wp-content\/uploads\/usu936\/2026\/02\/Dates-importants-preinscripcio-i-matricula-2025-2026.pdf.jpg\"><img loading=\"lazy\" decoding=\"async\" width=\"724\" height=\"1024\" src=\"https:\/\/agora.xtec.cat\/ceip-ciutat-cooperativa\/wp-content\/uploads\/usu936\/2026\/02\/Dates-importants-preinscripcio-i-matricula-2025-2026.pdf-724x1024.jpg\" alt=\"\" class=\"wp-image-19853\" srcset=\"https:\/\/agora.xtec.cat\/ceip-ciutat-cooperativa\/wp-content\/uploads\/usu936\/2026\/02\/Dates-importants-preinscripcio-i-matricula-2025-2026.pdf-724x1024.jpg 724w, https:\/\/agora.xtec.cat\/ceip-ciutat-cooperativa\/wp-content\/uploads\/usu936\/2026\/02\/Dates-importants-preinscripcio-i-matricula-2025-2026.pdf-212x300.jpg 212w, https:\/\/agora.xtec.cat\/ceip-ciutat-cooperativa\/wp-content\/uploads\/usu936\/2026\/02\/Dates-importants-preinscripcio-i-matricula-2025-2026.pdf-768x1086.jpg 768w, https:\/\/agora.xtec.cat\/ceip-ciutat-cooperativa\/wp-content\/uploads\/usu936\/2026\/02\/Dates-importants-preinscripcio-i-matricula-2025-2026.pdf-1086x1536.jpg 1086w, https:\/\/agora.xtec.cat\/ceip-ciutat-cooperativa\/wp-content\/uploads\/usu936\/2026\/02\/Dates-importants-preinscripcio-i-matricula-2025-2026.pdf.jpg 1414w\" sizes=\"auto, (max-width: 724px) 100vw, 724px\" \/><\/a><\/figure>\n","protected":false},"excerpt":{"rendered":"<p>CALENDARI Les portes obertes de l&#8217;escola Ciutat Cooperativa seran el 24 de febrer en dos torns: Torn mat\u00ed a les 9:15h. Torn tarda a les 15:15h. La preinscripci\u00f3 ser\u00e0 del 4 de mar\u00e7 al 18 de mar\u00e7 del 2026. \u00a0 DOCUMENTS QUE CAL TENIR PRESENTS PER A LA PREINSCRIPCI\u00d3 I LA MATRICUALCI\u00d3 Sol\u00b7licitud de preinscripci\u00f3 [&hellip;]<\/p>\n","protected":false},"author":1,"featured_media":0,"parent":0,"menu_order":0,"comment_status":"closed","ping_status":"closed","template":"","meta":{"_bbp_topic_count":0,"_bbp_reply_count":0,"_bbp_total_topic_count":0,"_bbp_total_reply_count":0,"_bbp_voice_count":0,"_bbp_anonymous_reply_count":0,"_bbp_topic_count_hidden":0,"_bbp_reply_count_hidden":0,"_bbp_forum_subforum_count":0,"site-sidebar-layout":"default","site-content-layout":"","ast-site-content-layout":"default","site-content-style":"default","site-sidebar-style":"default","ast-global-header-display":"","ast-banner-title-visibility":"","ast-main-header-display":"","ast-hfb-above-header-display":"","ast-hfb-below-header-display":"","ast-hfb-mobile-header-display":"","site-post-title":"","ast-breadcrumbs-content":"","ast-featured-img":"","footer-sml-layout":"","theme-transparent-header-meta":"","adv-header-id-meta":"","stick-header-meta":"","header-above-stick-meta":"","header-main-stick-meta":"","header-below-stick-meta":"","astra-migrate-meta-layouts":"set","ast-page-background-enabled":"default","ast-page-background-meta":{"desktop":{"background-color":"var(--ast-global-color-4)","background-image":"","background-repeat":"repeat","background-position":"center center","background-size":"auto","background-attachment":"scroll","background-type":"","background-media":"","overlay-type":"","overlay-color":"","overlay-opacity":"","overlay-gradient":""},"tablet":{"background-color":"","background-image":"","background-repeat":"repeat","background-position":"center center","background-size":"auto","background-attachment":"scroll","background-type":"","background-media":"","overlay-type":"","overlay-color":"","overlay-opacity":"","overlay-gradient":""},"mobile":{"background-color":"","background-image":"","background-repeat":"repeat","background-position":"center center","background-size":"auto","background-attachment":"scroll","background-type":"","background-media":"","overlay-type":"","overlay-color":"","overlay-opacity":"","overlay-gradient":""}},"ast-content-background-meta":{"desktop":{"background-color":"var(--ast-global-color-5)","background-image":"","background-repeat":"repeat","background-position":"center center","background-size":"auto","background-attachment":"scroll","background-type":"","background-media":"","overlay-type":"","overlay-color":"","overlay-opacity":"","overlay-gradient":""},"tablet":{"background-color":"var(--ast-global-color-5)","background-image":"","background-repeat":"repeat","background-position":"center center","background-size":"auto","background-attachment":"scroll","background-type":"","background-media":"","overlay-type":"","overlay-color":"","overlay-opacity":"","overlay-gradient":""},"mobile":{"background-color":"var(--ast-global-color-5)","background-image":"","background-repeat":"repeat","background-position":"center center","background-size":"auto","background-attachment":"scroll","background-type":"","background-media":"","overlay-type":"","overlay-color":"","overlay-opacity":"","overlay-gradient":""}},"footnotes":""},"class_list":["post-14988","page","type-page","status-publish","hentry"],"post_mailing_queue_ids":[],"_links":{"self":[{"href":"https:\/\/agora.xtec.cat\/ceip-ciutat-cooperativa\/wp-json\/wp\/v2\/pages\/14988","targetHints":{"allow":["GET"]}}],"collection":[{"href":"https:\/\/agora.xtec.cat\/ceip-ciutat-cooperativa\/wp-json\/wp\/v2\/pages"}],"about":[{"href":"https:\/\/agora.xtec.cat\/ceip-ciutat-cooperativa\/wp-json\/wp\/v2\/types\/page"}],"author":[{"embeddable":true,"href":"https:\/\/agora.xtec.cat\/ceip-ciutat-cooperativa\/wp-json\/wp\/v2\/users\/1"}],"replies":[{"embeddable":true,"href":"https:\/\/agora.xtec.cat\/ceip-ciutat-cooperativa\/wp-json\/wp\/v2\/comments?post=14988"}],"version-history":[{"count":5,"href":"https:\/\/agora.xtec.cat\/ceip-ciutat-cooperativa\/wp-json\/wp\/v2\/pages\/14988\/revisions"}],"predecessor-version":[{"id":19854,"href":"https:\/\/agora.xtec.cat\/ceip-ciutat-cooperativa\/wp-json\/wp\/v2\/pages\/14988\/revisions\/19854"}],"wp:attachment":[{"href":"https:\/\/agora.xtec.cat\/ceip-ciutat-cooperativa\/wp-json\/wp\/v2\/media?parent=14988"}],"curies":[{"name":"wp","href":"https:\/\/api.w.org\/{rel}","templated":true}]}}