{"id":73,"date":"2014-09-18T14:01:51","date_gmt":"2014-09-18T13:01:51","guid":{"rendered":"http:\/\/agora.xtec.cat\/ceip-circell\/?page_id=73"},"modified":"2025-09-14T12:02:30","modified_gmt":"2025-09-14T10:02:30","slug":"menjador-escolar","status":"publish","type":"page","link":"https:\/\/agora.xtec.cat\/ceip-circell\/serveis\/menjador-escolar\/","title":{"rendered":"Menjador"},"content":{"rendered":"<h5>El servei<\/h5>\n<p>El menjador\u00a0 forma part l\u2019educaci\u00f3 dels alumnes de l\u2019escola, \u00e9s un servei complementari amb car\u00e0cter social i educatiu.<\/p>\n<p>Tenim cuina pr\u00f2pia, i un equip de monitors i monitores que treballen cada dia per oferir un espai educatiu complementari a les hores de doc\u00e8ncia.<\/p>\n<p>Es treballa perqu\u00e8 els i les alumnes adquireixin unes normes espec\u00edfiques de comportament, uns bons h\u00e0bits d\u2019alimentaci\u00f3 i higiene i h\u00e0bits respectuosos amb el medi ambient.<\/p>\n<p>Es regeix pels mateixos criteris pedag\u00f2gics que la resta de l\u2019escola, contemplats en el Projecte Educatiu i a la vegada per les Normes.<\/p>\n<p>Es fa seus els valors i principis de l\u2019escola, de manera que esdev\u00e9 promotor dels objectius d\u2019Escola Verda des de diferents vessants: promociona l\u2019alimentaci\u00f3 ecol\u00f2gica, els bons h\u00e0bits alimentaris i els bons h\u00e0bits de respecte al mediambient.<\/p>\n<p>El servei de menjador de l\u2019escola\u00a0 el gestiona l\u2019AMPA, que \u00e9s qui t\u00e9 contractada l&#8217;empresa CAMPOS ESTELA<br \/>\nLa comissi\u00f3 de menjador formada per: un\/a representant de l\u2019AMPA, un\/a representant de l\u2019empresa contractada, el coordinador\/a de menjador, la secret\u00e0ria del centre ila presidenta del Consell Escolar es reuneixen peri\u00f2dicament i vetllen el bon funcionament.<\/p>\n<p>A la <a href=\"https:\/\/sites.google.com\/view\/ampaescolacircell\/inici\">web<\/a> de l&#8217;AMPA trobareu m\u00e9s informaci\u00f3.<\/p>\n<h5>Informaci\u00f3 del servei<\/h5>\n<p>Iniciem el curs 23-24 amb la gesti\u00f3 del menjador per part de Campos Estela. Si voleu con\u00e9ixer una mica m\u00e9s sobre ells podeu clicar <a href=\"https:\/\/camposestela.com\/\">aqu\u00ed<\/a>.<\/p>\n<p>Clicant en aquest <a href=\"https:\/\/drive.google.com\/file\/d\/1iKhjnILvZYqwqV6DjVyyPReAyAo_vrGD\/view?usp=sharing\" target=\"_blank\" rel=\"noopener\">enlla\u00e7<\/a>, trobareu tota la informaci\u00f3 sobre la normativa del servei, preus i contactes.<\/p>\n<h5>Reglament del servei de menjador i Pla de funcionament<\/h5>\n<p>Aquest curs, juntament amb la nova empresa (Campos Estela) farem la revisi\u00f3 de tots dos documents. Tant aviat com els tinguem els penjarem a la web<\/p>\n<h5>Alta Servei menjador<\/h5>\n<p>En aquest <a href=\"https:\/\/camposestela.com\/instruccions-per-donar-se-dalta-a-lapp-del-menjador- escolar\/?et_fb=1&amp;PageSpeed=off\">link<\/a> en us expliquem com descarregar-vos l\u2019APP i donar d\u2019alta els vostres fill@s.<\/p>\n<p>Si durant el proc\u00e9s teniu qualsevol entrebanc, us demanem que envieu un correu a<br \/>\napp@camposestela.com i us contactarem el m\u00e9s aviat possible.<\/p>\n<h5>Preus<\/h5>\n<p>Preu fixe: 7.54\u20ac<br \/>\nPreu espor\u00e0dic (avisa el dia que es queda): 8.29 \u20ac<\/p>\n<h5>Men\u00fa mensual<\/h5>\n<p>A l&#8217;aplicatiu que l&#8217;empresa disposa per la gesti\u00f3 dels usuaris podeu consultar el men\u00fa cada mes.<\/p>\n<h5>Informaci\u00f3 de contacte<\/h5>\n<p>Menjador<br \/>\n692 914 930 (Eug\u00e8nia)<br \/>\nmenjador.circell<span class=\"\">@camposestela.com<\/span><\/p>\n<p>Oficina<br \/>\n93 674 50 16 (Emma)<br \/>\nrebuts@camposestela.com<\/p>\n<p>&nbsp;<\/p>\n<p>&nbsp;<\/p>\n<p>&nbsp;<\/p>\n<p>&nbsp;<\/p>\n<p>&nbsp;<\/p>\n","protected":false},"excerpt":{"rendered":"<p>El servei<br \/>\nEl menjador\u00a0 forma part l\u2019educaci\u00f3 dels alumnes de l\u2019escola, \u00e9s un servei complementari amb car\u00e0cter social i educatiu.<br \/>\nTenim cuina pr\u00f2pia, i un equip de monitors i monitores que treballen cada dia per oferir un espai educatiu complementari a les hores de doc\u00e8ncia.<br \/>\nEs treballa perqu\u00e8&hellip;  <a href=\"https:\/\/agora.xtec.cat\/ceip-circell\/serveis\/menjador-escolar\/\" title=\"Read Menjador\">Llegeix m\u00e9s\u00bb<\/a><\/p>\n","protected":false},"author":1,"featured_media":0,"parent":66,"menu_order":30,"comment_status":"closed","ping_status":"closed","template":"page-templates\/side-menu.php","meta":{"_bbp_topic_count":0,"_bbp_reply_count":0,"_bbp_total_topic_count":0,"_bbp_total_reply_count":0,"_bbp_voice_count":0,"_bbp_anonymous_reply_count":0,"_bbp_topic_count_hidden":0,"_bbp_reply_count_hidden":0,"_bbp_forum_subforum_count":0,"footnotes":""},"class_list":["post-73","page","type-page","status-publish","hentry"],"post_mailing_queue_ids":[],"_links":{"self":[{"href":"https:\/\/agora.xtec.cat\/ceip-circell\/wp-json\/wp\/v2\/pages\/73","targetHints":{"allow":["GET"]}}],"collection":[{"href":"https:\/\/agora.xtec.cat\/ceip-circell\/wp-json\/wp\/v2\/pages"}],"about":[{"href":"https:\/\/agora.xtec.cat\/ceip-circell\/wp-json\/wp\/v2\/types\/page"}],"author":[{"embeddable":true,"href":"https:\/\/agora.xtec.cat\/ceip-circell\/wp-json\/wp\/v2\/users\/1"}],"replies":[{"embeddable":true,"href":"https:\/\/agora.xtec.cat\/ceip-circell\/wp-json\/wp\/v2\/comments?post=73"}],"version-history":[{"count":9,"href":"https:\/\/agora.xtec.cat\/ceip-circell\/wp-json\/wp\/v2\/pages\/73\/revisions"}],"predecessor-version":[{"id":2689,"href":"https:\/\/agora.xtec.cat\/ceip-circell\/wp-json\/wp\/v2\/pages\/73\/revisions\/2689"}],"up":[{"embeddable":true,"href":"https:\/\/agora.xtec.cat\/ceip-circell\/wp-json\/wp\/v2\/pages\/66"}],"wp:attachment":[{"href":"https:\/\/agora.xtec.cat\/ceip-circell\/wp-json\/wp\/v2\/media?parent=73"}],"curies":[{"name":"wp","href":"https:\/\/api.w.org\/{rel}","templated":true}]}}