{"id":9,"date":"2014-09-17T15:08:18","date_gmt":"2014-09-17T14:08:18","guid":{"rendered":"http:\/\/agora.xtec.cat\/ceip-celiaartiga\/?page_id=9"},"modified":"2026-04-23T17:24:39","modified_gmt":"2026-04-23T15:24:39","slug":"pagina-dinici-buida","status":"publish","type":"page","link":"https:\/\/agora.xtec.cat\/ceip-celiaartiga\/","title":{"rendered":"Pagina d&#8217;inici buida"},"content":{"rendered":"<h2 style=\"text-align: center;\"><a href=\"https:\/\/agora.xtec.cat\/ceip-celiaartiga\/wp-content\/uploads\/usu858\/2026\/03\/Preinscripcio_baners_Web_educacio__Preinscripcio_web_educacio_555x431_PRIMARIA.jpg\" target=\"_blank\" rel=\"noopener\"><img loading=\"lazy\" decoding=\"async\" class=\"aligncenter wp-image-6922 size-full\" src=\"https:\/\/agora.xtec.cat\/ceip-celiaartiga\/wp-content\/uploads\/usu858\/2026\/03\/Preinscripcio_baners_Web_educacio__Preinscripcio_web_educacio_555x431_PRIMARIA.jpg\" alt=\"\" width=\"572\" height=\"448\" srcset=\"https:\/\/agora.xtec.cat\/ceip-celiaartiga\/wp-content\/uploads\/usu858\/2026\/03\/Preinscripcio_baners_Web_educacio__Preinscripcio_web_educacio_555x431_PRIMARIA.jpg 572w, https:\/\/agora.xtec.cat\/ceip-celiaartiga\/wp-content\/uploads\/usu858\/2026\/03\/Preinscripcio_baners_Web_educacio__Preinscripcio_web_educacio_555x431_PRIMARIA-300x235.jpg 300w\" sizes=\"auto, (max-width: 572px) 100vw, 572px\" \/><\/a><\/h2>\n<h2 style=\"text-align: center;\">PUBLICACI\u00d3 DEL BAREM RESOLTES LES RECLAMACIONS<\/h2>\n<p><img loading=\"lazy\" decoding=\"async\" class=\"aligncenter wp-image-6939\" src=\"https:\/\/agora.xtec.cat\/ceip-celiaartiga\/wp-content\/uploads\/usu858\/2026\/04\/Captura-de-pantalla-2026-04-23-171641.png\" alt=\"\" width=\"804\" height=\"882\" srcset=\"https:\/\/agora.xtec.cat\/ceip-celiaartiga\/wp-content\/uploads\/usu858\/2026\/04\/Captura-de-pantalla-2026-04-23-171641.png 730w, https:\/\/agora.xtec.cat\/ceip-celiaartiga\/wp-content\/uploads\/usu858\/2026\/04\/Captura-de-pantalla-2026-04-23-171641-273x300.png 273w\" sizes=\"auto, (max-width: 804px) 100vw, 804px\" \/> <img loading=\"lazy\" decoding=\"async\" class=\"aligncenter wp-image-6940\" src=\"https:\/\/agora.xtec.cat\/ceip-celiaartiga\/wp-content\/uploads\/usu858\/2026\/04\/Captura-de-pantalla-2026-04-23-171702.png\" alt=\"\" width=\"776\" height=\"505\" srcset=\"https:\/\/agora.xtec.cat\/ceip-celiaartiga\/wp-content\/uploads\/usu858\/2026\/04\/Captura-de-pantalla-2026-04-23-171702.png 693w, https:\/\/agora.xtec.cat\/ceip-celiaartiga\/wp-content\/uploads\/usu858\/2026\/04\/Captura-de-pantalla-2026-04-23-171702-300x195.png 300w\" sizes=\"auto, (max-width: 776px) 100vw, 776px\" \/><\/p>\n<h2 style=\"text-align: center;\">PUBLICACI\u00d3 DE L&#8217;OFERTA INICIAL<\/h2>\n<h2 style=\"text-align: center;\"><img loading=\"lazy\" decoding=\"async\" class=\"aligncenter wp-image-6923 size-full\" src=\"https:\/\/agora.xtec.cat\/ceip-celiaartiga\/wp-content\/uploads\/usu858\/2026\/03\/Captura-de-pantalla-2026-03-03-120528.png\" alt=\"\" width=\"862\" height=\"628\" srcset=\"https:\/\/agora.xtec.cat\/ceip-celiaartiga\/wp-content\/uploads\/usu858\/2026\/03\/Captura-de-pantalla-2026-03-03-120528.png 862w, https:\/\/agora.xtec.cat\/ceip-celiaartiga\/wp-content\/uploads\/usu858\/2026\/03\/Captura-de-pantalla-2026-03-03-120528-300x219.png 300w, https:\/\/agora.xtec.cat\/ceip-celiaartiga\/wp-content\/uploads\/usu858\/2026\/03\/Captura-de-pantalla-2026-03-03-120528-768x560.png 768w\" sizes=\"auto, (max-width: 862px) 100vw, 862px\" \/><a href=\"https:\/\/preinscripcio.gencat.cat\/ca\/inici\/index.html\" target=\"_blank\" rel=\"noopener\"><strong>P\u00c0GINA WEB DE LA PREINSCRIPCI\u00d3<\/strong><\/a><\/h2>\n<h3 style=\"text-align: center;\"><a href=\"https:\/\/www.reus.cat\/serveis\/proces-de-preinscripcio-i-matricula\" target=\"_blank\" rel=\"noopener\"><strong>P\u00c0GINA WEB DE L&#8217;AJUNTAMENT DE REUS (PREINSCRIPCI\u00d3)<\/strong><\/a><\/h3>\n<p style=\"text-align: center;\">Tens problemes amb la preinscripci\u00f3 telem\u00e0tica? Als centres c\u00edvics de Reus et poden ajudar.<\/p>\n<p style=\"text-align: center;\"><a href=\"https:\/\/agora.xtec.cat\/ceip-celiaartiga\/wp-content\/uploads\/usu858\/2026\/03\/OME-Quadrant-acces-tramits.pdf\" target=\"_blank\" rel=\"noopener\">Document amb els horaris d&#8217;atenci\u00f3 dels centres c\u00edvics a les fam\u00edlies per ajudar-los en la preinscripci\u00f3.<\/a><\/p>\n<p>&nbsp;<\/p>\n<h2 style=\"text-align: center;\"><a href=\"https:\/\/agora.xtec.cat\/ceip-celiaartiga\/wp-content\/uploads\/usu858\/2026\/01\/WhatsApp-Image-2026-01-29-at-15.06.17.jpeg\" target=\"_blank\" rel=\"noopener\"><img loading=\"lazy\" decoding=\"async\" class=\"aligncenter wp-image-6917\" src=\"https:\/\/agora.xtec.cat\/ceip-celiaartiga\/wp-content\/uploads\/usu858\/2026\/01\/WhatsApp-Image-2026-01-29-at-15.06.17-724x1024.jpeg\" alt=\"\" width=\"628\" height=\"888\" srcset=\"https:\/\/agora.xtec.cat\/ceip-celiaartiga\/wp-content\/uploads\/usu858\/2026\/01\/WhatsApp-Image-2026-01-29-at-15.06.17-724x1024.jpeg 724w, https:\/\/agora.xtec.cat\/ceip-celiaartiga\/wp-content\/uploads\/usu858\/2026\/01\/WhatsApp-Image-2026-01-29-at-15.06.17-212x300.jpeg 212w, https:\/\/agora.xtec.cat\/ceip-celiaartiga\/wp-content\/uploads\/usu858\/2026\/01\/WhatsApp-Image-2026-01-29-at-15.06.17-768x1086.jpeg 768w, https:\/\/agora.xtec.cat\/ceip-celiaartiga\/wp-content\/uploads\/usu858\/2026\/01\/WhatsApp-Image-2026-01-29-at-15.06.17-1086x1536.jpeg 1086w, https:\/\/agora.xtec.cat\/ceip-celiaartiga\/wp-content\/uploads\/usu858\/2026\/01\/WhatsApp-Image-2026-01-29-at-15.06.17.jpeg 1131w\" sizes=\"auto, (max-width: 628px) 100vw, 628px\" \/><\/a><br \/>\n<img loading=\"lazy\" decoding=\"async\" class=\"aligncenter wp-image-6900 size-large\" src=\"https:\/\/agora.xtec.cat\/ceip-celiaartiga\/wp-content\/uploads\/usu858\/2025\/09\/calendari-families-25-26-724x1024.jpg\" alt=\"\" width=\"724\" height=\"1024\" srcset=\"https:\/\/agora.xtec.cat\/ceip-celiaartiga\/wp-content\/uploads\/usu858\/2025\/09\/calendari-families-25-26-724x1024.jpg 724w, https:\/\/agora.xtec.cat\/ceip-celiaartiga\/wp-content\/uploads\/usu858\/2025\/09\/calendari-families-25-26-212x300.jpg 212w, https:\/\/agora.xtec.cat\/ceip-celiaartiga\/wp-content\/uploads\/usu858\/2025\/09\/calendari-families-25-26-768x1086.jpg 768w, https:\/\/agora.xtec.cat\/ceip-celiaartiga\/wp-content\/uploads\/usu858\/2025\/09\/calendari-families-25-26-1086x1536.jpg 1086w, https:\/\/agora.xtec.cat\/ceip-celiaartiga\/wp-content\/uploads\/usu858\/2025\/09\/calendari-families-25-26.jpg 1241w\" sizes=\"auto, (max-width: 724px) 100vw, 724px\" \/><\/h2>\n<h2 style=\"text-align: center;\"><a href=\"https:\/\/agora.xtec.cat\/ceip-celiaartiga\/wp-content\/uploads\/usu858\/2024\/06\/ISBN.pdf\" target=\"_blank\" rel=\"noopener\">ISBN llibres 24-25<\/a><\/h2>\n<h2 style=\"text-align: center;\"><a href=\"https:\/\/www.facebook.com\/escola.celiaartiga.5\" target=\"_blank\" rel=\"noopener\"><img loading=\"lazy\" decoding=\"async\" class=\"wp-image-4593 alignnone\" src=\"https:\/\/agora.xtec.cat\/ceip-celiaartiga\/wp-content\/uploads\/usu858\/2019\/10\/facebook-e1669143406112.jpg\" alt=\"\" width=\"165\" height=\"162\" srcset=\"https:\/\/agora.xtec.cat\/ceip-celiaartiga\/wp-content\/uploads\/usu858\/2019\/10\/facebook-e1669143406112.jpg 349w, https:\/\/agora.xtec.cat\/ceip-celiaartiga\/wp-content\/uploads\/usu858\/2019\/10\/facebook-e1669143406112-300x294.jpg 300w\" sizes=\"auto, (max-width: 165px) 100vw, 165px\" \/><\/a><a href=\"https:\/\/www.instagram.com\/escolaceliaartigareus\/?hl=tl\" target=\"_blank\" rel=\"noopener\"><img loading=\"lazy\" decoding=\"async\" class=\"alignnone wp-image-4592\" src=\"https:\/\/agora.xtec.cat\/ceip-celiaartiga\/wp-content\/uploads\/usu858\/2019\/10\/instagram.jpg\" alt=\"\" width=\"165\" height=\"162\" \/><\/a><br \/>\n<!-- SnapWidget --><\/h2>\n<h2 style=\"text-align: center;\">Petits v\u00eddeos, tastets de les nostres experi\u00e8ncies a classe.<\/h2>\n<table class=\" aligncenter\" style=\"width: 59.2036%; height: 920px;\">\n<tbody>\n<tr style=\"height: 177px;\">\n<td style=\"width: 198.519px; height: 161px; text-align: center;\">\n<p style=\"text-align: left;\"><a href=\"https:\/\/drive.google.com\/file\/d\/1jOt_O1hqat-mfADbTP2-Pi9GEKt-aLgj\/view?usp=sharing\" target=\"_blank\" rel=\"noopener noreferrer\"><img loading=\"lazy\" decoding=\"async\" class=\"wp-image-5456 aligncenter\" src=\"https:\/\/agora.xtec.cat\/ceip-celiaartiga\/wp-content\/uploads\/usu858\/2021\/02\/MusicaP3.jpg\" alt=\"\" width=\"194\" height=\"112\" \/><\/a><a href=\"https:\/\/drive.google.com\/file\/d\/1jOt_O1hqat-mfADbTP2-Pi9GEKt-aLgj\/view?usp=sharing\" target=\"_blank\" rel=\"noopener noreferrer\">M\u00fasica a P3<\/a><\/p>\n<\/td>\n<td style=\"width: 213.333px; height: 161px; text-align: left;\">\n<p style=\"text-align: center;\"><a href=\"https:\/\/drive.google.com\/file\/d\/1K6gfzBDr76FoSpKBm0N9s3pQV1QE2n23\/view?usp=sharing\" target=\"_blank\" rel=\"noopener noreferrer\"><img loading=\"lazy\" decoding=\"async\" class=\"wp-image-5457 aligncenter\" src=\"https:\/\/agora.xtec.cat\/ceip-celiaartiga\/wp-content\/uploads\/usu858\/2021\/02\/RaconsP3.jpg\" alt=\"\" width=\"203\" height=\"121\" \/><\/a><a href=\"https:\/\/drive.google.com\/file\/d\/1K6gfzBDr76FoSpKBm0N9s3pQV1QE2n23\/view?usp=sharing\" target=\"_blank\" rel=\"noopener noreferrer\">Espais d&#8217;aprenentatge a P3<\/a><\/p>\n<\/td>\n<td style=\"width: 225.185px; height: 161px; text-align: left;\">\n<p style=\"text-align: center;\"><a href=\"https:\/\/drive.google.com\/file\/d\/1Iidh56SdbyF81qiVNIBGNEDW_E0F4X6P\/view?usp=sharing\" target=\"_blank\" rel=\"noopener noreferrer\"><img loading=\"lazy\" decoding=\"async\" class=\"wp-image-5459 aligncenter\" src=\"https:\/\/agora.xtec.cat\/ceip-celiaartiga\/wp-content\/uploads\/usu858\/2021\/02\/RobotP4.jpg\" alt=\"\" width=\"210\" height=\"124\" \/><\/a><a href=\"https:\/\/drive.google.com\/file\/d\/1Iidh56SdbyF81qiVNIBGNEDW_E0F4X6P\/view?usp=sharing\" target=\"_blank\" rel=\"noopener noreferrer\">Rob\u00f2tica a P4<\/a><\/p>\n<\/td>\n<\/tr>\n<tr style=\"height: 160px;\">\n<td style=\"width: 198.519px; height: 160px; text-align: center;\"><a href=\"https:\/\/drive.google.com\/file\/d\/1eNvaIAPzX2a9cwiH5uuW2WGD7DwOL0vX\/view?usp=sharing\" target=\"_blank\" rel=\"noopener noreferrer\"><img loading=\"lazy\" decoding=\"async\" class=\"aligncenter wp-image-5477 size-full\" src=\"https:\/\/agora.xtec.cat\/ceip-celiaartiga\/wp-content\/uploads\/usu858\/2021\/02\/P4-Psico.jpg\" alt=\"\" width=\"258\" height=\"150\" \/><\/a><a href=\"https:\/\/drive.google.com\/file\/d\/1eNvaIAPzX2a9cwiH5uuW2WGD7DwOL0vX\/view?usp=sharing\" target=\"_blank\" rel=\"noopener noreferrer\">Psicomotricitat a P4<\/a><\/td>\n<td style=\"width: 213.333px; height: 160px; text-align: center;\"><a href=\"https:\/\/drive.google.com\/file\/d\/1f1QvbZ1KBOOGoufc1dezirmPhP2Ig2iI\/view?usp=sharing\" target=\"_blank\" rel=\"noopener noreferrer\"><img loading=\"lazy\" decoding=\"async\" class=\"aligncenter wp-image-5458 size-full\" src=\"https:\/\/agora.xtec.cat\/ceip-celiaartiga\/wp-content\/uploads\/usu858\/2021\/02\/RaconsP5.jpg\" alt=\"\" width=\"267\" height=\"154\" \/><\/a><a href=\"https:\/\/drive.google.com\/file\/d\/1f1QvbZ1KBOOGoufc1dezirmPhP2Ig2iI\/view?usp=sharing\" target=\"_blank\" rel=\"noopener noreferrer\">Espais d&#8217;aprenentatge a P5<\/a><\/td>\n<td style=\"width: 225.185px; height: 160px; text-align: center;\"><a href=\"https:\/\/drive.google.com\/file\/d\/1RgbS6tvBr40Y8yynT0dObAmANFLfmn4V\/view?usp=sharing\" target=\"_blank\" rel=\"noopener noreferrer\"><img loading=\"lazy\" decoding=\"async\" class=\"wp-image-5455 aligncenter\" src=\"https:\/\/agora.xtec.cat\/ceip-celiaartiga\/wp-content\/uploads\/usu858\/2021\/02\/LectoEscripturaP5.jpg\" alt=\"\" width=\"193\" height=\"111\" \/><\/a><a href=\"https:\/\/drive.google.com\/file\/d\/1RgbS6tvBr40Y8yynT0dObAmANFLfmn4V\/view?usp=sharing\" target=\"_blank\" rel=\"noopener noreferrer\">Lectoescriptura a P5<\/a><\/td>\n<\/tr>\n<tr style=\"height: 192px;\">\n<td style=\"width: 198.519px; text-align: center; height: 168px;\"><a href=\"https:\/\/drive.google.com\/file\/d\/1umfr0qsZswFBsAUH2oaT0kAH2pnBM3wA\/view?usp=sharing\" target=\"_blank\" rel=\"noopener noreferrer\"><img loading=\"lazy\" decoding=\"async\" class=\"wp-image-5490 size-full alignright\" style=\"font-family: inherit; font-size: 0.875em;\" src=\"https:\/\/agora.xtec.cat\/ceip-celiaartiga\/wp-content\/uploads\/usu858\/2021\/02\/angles.jpg\" alt=\"\" width=\"250\" height=\"145\" \/><\/a><\/p>\n<p><a href=\"https:\/\/drive.google.com\/file\/d\/1umfr0qsZswFBsAUH2oaT0kAH2pnBM3wA\/view?usp=sharing\" target=\"_blank\" rel=\"noopener noreferrer\">Angl\u00e8s a 1r<\/a><\/td>\n<td style=\"width: 213.333px; text-align: center; height: 168px;\">\n<p style=\"font-family: 'Helvetica Neue', Helvetica, Helvetica, Arial, sans-serif; font-size: 14px;\"><a href=\"https:\/\/drive.google.com\/file\/d\/1uSOvZMY3HDUrz3gO6L2Q_LwSZ12fFJKG\/view?usp=sharing\" target=\"_blank\" rel=\"noopener noreferrer\"><img loading=\"lazy\" decoding=\"async\" class=\"aligncenter wp-image-5515\" src=\"https:\/\/agora.xtec.cat\/ceip-celiaartiga\/wp-content\/uploads\/usu858\/2021\/03\/1r-mates.jpg\" alt=\"\" width=\"183\" height=\"103\" \/><\/a><\/p>\n<p><a href=\"https:\/\/drive.google.com\/file\/d\/1uSOvZMY3HDUrz3gO6L2Q_LwSZ12fFJKG\/view?usp=sharing\" target=\"_blank\" rel=\"noopener noreferrer\">Matem\u00e0tiques a 1r<\/a><\/td>\n<td style=\"width: 225.185px; text-align: center; height: 168px;\"><a style=\"color: #2795b6;\" href=\"https:\/\/drive.google.com\/file\/d\/1fytR9d_zHZl6bLja0MF99iTlwit6S8Jx\/view?usp=sharing\" target=\"_blank\" rel=\"noopener noreferrer\"><img loading=\"lazy\" decoding=\"async\" class=\"aligncenter wp-image-5479 size-full\" src=\"https:\/\/agora.xtec.cat\/ceip-celiaartiga\/wp-content\/uploads\/usu858\/2021\/02\/Segon-Hort.jpg\" alt=\"\" width=\"251\" height=\"154\" \/><\/a><a href=\"https:\/\/drive.google.com\/file\/d\/1fytR9d_zHZl6bLja0MF99iTlwit6S8Jx\/view?usp=sharing\" target=\"_blank\" rel=\"noopener noreferrer\">L&#8217;hort a 2n<\/a><\/td>\n<\/tr>\n<tr style=\"height: 181px;\">\n<td style=\"width: 198.519px; text-align: center; height: 154px;\">\n<p style=\"font-family: 'Helvetica Neue', Helvetica, Helvetica, Arial, sans-serif; font-size: 14px; background-color: #ffffff;\"><a style=\"color: #2795b6;\" href=\"https:\/\/drive.google.com\/file\/d\/11UZgfQGNcBSBrksK5ROh_RDNFheVQsq7\/view?usp=sharing\" target=\"_blank\" rel=\"noopener noreferrer\"><img loading=\"lazy\" decoding=\"async\" class=\"size-full wp-image-5481 aligncenter\" src=\"https:\/\/agora.xtec.cat\/ceip-celiaartiga\/wp-content\/uploads\/usu858\/2021\/02\/Tercer-mates.jpg\" alt=\"\" width=\"254\" height=\"152\" \/><\/a><a href=\"https:\/\/drive.google.com\/file\/d\/11UZgfQGNcBSBrksK5ROh_RDNFheVQsq7\/view?usp=sharing\" target=\"_blank\" rel=\"noopener noreferrer\">Mates a 3r<\/a><\/p>\n<\/td>\n<td style=\"width: 213.333px; text-align: center; height: 154px;\">\n<p style=\"font-family: 'Helvetica Neue', Helvetica, Helvetica, Arial, sans-serif; font-size: 14px;\"><a style=\"color: #2795b6;\" href=\"https:\/\/drive.google.com\/file\/d\/1hlHMegbW_NoXCOSDVAlHmfLxp296yV3F\/view?usp=sharing\" target=\"_blank\" rel=\"noopener noreferrer\"><img loading=\"lazy\" decoding=\"async\" class=\"size-full wp-image-5478 aligncenter\" src=\"https:\/\/agora.xtec.cat\/ceip-celiaartiga\/wp-content\/uploads\/usu858\/2021\/02\/Quart-experiments.jpg\" alt=\"\" width=\"255\" height=\"152\" \/><\/a><a href=\"https:\/\/drive.google.com\/file\/d\/1hlHMegbW_NoXCOSDVAlHmfLxp296yV3F\/view?usp=sharing\" target=\"_blank\" rel=\"noopener noreferrer\">Experiment a 4t<\/a><\/p>\n<\/td>\n<td style=\"width: 225.185px; text-align: center; height: 154px;\"><a style=\"color: #2795b6;\" href=\"https:\/\/drive.google.com\/file\/d\/1r3jLrpQRXzStHdKImsSogTaGavYwGQeO\/view?usp=sharing\" target=\"_blank\" rel=\"noopener noreferrer\"><img loading=\"lazy\" decoding=\"async\" class=\" wp-image-5476 aligncenter\" src=\"https:\/\/agora.xtec.cat\/ceip-celiaartiga\/wp-content\/uploads\/usu858\/2021\/02\/Cinque-Mapa.jpg\" alt=\"\" width=\"182\" height=\"110\" \/><\/a><a href=\"https:\/\/drive.google.com\/file\/d\/1r3jLrpQRXzStHdKImsSogTaGavYwGQeO\/view?usp=sharing\" target=\"_blank\" rel=\"noopener noreferrer\">Mapa a 5\u00e8<\/a><\/td>\n<\/tr>\n<tr style=\"height: 148px;\">\n<td style=\"width: 198.519px; text-align: center; height: 148px;\"><a href=\"https:\/\/drive.google.com\/file\/d\/1hZG7MDBWKYZnNlLzblXQPaOeV0cnSB9h\/view?usp=sharing\" target=\"_blank\" rel=\"noopener noreferrer\"><img loading=\"lazy\" decoding=\"async\" class=\"size-full wp-image-5491 aligncenter\" src=\"https:\/\/agora.xtec.cat\/ceip-celiaartiga\/wp-content\/uploads\/usu858\/2021\/02\/chromebooks.jpg\" alt=\"\" width=\"252\" height=\"145\" \/><\/a><a href=\"https:\/\/drive.google.com\/file\/d\/1hZG7MDBWKYZnNlLzblXQPaOeV0cnSB9h\/view?usp=sharing\" target=\"_blank\" rel=\"noopener noreferrer\">Chromebooks a 5\u00e8<\/a><\/td>\n<td style=\"width: 213.333px; text-align: center; height: 148px;\"><a style=\"color: #2795b6;\" href=\"https:\/\/drive.google.com\/file\/d\/1tiS4M1pu_LBA8YpFiVDjtlp5rOqVcVql\/view?usp=sharing\" target=\"_blank\" rel=\"noopener noreferrer\"><img loading=\"lazy\" decoding=\"async\" class=\"size-full wp-image-5480 aligncenter\" src=\"https:\/\/agora.xtec.cat\/ceip-celiaartiga\/wp-content\/uploads\/usu858\/2021\/02\/Sise-experiments.jpg\" alt=\"\" width=\"258\" height=\"148\" \/><\/a><a href=\"https:\/\/drive.google.com\/file\/d\/1tiS4M1pu_LBA8YpFiVDjtlp5rOqVcVql\/view?usp=sharing\" target=\"_blank\" rel=\"noopener noreferrer\">Experiments a 6\u00e8<\/a><\/td>\n<td style=\"width: 225.185px; text-align: center; height: 148px;\"><a href=\"https:\/\/drive.google.com\/file\/d\/1mx5-ZSBGbDAoq7fTUpVEStsqe1i4Jdte\/view?usp=sharing\" target=\"_blank\" rel=\"noopener noreferrer\"><img loading=\"lazy\" decoding=\"async\" class=\"aligncenter wp-image-5519 size-full\" src=\"https:\/\/agora.xtec.cat\/ceip-celiaartiga\/wp-content\/uploads\/usu858\/2021\/03\/portes-obertes.jpg\" alt=\"\" width=\"262\" height=\"151\" \/><\/a><a href=\"https:\/\/drive.google.com\/file\/d\/1mx5-ZSBGbDAoq7fTUpVEStsqe1i4Jdte\/view?usp=sharing\" target=\"_blank\" rel=\"noopener noreferrer\">V\u00eddeo Portes Obertes<\/a><\/td>\n<\/tr>\n<\/tbody>\n<\/table>\n","protected":false},"excerpt":{"rendered":"<p><a href=\"https:\/\/agora.xtec.cat\/ceip-celiaartiga\/wp-content\/uploads\/usu858\/2026\/03\/Preinscripcio_baners_Web_educacio__Preinscripcio_web_educacio_555x431_PRIMARIA.jpg\" target=\"_blank\" rel=\"noopener\"><\/a><br \/>\nPUBLICACI\u00d3 DEL BAREM RESOLTES LES RECLAMACIONS<\/p>\n<p>PUBLICACI\u00d3 DE L&#8217;OFERTA INICIAL<br \/>\n<a href=\"https:\/\/preinscripcio.gencat.cat\/ca\/inici\/index.html\" target=\"_blank\" rel=\"noopener\">P\u00c0GINA WEB DE LA PREINSCRIPCI\u00d3<\/a><br \/>\n<a href=\"https:\/\/www.reus.cat\/serveis\/proces-de-preinscripcio-i-matricula\" target=\"_blank\" rel=\"noopener\">P\u00c0GINA WEB DE L&#8217;AJUNTAMENT DE REUS (PREINSCRIPCI\u00d3)<\/a><br \/>\nTens problemes amb la preinscripci\u00f3 telem\u00e0tica? Als centres c\u00edvics de Reus et poden ajudar.<br \/>\n<a href=\"https:\/\/agora.xtec.cat\/ceip-celiaartiga\/wp-content\/uploads\/usu858\/2026\/03\/OME-Quadrant-acces-tramits.pdf\" target=\"_blank\" rel=\"noopener\">Document&hellip;  <a href=\"https:\/\/agora.xtec.cat\/ceip-celiaartiga\/\" title=\"Read Pagina d&#8217;inici buida\">Llegeix m\u00e9s\u00bb<\/a><\/p>\n","protected":false},"author":1,"featured_media":0,"parent":7,"menu_order":0,"comment_status":"closed","ping_status":"closed","template":"page-templates\/front-page.php","meta":{"_bbp_topic_count":0,"_bbp_reply_count":0,"_bbp_total_topic_count":0,"_bbp_total_reply_count":0,"_bbp_voice_count":0,"_bbp_anonymous_reply_count":0,"_bbp_topic_count_hidden":0,"_bbp_reply_count_hidden":0,"_bbp_forum_subforum_count":0,"footnotes":""},"class_list":["post-9","page","type-page","status-publish","hentry"],"post_mailing_queue_ids":[],"_links":{"self":[{"href":"https:\/\/agora.xtec.cat\/ceip-celiaartiga\/wp-json\/wp\/v2\/pages\/9","targetHints":{"allow":["GET"]}}],"collection":[{"href":"https:\/\/agora.xtec.cat\/ceip-celiaartiga\/wp-json\/wp\/v2\/pages"}],"about":[{"href":"https:\/\/agora.xtec.cat\/ceip-celiaartiga\/wp-json\/wp\/v2\/types\/page"}],"author":[{"embeddable":true,"href":"https:\/\/agora.xtec.cat\/ceip-celiaartiga\/wp-json\/wp\/v2\/users\/1"}],"replies":[{"embeddable":true,"href":"https:\/\/agora.xtec.cat\/ceip-celiaartiga\/wp-json\/wp\/v2\/comments?post=9"}],"version-history":[{"count":7,"href":"https:\/\/agora.xtec.cat\/ceip-celiaartiga\/wp-json\/wp\/v2\/pages\/9\/revisions"}],"predecessor-version":[{"id":6942,"href":"https:\/\/agora.xtec.cat\/ceip-celiaartiga\/wp-json\/wp\/v2\/pages\/9\/revisions\/6942"}],"up":[{"embeddable":true,"href":"https:\/\/agora.xtec.cat\/ceip-celiaartiga\/wp-json\/wp\/v2\/pages\/7"}],"wp:attachment":[{"href":"https:\/\/agora.xtec.cat\/ceip-celiaartiga\/wp-json\/wp\/v2\/media?parent=9"}],"curies":[{"name":"wp","href":"https:\/\/api.w.org\/{rel}","templated":true}]}}