{"id":6429,"date":"2022-10-22T20:30:24","date_gmt":"2022-10-22T18:30:24","guid":{"rendered":"https:\/\/agora.xtec.cat\/ceip-celiaartiga\/?page_id=6429"},"modified":"2022-10-22T21:55:02","modified_gmt":"2022-10-22T19:55:02","slug":"diagnosi","status":"publish","type":"page","link":"https:\/\/agora.xtec.cat\/ceip-celiaartiga\/edc\/edc-part-estrategica\/diagnosi\/","title":{"rendered":"Diagnosi"},"content":{"rendered":"<p class=\"CDt4Ke zfr3Q\" dir=\"ltr\">Durant el mes de mar\u00e7 i l&#8217;abril de 2022, es va realitzar la diagnosi de centre per tal de determinar el nivell de compet\u00e8ncia digital de l&#8217;equip educatiu, els infants i les fam\u00edlies. A partir dels resultats, es van determinar els objectius de la Estrat\u00e8gia Digital de Centre<\/p>\n<p class=\"CDt4Ke zfr3Q\" dir=\"ltr\">L&#8217;equip directiu, el professorat i els alumnes de cicle mitj\u00e0 i superior van omplir el q\u00fcestionari SELFIE creat per la Comissi\u00f3 Europea.<\/p>\n<p class=\"CDt4Ke zfr3Q\" dir=\"ltr\">Les fam\u00edlies de l&#8217;escola, van respondre volunt\u00e0riament un formulari fet amb Google Forms.<\/p>\n<p class=\"CDt4Ke zfr3Q\" dir=\"ltr\">Als seg\u00fcents enlla\u00e7os en trobareu el buidatge dels resultats<\/p>\n<p class=\"CDt4Ke zfr3Q\" dir=\"ltr\"><a href=\"https:\/\/agora.xtec.cat\/ceip-celiaartiga\/wp-content\/uploads\/usu858\/2022\/10\/ESTRATEGIA-DIGITAL-FAMILIES.pdf\" target=\"_blank\" rel=\"noopener\"><img loading=\"lazy\" decoding=\"async\" class=\"alignright wp-image-6451\" src=\"https:\/\/agora.xtec.cat\/ceip-celiaartiga\/wp-content\/uploads\/usu858\/2022\/10\/5968528.png\" alt=\"\" width=\"298\" height=\"298\" srcset=\"https:\/\/agora.xtec.cat\/ceip-celiaartiga\/wp-content\/uploads\/usu858\/2022\/10\/5968528.png 512w, https:\/\/agora.xtec.cat\/ceip-celiaartiga\/wp-content\/uploads\/usu858\/2022\/10\/5968528-300x300.png 300w, https:\/\/agora.xtec.cat\/ceip-celiaartiga\/wp-content\/uploads\/usu858\/2022\/10\/5968528-150x150.png 150w\" sizes=\"auto, (max-width: 298px) 100vw, 298px\" \/><\/a><\/p>\n<p dir=\"ltr\"><a href=\"https:\/\/agora.xtec.cat\/ceip-celiaartiga\/wp-content\/uploads\/usu858\/2022\/10\/SELFIE-report-1.pdf\" target=\"_blank\" rel=\"noopener\"><img loading=\"lazy\" decoding=\"async\" class=\"alignleft wp-image-6148\" src=\"https:\/\/agora.xtec.cat\/ceip-celiaartiga\/wp-content\/uploads\/usu858\/2022\/04\/c9f3734ab8dda3929155a56e29dd1088bcea952e-1024x1024.png\" alt=\"\" width=\"294\" height=\"294\" srcset=\"https:\/\/agora.xtec.cat\/ceip-celiaartiga\/wp-content\/uploads\/usu858\/2022\/04\/c9f3734ab8dda3929155a56e29dd1088bcea952e-1024x1024.png 1024w, https:\/\/agora.xtec.cat\/ceip-celiaartiga\/wp-content\/uploads\/usu858\/2022\/04\/c9f3734ab8dda3929155a56e29dd1088bcea952e-300x300.png 300w, https:\/\/agora.xtec.cat\/ceip-celiaartiga\/wp-content\/uploads\/usu858\/2022\/04\/c9f3734ab8dda3929155a56e29dd1088bcea952e-150x150.png 150w, https:\/\/agora.xtec.cat\/ceip-celiaartiga\/wp-content\/uploads\/usu858\/2022\/04\/c9f3734ab8dda3929155a56e29dd1088bcea952e-768x768.png 768w, https:\/\/agora.xtec.cat\/ceip-celiaartiga\/wp-content\/uploads\/usu858\/2022\/04\/c9f3734ab8dda3929155a56e29dd1088bcea952e-1536x1536.png 1536w, https:\/\/agora.xtec.cat\/ceip-celiaartiga\/wp-content\/uploads\/usu858\/2022\/04\/c9f3734ab8dda3929155a56e29dd1088bcea952e.png 1667w\" sizes=\"auto, (max-width: 294px) 100vw, 294px\" \/><\/a><\/p>\n","protected":false},"excerpt":{"rendered":"<p>Durant el mes de mar\u00e7 i l&#8217;abril de 2022, es va realitzar la diagnosi de centre per tal de determinar el nivell de compet\u00e8ncia digital de l&#8217;equip educatiu, els infants i les fam\u00edlies. A partir dels resultats, es van determinar els objectius de la Estrat\u00e8gia&hellip;  <a href=\"https:\/\/agora.xtec.cat\/ceip-celiaartiga\/edc\/edc-part-estrategica\/diagnosi\/\" title=\"Read Diagnosi\">Llegeix m\u00e9s\u00bb<\/a><\/p>\n","protected":false},"author":3,"featured_media":0,"parent":6425,"menu_order":10,"comment_status":"closed","ping_status":"closed","template":"page-templates\/side-menu.php","meta":{"_bbp_topic_count":0,"_bbp_reply_count":0,"_bbp_total_topic_count":0,"_bbp_total_reply_count":0,"_bbp_voice_count":0,"_bbp_anonymous_reply_count":0,"_bbp_topic_count_hidden":0,"_bbp_reply_count_hidden":0,"_bbp_forum_subforum_count":0,"footnotes":""},"class_list":["post-6429","page","type-page","status-publish","hentry"],"post_mailing_queue_ids":[],"_links":{"self":[{"href":"https:\/\/agora.xtec.cat\/ceip-celiaartiga\/wp-json\/wp\/v2\/pages\/6429","targetHints":{"allow":["GET"]}}],"collection":[{"href":"https:\/\/agora.xtec.cat\/ceip-celiaartiga\/wp-json\/wp\/v2\/pages"}],"about":[{"href":"https:\/\/agora.xtec.cat\/ceip-celiaartiga\/wp-json\/wp\/v2\/types\/page"}],"author":[{"embeddable":true,"href":"https:\/\/agora.xtec.cat\/ceip-celiaartiga\/wp-json\/wp\/v2\/users\/3"}],"replies":[{"embeddable":true,"href":"https:\/\/agora.xtec.cat\/ceip-celiaartiga\/wp-json\/wp\/v2\/comments?post=6429"}],"version-history":[{"count":4,"href":"https:\/\/agora.xtec.cat\/ceip-celiaartiga\/wp-json\/wp\/v2\/pages\/6429\/revisions"}],"predecessor-version":[{"id":6459,"href":"https:\/\/agora.xtec.cat\/ceip-celiaartiga\/wp-json\/wp\/v2\/pages\/6429\/revisions\/6459"}],"up":[{"embeddable":true,"href":"https:\/\/agora.xtec.cat\/ceip-celiaartiga\/wp-json\/wp\/v2\/pages\/6425"}],"wp:attachment":[{"href":"https:\/\/agora.xtec.cat\/ceip-celiaartiga\/wp-json\/wp\/v2\/media?parent=6429"}],"curies":[{"name":"wp","href":"https:\/\/api.w.org\/{rel}","templated":true}]}}