{"id":362,"date":"2016-01-29T11:41:22","date_gmt":"2016-01-29T10:41:22","guid":{"rendered":"http:\/\/agora.xtec.cat\/ceip-celiaartiga\/?page_id=362"},"modified":"2026-03-18T13:10:45","modified_gmt":"2026-03-18T12:10:45","slug":"menu-mensual","status":"publish","type":"page","link":"https:\/\/agora.xtec.cat\/ceip-celiaartiga\/ampa\/menu-mensual\/","title":{"rendered":"Men\u00fa mensual i proposta de sopar"},"content":{"rendered":"<p>El preu del men\u00fa escolar pel curs 25-26 \u00e9s de 7.54\u20ac per dia pels alumnes fixos (que es quedin m\u00e9s de la meitat dels dies del mes).<\/p>\n<p>Els alumnes que es quedin espor\u00e0dicament (menys de la meitat dels dies del mes) hauran de pagar 8.29\u20ac per dia.<\/p>\n<p><a href=\"https:\/\/agora.xtec.cat\/ceip-celiaartiga\/wp-content\/uploads\/usu858\/2025\/12\/CUINAGESTIO_ESCOLAR_CCR_LC_CAT_2T-2.jpg\" target=\"_blank\" rel=\"noopener\"><\/p>\n<p><\/a><a href=\"https:\/\/agora.xtec.cat\/ceip-celiaartiga\/wp-content\/uploads\/usu858\/2025\/12\/CUINAGESTIO_ESCOLAR_CCR_LC_CAT_2T-3.jpg\" target=\"_blank\" rel=\"noopener\"><img loading=\"lazy\" decoding=\"async\" class=\"aligncenter wp-image-6915 size-large\" src=\"https:\/\/agora.xtec.cat\/ceip-celiaartiga\/wp-content\/uploads\/usu858\/2025\/12\/CUINAGESTIO_ESCOLAR_CCR_LC_CAT_2T-3-1024x724.jpg\" alt=\"\" width=\"1024\" height=\"724\" srcset=\"https:\/\/agora.xtec.cat\/ceip-celiaartiga\/wp-content\/uploads\/usu858\/2025\/12\/CUINAGESTIO_ESCOLAR_CCR_LC_CAT_2T-3-1024x724.jpg 1024w, https:\/\/agora.xtec.cat\/ceip-celiaartiga\/wp-content\/uploads\/usu858\/2025\/12\/CUINAGESTIO_ESCOLAR_CCR_LC_CAT_2T-3-300x212.jpg 300w, https:\/\/agora.xtec.cat\/ceip-celiaartiga\/wp-content\/uploads\/usu858\/2025\/12\/CUINAGESTIO_ESCOLAR_CCR_LC_CAT_2T-3-768x543.jpg 768w, https:\/\/agora.xtec.cat\/ceip-celiaartiga\/wp-content\/uploads\/usu858\/2025\/12\/CUINAGESTIO_ESCOLAR_CCR_LC_CAT_2T-3-1536x1087.jpg 1536w, https:\/\/agora.xtec.cat\/ceip-celiaartiga\/wp-content\/uploads\/usu858\/2025\/12\/CUINAGESTIO_ESCOLAR_CCR_LC_CAT_2T-3.jpg 1753w\" sizes=\"auto, (max-width: 1024px) 100vw, 1024px\" \/><\/a><a href=\"https:\/\/agora.xtec.cat\/ceip-celiaartiga\/wp-content\/uploads\/usu858\/2026\/03\/CUINAGESTIO_ESCOLAR_CCR_LC_CAT-1.jpg\"><img loading=\"lazy\" decoding=\"async\" class=\"aligncenter size-large wp-image-6931\" src=\"https:\/\/agora.xtec.cat\/ceip-celiaartiga\/wp-content\/uploads\/usu858\/2026\/03\/CUINAGESTIO_ESCOLAR_CCR_LC_CAT-1-1024x724.jpg\" alt=\"\" width=\"1024\" height=\"724\" srcset=\"https:\/\/agora.xtec.cat\/ceip-celiaartiga\/wp-content\/uploads\/usu858\/2026\/03\/CUINAGESTIO_ESCOLAR_CCR_LC_CAT-1-1024x724.jpg 1024w, https:\/\/agora.xtec.cat\/ceip-celiaartiga\/wp-content\/uploads\/usu858\/2026\/03\/CUINAGESTIO_ESCOLAR_CCR_LC_CAT-1-300x212.jpg 300w, https:\/\/agora.xtec.cat\/ceip-celiaartiga\/wp-content\/uploads\/usu858\/2026\/03\/CUINAGESTIO_ESCOLAR_CCR_LC_CAT-1-768x543.jpg 768w, https:\/\/agora.xtec.cat\/ceip-celiaartiga\/wp-content\/uploads\/usu858\/2026\/03\/CUINAGESTIO_ESCOLAR_CCR_LC_CAT-1-1536x1087.jpg 1536w, https:\/\/agora.xtec.cat\/ceip-celiaartiga\/wp-content\/uploads\/usu858\/2026\/03\/CUINAGESTIO_ESCOLAR_CCR_LC_CAT-1.jpg 1753w\" sizes=\"auto, (max-width: 1024px) 100vw, 1024px\" \/><\/a><a href=\"https:\/\/agora.xtec.cat\/ceip-celiaartiga\/wp-content\/uploads\/usu858\/2026\/03\/CUINAGESTIO_ESCOLAR_CCR_LC_CAT-2.jpg\"><img loading=\"lazy\" decoding=\"async\" class=\"aligncenter size-large wp-image-6932\" src=\"https:\/\/agora.xtec.cat\/ceip-celiaartiga\/wp-content\/uploads\/usu858\/2026\/03\/CUINAGESTIO_ESCOLAR_CCR_LC_CAT-2-1024x724.jpg\" alt=\"\" width=\"1024\" height=\"724\" srcset=\"https:\/\/agora.xtec.cat\/ceip-celiaartiga\/wp-content\/uploads\/usu858\/2026\/03\/CUINAGESTIO_ESCOLAR_CCR_LC_CAT-2-1024x724.jpg 1024w, https:\/\/agora.xtec.cat\/ceip-celiaartiga\/wp-content\/uploads\/usu858\/2026\/03\/CUINAGESTIO_ESCOLAR_CCR_LC_CAT-2-300x212.jpg 300w, https:\/\/agora.xtec.cat\/ceip-celiaartiga\/wp-content\/uploads\/usu858\/2026\/03\/CUINAGESTIO_ESCOLAR_CCR_LC_CAT-2-768x543.jpg 768w, https:\/\/agora.xtec.cat\/ceip-celiaartiga\/wp-content\/uploads\/usu858\/2026\/03\/CUINAGESTIO_ESCOLAR_CCR_LC_CAT-2-1536x1087.jpg 1536w, https:\/\/agora.xtec.cat\/ceip-celiaartiga\/wp-content\/uploads\/usu858\/2026\/03\/CUINAGESTIO_ESCOLAR_CCR_LC_CAT-2.jpg 1753w\" sizes=\"auto, (max-width: 1024px) 100vw, 1024px\" \/><\/a><a href=\"https:\/\/agora.xtec.cat\/ceip-celiaartiga\/wp-content\/uploads\/usu858\/2026\/03\/CUINAGESTIO_ESCOLAR_CCR_LC_CAT-3.jpg\"><img loading=\"lazy\" decoding=\"async\" class=\"aligncenter size-large wp-image-6930\" src=\"https:\/\/agora.xtec.cat\/ceip-celiaartiga\/wp-content\/uploads\/usu858\/2026\/03\/CUINAGESTIO_ESCOLAR_CCR_LC_CAT-3-1024x724.jpg\" alt=\"\" width=\"1024\" height=\"724\" srcset=\"https:\/\/agora.xtec.cat\/ceip-celiaartiga\/wp-content\/uploads\/usu858\/2026\/03\/CUINAGESTIO_ESCOLAR_CCR_LC_CAT-3-1024x724.jpg 1024w, https:\/\/agora.xtec.cat\/ceip-celiaartiga\/wp-content\/uploads\/usu858\/2026\/03\/CUINAGESTIO_ESCOLAR_CCR_LC_CAT-3-300x212.jpg 300w, https:\/\/agora.xtec.cat\/ceip-celiaartiga\/wp-content\/uploads\/usu858\/2026\/03\/CUINAGESTIO_ESCOLAR_CCR_LC_CAT-3-768x543.jpg 768w, https:\/\/agora.xtec.cat\/ceip-celiaartiga\/wp-content\/uploads\/usu858\/2026\/03\/CUINAGESTIO_ESCOLAR_CCR_LC_CAT-3-1536x1087.jpg 1536w, https:\/\/agora.xtec.cat\/ceip-celiaartiga\/wp-content\/uploads\/usu858\/2026\/03\/CUINAGESTIO_ESCOLAR_CCR_LC_CAT-3.jpg 1753w\" sizes=\"auto, (max-width: 1024px) 100vw, 1024px\" \/><\/a><\/p>\n","protected":false},"excerpt":{"rendered":"<p>El preu del men\u00fa escolar pel curs 25-26 \u00e9s de 7.54\u20ac per dia pels alumnes fixos (que es quedin m\u00e9s de la meitat dels dies del mes).<br \/>\nEls alumnes que es quedin espor\u00e0dicament (menys de la meitat dels dies del mes) hauran de pagar 8.29\u20ac per&hellip;  <a href=\"https:\/\/agora.xtec.cat\/ceip-celiaartiga\/ampa\/menu-mensual\/\" title=\"Read Men\u00fa mensual i proposta de sopar\">Llegeix m\u00e9s\u00bb<\/a><\/p>\n","protected":false},"author":4,"featured_media":0,"parent":277,"menu_order":40,"comment_status":"closed","ping_status":"closed","template":"page-templates\/side-menu.php","meta":{"_bbp_topic_count":0,"_bbp_reply_count":0,"_bbp_total_topic_count":0,"_bbp_total_reply_count":0,"_bbp_voice_count":0,"_bbp_anonymous_reply_count":0,"_bbp_topic_count_hidden":0,"_bbp_reply_count_hidden":0,"_bbp_forum_subforum_count":0,"footnotes":""},"class_list":["post-362","page","type-page","status-publish","hentry"],"post_mailing_queue_ids":[],"_links":{"self":[{"href":"https:\/\/agora.xtec.cat\/ceip-celiaartiga\/wp-json\/wp\/v2\/pages\/362","targetHints":{"allow":["GET"]}}],"collection":[{"href":"https:\/\/agora.xtec.cat\/ceip-celiaartiga\/wp-json\/wp\/v2\/pages"}],"about":[{"href":"https:\/\/agora.xtec.cat\/ceip-celiaartiga\/wp-json\/wp\/v2\/types\/page"}],"author":[{"embeddable":true,"href":"https:\/\/agora.xtec.cat\/ceip-celiaartiga\/wp-json\/wp\/v2\/users\/4"}],"replies":[{"embeddable":true,"href":"https:\/\/agora.xtec.cat\/ceip-celiaartiga\/wp-json\/wp\/v2\/comments?post=362"}],"version-history":[{"count":7,"href":"https:\/\/agora.xtec.cat\/ceip-celiaartiga\/wp-json\/wp\/v2\/pages\/362\/revisions"}],"predecessor-version":[{"id":6933,"href":"https:\/\/agora.xtec.cat\/ceip-celiaartiga\/wp-json\/wp\/v2\/pages\/362\/revisions\/6933"}],"up":[{"embeddable":true,"href":"https:\/\/agora.xtec.cat\/ceip-celiaartiga\/wp-json\/wp\/v2\/pages\/277"}],"wp:attachment":[{"href":"https:\/\/agora.xtec.cat\/ceip-celiaartiga\/wp-json\/wp\/v2\/media?parent=362"}],"curies":[{"name":"wp","href":"https:\/\/api.w.org\/{rel}","templated":true}]}}