{"id":22,"date":"2014-09-18T12:19:57","date_gmt":"2014-09-18T11:19:57","guid":{"rendered":"http:\/\/agora.xtec.cat\/ceip-celiaartiga\/?page_id=22"},"modified":"2016-01-19T11:56:11","modified_gmt":"2016-01-19T10:56:11","slug":"lescola","status":"publish","type":"page","link":"https:\/\/agora.xtec.cat\/ceip-celiaartiga\/lescola\/","title":{"rendered":"L&#8217;escola"},"content":{"rendered":"<p>L&#8217;escola est\u00e0 ubicada a la zona nord-est de Reus, al carrer Mont Caro, 2-6; al Barri Sol i Vista, barri perif\u00e8ric de la ciutat. Va n\u00e9ixer amb l&#8217;allau immigrat\u00f2ria dels anys 60. Est\u00e0 situat a 2 km. del centre urb\u00e0.<br \/>\n\u00c9s un barri amb solera i identitat pr\u00f2pia. T\u00e9 poca infraestructura comercial. Compta amb la Parr\u00f2quia de l&#8217;Assumpci\u00f3. En els darrers anys l&#8217;Associaci\u00f3 de Ve\u00efns del Barri est\u00e0 for\u00e7a implicada en les activitats i festes de la ciutat.<\/p>\n<p><a href=\"http:\/\/agora.xtec.cat\/ceip-celiaartiga\/wp-content\/uploads\/usu858\/2016\/01\/entorn1.jpg\"><img loading=\"lazy\" decoding=\"async\" class=\"alignnone wp-image-220\" src=\"http:\/\/agora.xtec.cat\/ceip-celiaartiga\/wp-content\/uploads\/usu858\/2016\/01\/entorn1.jpg\" alt=\"entorn1\" width=\"335\" height=\"277\" srcset=\"https:\/\/agora.xtec.cat\/ceip-celiaartiga\/wp-content\/uploads\/usu858\/2016\/01\/entorn1.jpg 359w, https:\/\/agora.xtec.cat\/ceip-celiaartiga\/wp-content\/uploads\/usu858\/2016\/01\/entorn1-300x248.jpg 300w\" sizes=\"auto, (max-width: 335px) 100vw, 335px\" \/><\/a> <a href=\"http:\/\/agora.xtec.cat\/ceip-celiaartiga\/wp-content\/uploads\/usu858\/2016\/01\/entorn2.jpg\"><img loading=\"lazy\" decoding=\"async\" class=\"alignnone  wp-image-219\" src=\"http:\/\/agora.xtec.cat\/ceip-celiaartiga\/wp-content\/uploads\/usu858\/2016\/01\/entorn2.jpg\" alt=\"entorn2\" width=\"386\" height=\"277\" srcset=\"https:\/\/agora.xtec.cat\/ceip-celiaartiga\/wp-content\/uploads\/usu858\/2016\/01\/entorn2.jpg 469w, https:\/\/agora.xtec.cat\/ceip-celiaartiga\/wp-content\/uploads\/usu858\/2016\/01\/entorn2-300x215.jpg 300w\" sizes=\"auto, (max-width: 386px) 100vw, 386px\" \/><\/a><\/p>\n<p>Darrerament tamb\u00e9 s&#8217;ha obert la Resid\u00e8ncia i Centre de Dia Roger de Ll\u00faria amb la que portem a terme activitats conjuntes espor\u00e0dicament.<\/p>\n<p>&nbsp;<\/p>\n","protected":false},"excerpt":{"rendered":"<p>L&#8217;escola est\u00e0 ubicada a la zona nord-est de Reus, al carrer Mont Caro, 2-6; al Barri Sol i Vista, barri perif\u00e8ric de la ciutat. Va n\u00e9ixer amb l&#8217;allau immigrat\u00f2ria dels anys 60. Est\u00e0 situat a 2 km. del centre urb\u00e0.<br \/>\n\u00c9s un barri amb solera i&hellip;  <a href=\"https:\/\/agora.xtec.cat\/ceip-celiaartiga\/lescola\/\" title=\"Read L&#8217;escola\">Llegeix m\u00e9s\u00bb<\/a><\/p>\n","protected":false},"author":1,"featured_media":0,"parent":0,"menu_order":0,"comment_status":"closed","ping_status":"closed","template":"page-templates\/side-menu.php","meta":{"_bbp_topic_count":0,"_bbp_reply_count":0,"_bbp_total_topic_count":0,"_bbp_total_reply_count":0,"_bbp_voice_count":0,"_bbp_anonymous_reply_count":0,"_bbp_topic_count_hidden":0,"_bbp_reply_count_hidden":0,"_bbp_forum_subforum_count":0,"footnotes":""},"class_list":["post-22","page","type-page","status-publish","hentry"],"post_mailing_queue_ids":[],"_links":{"self":[{"href":"https:\/\/agora.xtec.cat\/ceip-celiaartiga\/wp-json\/wp\/v2\/pages\/22","targetHints":{"allow":["GET"]}}],"collection":[{"href":"https:\/\/agora.xtec.cat\/ceip-celiaartiga\/wp-json\/wp\/v2\/pages"}],"about":[{"href":"https:\/\/agora.xtec.cat\/ceip-celiaartiga\/wp-json\/wp\/v2\/types\/page"}],"author":[{"embeddable":true,"href":"https:\/\/agora.xtec.cat\/ceip-celiaartiga\/wp-json\/wp\/v2\/users\/1"}],"replies":[{"embeddable":true,"href":"https:\/\/agora.xtec.cat\/ceip-celiaartiga\/wp-json\/wp\/v2\/comments?post=22"}],"version-history":[{"count":3,"href":"https:\/\/agora.xtec.cat\/ceip-celiaartiga\/wp-json\/wp\/v2\/pages\/22\/revisions"}],"predecessor-version":[{"id":221,"href":"https:\/\/agora.xtec.cat\/ceip-celiaartiga\/wp-json\/wp\/v2\/pages\/22\/revisions\/221"}],"wp:attachment":[{"href":"https:\/\/agora.xtec.cat\/ceip-celiaartiga\/wp-json\/wp\/v2\/media?parent=22"}],"curies":[{"name":"wp","href":"https:\/\/api.w.org\/{rel}","templated":true}]}}