{"id":32,"date":"2014-09-18T12:31:33","date_gmt":"2014-09-18T11:31:33","guid":{"rendered":"http:\/\/agora.xtec.cat\/ceip-catalunya-sc\/?page_id=32"},"modified":"2025-10-17T09:01:38","modified_gmt":"2025-10-17T07:01:38","slug":"curs_25_26","status":"publish","type":"page","link":"https:\/\/agora.xtec.cat\/ceip-catalunya-sc\/curs_25_26\/","title":{"rendered":"Calendari del curs 25- 26"},"content":{"rendered":"<h3 style=\"text-align: center;\"><a href=\"https:\/\/drive.google.com\/file\/d\/1REVWNj1mv8rldO9ZGuz6_egnIbAagcIM\/view?usp=sharing\">Curs 25\/26<\/a><\/h3>\n<h4><strong>Inici de curs:<\/strong><\/h4>\n<ul>\n<li>8 de setembre<\/li>\n<\/ul>\n<h4><strong>Vacances:<\/strong><\/h4>\n<ul>\n<li>Nadal del 20 de desembre al 7 de gener de 2026 ambd\u00f3s inclosos<\/li>\n<li>Setmana Santa del 28 de mar\u00e7 al 6 d&#8217;abril de 2026 ambd\u00f3s inclosos<\/li>\n<li>19 de juny, fi de les classes.<\/li>\n<\/ul>\n<h4><strong>Dies festius <\/strong><\/h4>\n<ul style=\"font-size: 16px; font-style: normal; font-weight: 400;\">\n<li style=\"font-size: 16px;\"><span style=\"font-weight: 400;\">11\/09\/2025<\/span><\/li>\n<li style=\"font-size: 16px;\"><span style=\"font-weight: 400;\">12\/10\/2025<\/span><\/li>\n<li style=\"font-size: 16px;\"><span style=\"font-weight: 400;\">6\/12\/2025<\/span><\/li>\n<li style=\"font-size: 16px;\"><span style=\"font-weight: 400;\">8\/12\/2025<\/span><\/li>\n<li style=\"font-size: 16px;\">3\/03\/2026<\/li>\n<li style=\"font-size: 16px;\">1\/05\/2026<\/li>\n<li style=\"font-size: 16px;\">29\/06\/2026<\/li>\n<\/ul>\n<h4><strong>Festius de lliure disposici\u00f3:<\/strong><\/h4>\n<ul>\n<li>31\/10\/2025<\/li>\n<li><span style=\"font-weight: 400;\">5\/12\/2025<\/span><\/li>\n<li>16\/02\/2026<\/li>\n<li>2\/03\/2026<\/li>\n<li>25\/05\/2026<\/li>\n<\/ul>\n<h4><strong>Jornada compactada:<\/strong><\/h4>\n<ul>\n<li>19 de desembre de 2025<\/li>\n<li>Del 8 al 19 de juny de 2026<\/li>\n<\/ul>\n<p><span style=\"font-size: 14pt;\"><strong>Horari alumnat<\/strong><\/span><\/p>\n<p><b>Horari lectiu<\/b><strong> prim\u00e0ria<\/strong><\/p>\n<ul>\n<li>Dilluns, dimarts, dijous i divendres8:45 a 12,30 h i de 14:45h a 16,15 h .<\/li>\n<li>Dimecres de 8.45 a 12.45. De 14.45 a 16.15 hi ha activitats no curriculars.<\/li>\n<\/ul>\n<p><strong>Horari lectiu de secund\u00e0ria\u00a0<\/strong><\/p>\n<ul>\n<li>Dilluns, dimarts, dijous i divendres de 8 a 13.30 i de 14.45 a 16.15.<\/li>\n<li>Dimecres de 8 a 12.30.\u00a0 De 14.45 a 16.15 activitats no curriculars<\/li>\n<\/ul>\n<p>Per als alumnes que inicien l\u2019escolaritzaci\u00f3 a I3 s\u2019organitza un breu per\u00edode d\u2019adaptaci\u00f3 que suposa una certa modificaci\u00f3 dels horaris dels dos primers dies de classe, i que es fa saber a les fam\u00edlies en les reunions pr\u00e8vies corresponents.<\/p>\n","protected":false},"excerpt":{"rendered":"<p>Curs 25\/26 Inici de curs: 8 de setembre Vacances: Nadal del 20 de desembre al 7 de gener de 2026 ambd\u00f3s inclosos Setmana Santa del 28 de mar\u00e7 al 6 d&#8217;abril de 2026 ambd\u00f3s inclosos 19 de juny, fi de les classes. Dies festius 11\/09\/2025 12\/10\/2025 6\/12\/2025 8\/12\/2025 3\/03\/2026 1\/05\/2026 29\/06\/2026 Festius de lliure disposici\u00f3: [&hellip;]<\/p>\n","protected":false},"author":1,"featured_media":0,"parent":0,"menu_order":50,"comment_status":"closed","ping_status":"closed","template":"","meta":{"_bbp_topic_count":0,"_bbp_reply_count":0,"_bbp_total_topic_count":0,"_bbp_total_reply_count":0,"_bbp_voice_count":0,"_bbp_anonymous_reply_count":0,"_bbp_topic_count_hidden":0,"_bbp_reply_count_hidden":0,"_bbp_forum_subforum_count":0,"site-sidebar-layout":"default","site-content-layout":"","ast-site-content-layout":"default","site-content-style":"default","site-sidebar-style":"default","ast-global-header-display":"","ast-banner-title-visibility":"","ast-main-header-display":"","ast-hfb-above-header-display":"","ast-hfb-below-header-display":"","ast-hfb-mobile-header-display":"","site-post-title":"","ast-breadcrumbs-content":"","ast-featured-img":"","footer-sml-layout":"","theme-transparent-header-meta":"default","adv-header-id-meta":"","stick-header-meta":"","header-above-stick-meta":"","header-main-stick-meta":"","header-below-stick-meta":"","astra-migrate-meta-layouts":"set","ast-page-background-enabled":"default","ast-page-background-meta":{"desktop":{"background-color":"var(--ast-global-color-4)","background-image":"","background-repeat":"repeat","background-position":"center center","background-size":"auto","background-attachment":"scroll","background-type":"","background-media":"","overlay-type":"","overlay-color":"","overlay-opacity":"","overlay-gradient":""},"tablet":{"background-color":"","background-image":"","background-repeat":"repeat","background-position":"center center","background-size":"auto","background-attachment":"scroll","background-type":"","background-media":"","overlay-type":"","overlay-color":"","overlay-opacity":"","overlay-gradient":""},"mobile":{"background-color":"","background-image":"","background-repeat":"repeat","background-position":"center center","background-size":"auto","background-attachment":"scroll","background-type":"","background-media":"","overlay-type":"","overlay-color":"","overlay-opacity":"","overlay-gradient":""}},"ast-content-background-meta":{"desktop":{"background-color":"var(--ast-global-color-5)","background-image":"","background-repeat":"repeat","background-position":"center center","background-size":"auto","background-attachment":"scroll","background-type":"","background-media":"","overlay-type":"","overlay-color":"","overlay-opacity":"","overlay-gradient":""},"tablet":{"background-color":"var(--ast-global-color-5)","background-image":"","background-repeat":"repeat","background-position":"center center","background-size":"auto","background-attachment":"scroll","background-type":"","background-media":"","overlay-type":"","overlay-color":"","overlay-opacity":"","overlay-gradient":""},"mobile":{"background-color":"var(--ast-global-color-5)","background-image":"","background-repeat":"repeat","background-position":"center center","background-size":"auto","background-attachment":"scroll","background-type":"","background-media":"","overlay-type":"","overlay-color":"","overlay-opacity":"","overlay-gradient":""}},"footnotes":""},"class_list":["post-32","page","type-page","status-publish","hentry"],"post_mailing_queue_ids":[],"_links":{"self":[{"href":"https:\/\/agora.xtec.cat\/ceip-catalunya-sc\/wp-json\/wp\/v2\/pages\/32","targetHints":{"allow":["GET"]}}],"collection":[{"href":"https:\/\/agora.xtec.cat\/ceip-catalunya-sc\/wp-json\/wp\/v2\/pages"}],"about":[{"href":"https:\/\/agora.xtec.cat\/ceip-catalunya-sc\/wp-json\/wp\/v2\/types\/page"}],"author":[{"embeddable":true,"href":"https:\/\/agora.xtec.cat\/ceip-catalunya-sc\/wp-json\/wp\/v2\/users\/1"}],"replies":[{"embeddable":true,"href":"https:\/\/agora.xtec.cat\/ceip-catalunya-sc\/wp-json\/wp\/v2\/comments?post=32"}],"version-history":[{"count":6,"href":"https:\/\/agora.xtec.cat\/ceip-catalunya-sc\/wp-json\/wp\/v2\/pages\/32\/revisions"}],"predecessor-version":[{"id":2370,"href":"https:\/\/agora.xtec.cat\/ceip-catalunya-sc\/wp-json\/wp\/v2\/pages\/32\/revisions\/2370"}],"wp:attachment":[{"href":"https:\/\/agora.xtec.cat\/ceip-catalunya-sc\/wp-json\/wp\/v2\/media?parent=32"}],"curies":[{"name":"wp","href":"https:\/\/api.w.org\/{rel}","templated":true}]}}

<h3 style="text-align: center;"><a href="https://drive.google.com/file/d/1REVWNj1mv8rldO9ZGuz6_egnIbAagcIM/view?usp=sharing">Curs 25/26</a></h3>
<h4><strong>Inici de curs:</strong></h4>
<ul>
<li>8 de setembre</li>
</ul>
<h4><strong>Vacances:</strong></h4>
<ul>
<li>Nadal del 20 de desembre al 7 de gener de 2026 ambdós inclosos</li>
<li>Setmana Santa del 28 de març al 6 d&#8217;abril de 2026 ambdós inclosos</li>
<li>19 de juny, fi de les classes.</li>
</ul>
<h4><strong>Dies festius </strong></h4>
<ul style="font-size: 16px; font-style: normal; font-weight: 400;">
<li style="font-size: 16px;"><span style="font-weight: 400;">11/09/2025</span></li>
<li style="font-size: 16px;"><span style="font-weight: 400;">12/10/2025</span></li>
<li style="font-size: 16px;"><span style="font-weight: 400;">6/12/2025</span></li>
<li style="font-size: 16px;"><span style="font-weight: 400;">8/12/2025</span></li>
<li style="font-size: 16px;">3/03/2026</li>
<li style="font-size: 16px;">1/05/2026</li>
<li style="font-size: 16px;">29/06/2026</li>
</ul>
<h4><strong>Festius de lliure disposició:</strong></h4>
<ul>
<li>31/10/2025</li>
<li><span style="font-weight: 400;">5/12/2025</span></li>
<li>16/02/2026</li>
<li>2/03/2026</li>
<li>25/05/2026</li>
</ul>
<h4><strong>Jornada compactada:</strong></h4>
<ul>
<li>19 de desembre de 2025</li>
<li>Del 8 al 19 de juny de 2026</li>
</ul>
<p><span style="font-size: 14pt;"><strong>Horari alumnat</strong></span></p>
<p><b>Horari lectiu</b><strong> primària</strong></p>
<ul>
<li>Dilluns, dimarts, dijous i divendres8:45 a 12,30 h i de 14:45h a 16,15 h .</li>
<li>Dimecres de 8.45 a 12.45. De 14.45 a 16.15 hi ha activitats no curriculars.</li>
</ul>
<p><strong>Horari lectiu de secundària </strong></p>
<ul>
<li>Dilluns, dimarts, dijous i divendres de 8 a 13.30 i de 14.45 a 16.15.</li>
<li>Dimecres de 8 a 12.30.  De 14.45 a 16.15 activitats no curriculars</li>
</ul>
<p>Per als alumnes que inicien l’escolarització a I3 s’organitza un breu període d’adaptació que suposa una certa modificació dels horaris dels dos primers dies de classe, i que es fa saber a les famílies en les reunions prèvies corresponents.</p>

<p>Curs 25/26 Inici de curs: 8 de setembre Vacances: Nadal del 20 de desembre al 7 de gener de 2026 ambdós inclosos Setmana Santa del 28 de març al 6 d&#8217;abril de 2026 ambdós inclosos 19 de juny, fi de les classes. Dies festius 11/09/2025 12/10/2025 6/12/2025 8/12/2025 3/03/2026 1/05/2026 29/06/2026 Festius de lliure disposició: [&hellip;]</p>
