{"id":26,"date":"2014-09-18T12:24:32","date_gmt":"2014-09-18T11:24:32","guid":{"rendered":"http:\/\/agora.xtec.cat\/ceip-catalunya-sc\/?page_id=26"},"modified":"2024-11-13T09:22:15","modified_gmt":"2024-11-13T08:22:15","slug":"historia","status":"publish","type":"page","link":"https:\/\/agora.xtec.cat\/ceip-catalunya-sc\/historia\/","title":{"rendered":"Hist\u00f2ria"},"content":{"rendered":"<p>L&#8217;Institut Escola Catalunya va n\u00e9ixer el 1978 al barri de Mira-sol com escola d&#8217;infantil i prim\u00e0ria.\u00a0 En aquell moment el barri estava allunyat del nucli urb\u00e0 i sense bones comunicacions. Al voltant de l&#8217;escola hi havia camps i cases d&#8217;autoconstrucci\u00f3 majorit\u00e0riament.<\/p>\n<p>El barri ha experimentat una transformaci\u00f3 urban\u00edstica important i\u00a0 ha quedat situat entre l&#8217;estaci\u00f3 de FGC de Mira-sol, la sortida dels t\u00fanels de Vallvidrera i la C58, per tant, est\u00e0 situada en una zona ben comunicada.\u00a0 .<\/p>\n<p>Per arribar a l&#8217;escola les fam\u00edlies, majorit\u00e0riament, es desplacen a\u00a0 peu, en bicileta o patinet. L&#8217;estaci\u00f3 de tren m\u00e9s propera \u00e9s la de l&#8217;Hospital General del FGC o Mira-sol tamb\u00e9 dels FGC. A prop de l&#8217;escola tamb\u00e9 passa l&#8217;autob\u00fas n\u00ba5 de la l\u00ednia de Sant Cugat.<\/p>\n<p>Des del curs 19\/20 l&#8217;escola passa a ser Institut Escola convertint-se en l&#8217;\u00fanic centre p\u00fablic de Sant Cugat que ofereix les tres etapes educatives, infantil, prim\u00e0ria i l&#8217;ESO. Aix\u00f2 ens permet gaudir d&#8217;un projecte compartit i coherent al llarg de tota l&#8217;escolaritzaci\u00f3 obligat\u00f2ria. Tamb\u00e9 ens permet fer un seguiment m\u00e9s personalitzat de tot l&#8217;alumnat.<\/p>\n<p>Actualment som al voltant de 700 alumnes.<\/p>\n<p>Pel curs 26\/27 hi ha la previsi\u00f3 d&#8217;inaugurar el nou edifici de secund\u00e0ria.<\/p>\n<p>&nbsp;<\/p>\n","protected":false},"excerpt":{"rendered":"<p>L&#8217;Institut Escola Catalunya va n\u00e9ixer el 1978 al barri de Mira-sol com escola d&#8217;infantil i prim\u00e0ria.\u00a0 En aquell moment el barri estava allunyat del nucli urb\u00e0 i sense bones comunicacions. Al voltant de l&#8217;escola hi havia camps i cases d&#8217;autoconstrucci\u00f3 majorit\u00e0riament. El barri ha experimentat una transformaci\u00f3 urban\u00edstica important i\u00a0 ha quedat situat entre l&#8217;estaci\u00f3 [&hellip;]<\/p>\n","protected":false},"author":1,"featured_media":0,"parent":0,"menu_order":20,"comment_status":"closed","ping_status":"closed","template":"page-templates\/side-menu.php","meta":{"_bbp_topic_count":0,"_bbp_reply_count":0,"_bbp_total_topic_count":0,"_bbp_total_reply_count":0,"_bbp_voice_count":0,"_bbp_anonymous_reply_count":0,"_bbp_topic_count_hidden":0,"_bbp_reply_count_hidden":0,"_bbp_forum_subforum_count":0,"site-sidebar-layout":"default","site-content-layout":"","ast-site-content-layout":"","site-content-style":"default","site-sidebar-style":"default","ast-global-header-display":"","ast-banner-title-visibility":"","ast-main-header-display":"","ast-hfb-above-header-display":"","ast-hfb-below-header-display":"","ast-hfb-mobile-header-display":"","site-post-title":"","ast-breadcrumbs-content":"","ast-featured-img":"","footer-sml-layout":"","theme-transparent-header-meta":"","adv-header-id-meta":"","stick-header-meta":"","header-above-stick-meta":"","header-main-stick-meta":"","header-below-stick-meta":"","astra-migrate-meta-layouts":"default","ast-page-background-enabled":"default","ast-page-background-meta":{"desktop":{"background-color":"var(--ast-global-color-4)","background-image":"","background-repeat":"repeat","background-position":"center center","background-size":"auto","background-attachment":"scroll","background-type":"","background-media":"","overlay-type":"","overlay-color":"","overlay-opacity":"","overlay-gradient":""},"tablet":{"background-color":"","background-image":"","background-repeat":"repeat","background-position":"center center","background-size":"auto","background-attachment":"scroll","background-type":"","background-media":"","overlay-type":"","overlay-color":"","overlay-opacity":"","overlay-gradient":""},"mobile":{"background-color":"","background-image":"","background-repeat":"repeat","background-position":"center center","background-size":"auto","background-attachment":"scroll","background-type":"","background-media":"","overlay-type":"","overlay-color":"","overlay-opacity":"","overlay-gradient":""}},"ast-content-background-meta":{"desktop":{"background-color":"var(--ast-global-color-5)","background-image":"","background-repeat":"repeat","background-position":"center center","background-size":"auto","background-attachment":"scroll","background-type":"","background-media":"","overlay-type":"","overlay-color":"","overlay-opacity":"","overlay-gradient":""},"tablet":{"background-color":"var(--ast-global-color-5)","background-image":"","background-repeat":"repeat","background-position":"center center","background-size":"auto","background-attachment":"scroll","background-type":"","background-media":"","overlay-type":"","overlay-color":"","overlay-opacity":"","overlay-gradient":""},"mobile":{"background-color":"var(--ast-global-color-5)","background-image":"","background-repeat":"repeat","background-position":"center center","background-size":"auto","background-attachment":"scroll","background-type":"","background-media":"","overlay-type":"","overlay-color":"","overlay-opacity":"","overlay-gradient":""}},"footnotes":""},"class_list":["post-26","page","type-page","status-publish","hentry"],"post_mailing_queue_ids":[],"_links":{"self":[{"href":"https:\/\/agora.xtec.cat\/ceip-catalunya-sc\/wp-json\/wp\/v2\/pages\/26","targetHints":{"allow":["GET"]}}],"collection":[{"href":"https:\/\/agora.xtec.cat\/ceip-catalunya-sc\/wp-json\/wp\/v2\/pages"}],"about":[{"href":"https:\/\/agora.xtec.cat\/ceip-catalunya-sc\/wp-json\/wp\/v2\/types\/page"}],"author":[{"embeddable":true,"href":"https:\/\/agora.xtec.cat\/ceip-catalunya-sc\/wp-json\/wp\/v2\/users\/1"}],"replies":[{"embeddable":true,"href":"https:\/\/agora.xtec.cat\/ceip-catalunya-sc\/wp-json\/wp\/v2\/comments?post=26"}],"version-history":[{"count":4,"href":"https:\/\/agora.xtec.cat\/ceip-catalunya-sc\/wp-json\/wp\/v2\/pages\/26\/revisions"}],"predecessor-version":[{"id":1012,"href":"https:\/\/agora.xtec.cat\/ceip-catalunya-sc\/wp-json\/wp\/v2\/pages\/26\/revisions\/1012"}],"wp:attachment":[{"href":"https:\/\/agora.xtec.cat\/ceip-catalunya-sc\/wp-json\/wp\/v2\/media?parent=26"}],"curies":[{"name":"wp","href":"https:\/\/api.w.org\/{rel}","templated":true}]}}

Història

<p>L&#8217;Institut Escola Catalunya va néixer el 1978 al barri de Mira-sol com escola d&#8217;infantil i primària.  En aquell moment el barri estava allunyat del nucli urbà i sense bones comunicacions. Al voltant de l&#8217;escola hi havia camps i cases d&#8217;autoconstrucció majoritàriament.</p>
<p>El barri ha experimentat una transformació urbanística important i  ha quedat situat entre l&#8217;estació de FGC de Mira-sol, la sortida dels túnels de Vallvidrera i la C58, per tant, està situada en una zona ben comunicada.  .</p>
<p>Per arribar a l&#8217;escola les famílies, majoritàriament, es desplacen a  peu, en bicileta o patinet. L&#8217;estació de tren més propera és la de l&#8217;Hospital General del FGC o Mira-sol també dels FGC. A prop de l&#8217;escola també passa l&#8217;autobús nº5 de la línia de Sant Cugat.</p>
<p>Des del curs 19/20 l&#8217;escola passa a ser Institut Escola convertint-se en l&#8217;únic centre públic de Sant Cugat que ofereix les tres etapes educatives, infantil, primària i l&#8217;ESO. Això ens permet gaudir d&#8217;un projecte compartit i coherent al llarg de tota l&#8217;escolarització obligatòria. També ens permet fer un seguiment més personalitzat de tot l&#8217;alumnat.</p>
<p>Actualment som al voltant de 700 alumnes.</p>
<p>Pel curs 26/27 hi ha la previsió d&#8217;inaugurar el nou edifici de secundària.</p>
<p>&nbsp;</p>

<p>L&#8217;Institut Escola Catalunya va néixer el 1978 al barri de Mira-sol com escola d&#8217;infantil i primària.  En aquell moment el barri estava allunyat del nucli urbà i sense bones comunicacions. Al voltant de l&#8217;escola hi havia camps i cases d&#8217;autoconstrucció majoritàriament. El barri ha experimentat una transformació urbanística important i  ha quedat situat entre l&#8217;estació [&hellip;]</p>
