{"id":66,"date":"2014-09-18T12:40:47","date_gmt":"2014-09-18T11:40:47","guid":{"rendered":"http:\/\/agora.xtec.cat\/ceip-catalunya-sabadell\/?page_id=66"},"modified":"2024-09-18T12:53:54","modified_gmt":"2024-09-18T10:53:54","slug":"serveis","status":"publish","type":"page","link":"https:\/\/agora.xtec.cat\/ceip-catalunya-sabadell\/lescola\/serveis\/","title":{"rendered":"Serveis"},"content":{"rendered":"<p><strong>MENJADOR ESCOLAR<\/strong><\/p>\n<p>L&#8217;escola compta amb cuina pr\u00f2pia i el menjar \u00e9s elaborat di\u00e0riament per les cuineres<\/p>\n<p>L&#8217;empresa &#8220;Monitaula&#8221; \u00e9s l&#8217;encarregada de la contractaci\u00f3\u00a0del personal de cuina, monitors\/es i el disseny dels men\u00fas.<\/p>\n<p><strong>SERVEI D&#8217;ACOLLIDA\u00a0<\/strong><\/p>\n<p>L&#8217;AFA organitza un servei d&#8217;acollida per aquelles fam\u00edlies que han de deixar els\/les nens\/es abans de les 8.45h.<\/p>\n<p>Per tenir m\u00e9s informaci\u00f3 sobre els serveis, preus,&#8230; podeu consultar la web de l&#8217;AFA:<br \/>\n<a href=\"https:\/\/afaescolacatalunya.cat\/\">https:\/\/afaescolacatalunya.cat\/<\/a><\/p>\n<p><strong>ACTIVITATS EXTRAESCOLARS<\/strong><\/p>\n<p>Trobareu tota la informaci\u00f3 sobre les activitats d&#8217;aquest curs clicant a https:\/\/afaescolacatalunya.cat\/extraescolars\/<\/p>\n<div><\/div>\n","protected":false},"excerpt":{"rendered":"<p>MENJADOR ESCOLAR<br \/>\nL&#8217;escola compta amb cuina pr\u00f2pia i el menjar \u00e9s elaborat di\u00e0riament per les cuineres<br \/>\nL&#8217;empresa &#8220;Monitaula&#8221; \u00e9s l&#8217;encarregada de la contractaci\u00f3\u00a0del personal de cuina, monitors\/es i el disseny dels men\u00fas.<br \/>\nSERVEI D&#8217;ACOLLIDA\u00a0<br \/>\nL&#8217;AFA organitza un servei d&#8217;acollida per aquelles fam\u00edlies que han de deixar els\/les nens\/es abans&hellip;  <a href=\"https:\/\/agora.xtec.cat\/ceip-catalunya-sabadell\/lescola\/serveis\/\" title=\"Read Serveis\">Llegeix m\u00e9s\u00bb<\/a><\/p>\n","protected":false},"author":1,"featured_media":0,"parent":22,"menu_order":4,"comment_status":"closed","ping_status":"closed","template":"page-templates\/side-menu.php","meta":{"_bbp_topic_count":0,"_bbp_reply_count":0,"_bbp_total_topic_count":0,"_bbp_total_reply_count":0,"_bbp_voice_count":0,"_bbp_anonymous_reply_count":0,"_bbp_topic_count_hidden":0,"_bbp_reply_count_hidden":0,"_bbp_forum_subforum_count":0,"footnotes":""},"class_list":["post-66","page","type-page","status-publish","hentry"],"post_mailing_queue_ids":[],"_links":{"self":[{"href":"https:\/\/agora.xtec.cat\/ceip-catalunya-sabadell\/wp-json\/wp\/v2\/pages\/66","targetHints":{"allow":["GET"]}}],"collection":[{"href":"https:\/\/agora.xtec.cat\/ceip-catalunya-sabadell\/wp-json\/wp\/v2\/pages"}],"about":[{"href":"https:\/\/agora.xtec.cat\/ceip-catalunya-sabadell\/wp-json\/wp\/v2\/types\/page"}],"author":[{"embeddable":true,"href":"https:\/\/agora.xtec.cat\/ceip-catalunya-sabadell\/wp-json\/wp\/v2\/users\/1"}],"replies":[{"embeddable":true,"href":"https:\/\/agora.xtec.cat\/ceip-catalunya-sabadell\/wp-json\/wp\/v2\/comments?post=66"}],"version-history":[{"count":5,"href":"https:\/\/agora.xtec.cat\/ceip-catalunya-sabadell\/wp-json\/wp\/v2\/pages\/66\/revisions"}],"predecessor-version":[{"id":5177,"href":"https:\/\/agora.xtec.cat\/ceip-catalunya-sabadell\/wp-json\/wp\/v2\/pages\/66\/revisions\/5177"}],"up":[{"embeddable":true,"href":"https:\/\/agora.xtec.cat\/ceip-catalunya-sabadell\/wp-json\/wp\/v2\/pages\/22"}],"wp:attachment":[{"href":"https:\/\/agora.xtec.cat\/ceip-catalunya-sabadell\/wp-json\/wp\/v2\/media?parent=66"}],"curies":[{"name":"wp","href":"https:\/\/api.w.org\/{rel}","templated":true}]}}

<p><strong>MENJADOR ESCOLAR</strong></p>
<p>L&#8217;escola compta amb cuina pròpia i el menjar és elaborat diàriament per les cuineres</p>
<p>L&#8217;empresa &#8220;Monitaula&#8221; és l&#8217;encarregada de la contractació del personal de cuina, monitors/es i el disseny dels menús.</p>
<p><strong>SERVEI D&#8217;ACOLLIDA </strong></p>
<p>L&#8217;AFA organitza un servei d&#8217;acollida per aquelles famílies que han de deixar els/les nens/es abans de les 8.45h.</p>
<p>Per tenir més informació sobre els serveis, preus,&#8230; podeu consultar la web de l&#8217;AFA:<br />
<a href="https://afaescolacatalunya.cat/">https://afaescolacatalunya.cat/</a></p>
<p><strong>ACTIVITATS EXTRAESCOLARS</strong></p>
<p>Trobareu tota la informació sobre les activitats d&#8217;aquest curs clicant a https://afaescolacatalunya.cat/extraescolars/</p>
<div></div>

<p>MENJADOR ESCOLAR<br />
L&#8217;escola compta amb cuina pròpia i el menjar és elaborat diàriament per les cuineres<br />
L&#8217;empresa &#8220;Monitaula&#8221; és l&#8217;encarregada de la contractació del personal de cuina, monitors/es i el disseny dels menús.<br />
SERVEI D&#8217;ACOLLIDA <br />
L&#8217;AFA organitza un servei d&#8217;acollida per aquelles famílies que han de deixar els/les nens/es abans&hellip;  <a href="https://agora.xtec.cat/ceip-catalunya-sabadell/lescola/serveis/" title="Read Serveis">Llegeix més»</a></p>
